--
-- Host: mysql5-42    Database: jlssprl_cmsms
-- ------------------------------------------------------


--
-- Table structure for table `additional_htmlblob_users`
--

CREATE TABLE `additional_htmlblob_users` (
  `additional_htmlblob_users_id` int(11) NOT NULL,
  `user_id` int(11) default NULL,
  `htmlblob_id` int(11) default NULL,
  PRIMARY KEY  (`additional_htmlblob_users_id`)
) ENGINE=MyISAM DEFAULT CHARSET=latin1;

--
-- Dumping data for table `additional_htmlblob_users`
--

INSERT INTO `additional_htmlblob_users` VALUES (6,1,5),(23,1,1);

--
-- Table structure for table `additional_htmlblob_users_seq`
--

CREATE TABLE `additional_htmlblob_users_seq` (
  `id` int(11) NOT NULL
) ENGINE=MyISAM DEFAULT CHARSET=latin1;

--
-- Dumping data for table `additional_htmlblob_users_seq`
--

INSERT INTO `additional_htmlblob_users_seq` VALUES (23);

--
-- Table structure for table `additional_users`
--

CREATE TABLE `additional_users` (
  `additional_users_id` int(11) NOT NULL,
  `user_id` int(11) default NULL,
  `page_id` int(11) default NULL,
  `content_id` int(11) default NULL,
  PRIMARY KEY  (`additional_users_id`)
) ENGINE=MyISAM DEFAULT CHARSET=latin1;

--
-- Dumping data for table `additional_users`
--


--
-- Table structure for table `additional_users_seq`
--

CREATE TABLE `additional_users_seq` (
  `id` int(11) NOT NULL
) ENGINE=MyISAM DEFAULT CHARSET=latin1;

--
-- Dumping data for table `additional_users_seq`
--

INSERT INTO `additional_users_seq` VALUES (27);

--
-- Table structure for table `admin_bookmarks`
--

CREATE TABLE `admin_bookmarks` (
  `bookmark_id` int(11) NOT NULL,
  `user_id` int(11) default NULL,
  `title` varchar(255) default NULL,
  `url` varchar(255) default NULL,
  PRIMARY KEY  (`bookmark_id`),
  KEY `index_admin_bookmarks_by_user_id` (`user_id`)
) ENGINE=MyISAM DEFAULT CHARSET=latin1;

--
-- Dumping data for table `admin_bookmarks`
--


--
-- Table structure for table `admin_bookmarks_seq`
--

CREATE TABLE `admin_bookmarks_seq` (
  `id` int(11) NOT NULL
) ENGINE=MyISAM DEFAULT CHARSET=latin1;

--
-- Dumping data for table `admin_bookmarks_seq`
--

INSERT INTO `admin_bookmarks_seq` VALUES (0);

--
-- Table structure for table `admin_recent_pages`
--

CREATE TABLE `admin_recent_pages` (
  `id` int(11) NOT NULL,
  `user_id` int(11) default NULL,
  `title` varchar(255) default NULL,
  `url` varchar(255) default NULL,
  `access_time` datetime default NULL,
  PRIMARY KEY  (`id`)
) ENGINE=MyISAM DEFAULT CHARSET=latin1;

--
-- Dumping data for table `admin_recent_pages`
--


--
-- Table structure for table `admin_recent_pages_seq`
--

CREATE TABLE `admin_recent_pages_seq` (
  `id` int(11) NOT NULL
) ENGINE=MyISAM DEFAULT CHARSET=latin1;

--
-- Dumping data for table `admin_recent_pages_seq`
--

INSERT INTO `admin_recent_pages_seq` VALUES (0);

--
-- Table structure for table `adminlog`
--

CREATE TABLE `adminlog` (
  `timestamp` int(11) default NULL,
  `user_id` int(11) default NULL,
  `username` varchar(25) default NULL,
  `item_id` int(11) default NULL,
  `item_name` varchar(50) default NULL,
  `action` varchar(255) default NULL
) ENGINE=MyISAM DEFAULT CHARSET=latin1;

--
-- Dumping data for table `adminlog`
--

INSERT INTO `adminlog` VALUES (1225879607,0,'',0,'File Manager','FileManager version 0.4.1 installed'),(1225879608,0,'',0,'Module Manager','Module version 1.2.1 installed.'),(1225879608,0,'',0,'nuSOAP','Installed'),(1225879610,0,'',0,'Theme Manager','Module version 1.0.8 installed.'),(1225879647,1,'Eric',1,'Eric','User Login'),(1225879694,1,'Eric',2,'Auns','Added User'),(1225879769,1,'Eric',32,'Layout: Left sidebar + 1 column','Deleted Stylesheet'),(1225879769,1,'Eric',38,'Navigation: Simple - Horizontal','Deleted Stylesheet'),(1225879769,1,'Eric',36,'Navigation: Simple - Vertical','Deleted Stylesheet'),(1225879769,1,'Eric',30,'Print','Deleted Stylesheet'),(1225879785,1,'Eric',33,'Navigation: CSSMenu - Vertical','Deleted Stylesheet'),(1225879857,1,'Eric',42,'Print','Added CSS'),(1225879920,1,'Eric',39,'JLS Layout','Edited CSS'),(1225879937,1,'Eric',34,'JLS Menu','Edited CSS'),(1225879955,1,'Eric',42,'Print','Added Stylesheet Association'),(1225879966,1,'Eric',16,'JLS Template','Edited Template'),(1225879991,1,'Eric',28,'User-defined tags (4.2.2) -- 28','Deleted Content'),(1225879991,1,'Eric',26,'Tags in the core (4.2.1) -- 26','Deleted Content'),(1225879991,1,'Eric',25,'Tags (4.2) -- 25','Deleted Content'),(1225879991,1,'Eric',50,'Module Manager (4.1.6) -- 50','Deleted Content'),(1225879991,1,'Eric',43,'Search (4.1.5) -- 43','Deleted Content'),(1225879991,1,'Eric',42,'TinyMCE (4.1.4) -- 42','Deleted Content'),(1225879991,1,'Eric',41,'Theme Manager (4.1.3) -- 41','Deleted Content'),(1225879991,1,'Eric',40,'Menu Manager (4.1.2) -- 40','Deleted Content'),(1225879991,1,'Eric',39,'News (4.1.1) -- 39','Deleted Content'),(1225879991,1,'Eric',20,'Modules (4.1) -- 20','Deleted Content'),(1225879991,1,'Eric',24,'Default Extensions (4) -- 24','Deleted Content'),(1225879991,1,'Eric',44,'Minimal template (3.6) -- 44','Deleted Content'),(1225879991,1,'Eric',18,'CSSMenu left + 1 column (3.5) -- 18','Deleted Content'),(1225879991,1,'Eric',16,'CSSMenu top + 2 columns (3.4) -- 16','Deleted Content'),(1225879991,1,'Eric',22,'Top simple navigation + left subnavigation + 1 col','Deleted Content'),(1225879991,1,'Eric',13,'Left simple navigation + 1 column (3.2) -- 13','Deleted Content'),(1225879991,1,'Eric',49,'CMSMS tags in the templates (3.1) -- 49','Deleted Content'),(1225879991,1,'Eric',19,'Default Templates Explained (3) -- 19','Deleted Content'),(1225879991,1,'Eric',47,'Where do I get help? (2.8) -- 47','Deleted Content'),(1225879991,1,'Eric',38,'Workflow (2.7) -- 38','Deleted Content'),(1225879991,1,'Eric',45,'Events Manager (2.6) -- 45','Deleted Content'),(1225879991,1,'Eric',46,'Extensions (2.5) -- 46','Deleted Content'),(1225879992,1,'Eric',30,'Menu Manager (2.4) -- 30','Deleted Content'),(1225879992,1,'Eric',29,'Content (2.3) -- 29','Deleted Content'),(1225879992,1,'Eric',37,'Pages and navigation (2.2) -- 37','Deleted Content'),(1225879992,1,'Eric',36,'Templates and stylesheets (2.1) -- 36','Deleted Content'),(1225879992,1,'Eric',34,'How CMSMS Works (2) -- 34','Deleted Content'),(1225880017,1,'Eric',15,'CSSMenu left + 1 column','Deleted Template'),(1225880017,1,'Eric',17,'Left simple navigation + 1 column','Deleted Template'),(1225880017,1,'Eric',19,'Minimal template','Deleted Template'),(1225880017,1,'Eric',18,'Top simple navigation + left subnavigation + 1 col','Deleted Template'),(1225880423,1,'Eric',15,'Présentation','Edited Content'),(1225880555,1,'Eric',51,'Qui est JLS ?','Added Content'),(1225880583,1,'Eric',52,'Où nous trouver ?','Added Content'),(1225880637,1,'Eric',53,'Produits','Added Content'),(1225880916,1,'Eric',54,'(Ré)apprentissage de la conduite','Added Content'),(1225880945,1,'Eric',55,'Liens','Added Content'),(1225880962,1,'Eric',56,'Contact','Added Content'),(1225880990,1,'Eric',57,'Eco-conduite','Added Content'),(1225881018,1,'Eric',58,'Maîtrise','Added Content'),(1225881031,1,'Eric',58,'Maîtrise','Edited Content'),(1225881071,1,'Eric',59,'Présentations de véhicules','Added Content'),(1225881099,1,'Eric',60,'Cours spéciaux transporteurs','Added Content'),(1225881128,1,'Eric',61,'Les partenaires de JLS','Added Content'),(1225881148,1,'Eric',61,'Les partenaires de JLS','Edited Content'),(1225881171,1,'Eric',62,'Liens utiles','Added Content'),(1225881189,1,'Eric',62,'Liens utiles','Edited Content'),(1225881209,1,'Eric',63,'Autres liens','Added Content'),(1225881243,1,'Eric',64,'Vous passez votre permis','Added Content'),(1225881277,1,'Eric',65,'Vous avez déjà votre permis','Added Content'),(1225881312,1,'Eric',66,'Vous voulez vous entraîner avec une remorque','Added Content'),(1225881356,1,'Eric',67,'Eco-conduite individuelle','Added Content'),(1225881376,1,'Eric',66,'Vous voulez vous entraîner avec une remorque','Edited Content'),(1225881413,1,'Eric',63,'Autres liens','Edited Content'),(1225881521,1,'Eric',68,'Eco-conduite flotte (camion-voiture)','Added Content'),(1225881593,1,'Eric',69,'Voiture','Added Content'),(1225881615,1,'Eric',70,'Camion','Added Content'),(1225881642,1,'Eric',71,'Moto','Added Content'),(1225881679,1,'Eric',72,'Event voitures','Added Content'),(1225881701,1,'Eric',73,'Event camions','Added Content'),(1225881787,1,'Eric',74,'Documents de transport (CMR, Constat, ...)','Added Content'),(1225881822,1,'Eric',75,'Gestion de votre équipe','Added Content'),(1225882250,1,'Eric',16,'JLS Template','Edited Template'),(1225882274,1,'Eric',16,'JLS Template','Edited Template'),(1225882343,1,'Eric',16,'JLS Template','Edited Template'),(1225882844,1,'Eric',16,'JLS Template','Edited Template'),(1225882908,1,'Eric',34,'JLS Menu','Edited CSS'),(1225882967,1,'Eric',34,'JLS Menu','Edited CSS'),(1225884056,1,'Eric',-1,'design','Created Directory'),(1225884207,1,'Eric',-1,'menu_background.jpg','Uploaded File'),(1225884375,1,'Eric',34,'JLS Menu','Edited CSS'),(1225884460,1,'Eric',34,'JLS Menu','Edited CSS'),(1225884494,1,'Eric',34,'JLS Menu','Edited CSS'),(1225884562,1,'Eric',34,'JLS Menu','Edited CSS'),(1225884978,1,'Eric',39,'JLS Layout','Edited CSS'),(1225885061,1,'Eric',39,'JLS Layout','Edited CSS'),(1225885217,1,'Eric',39,'JLS Layout','Edited CSS'),(1225885572,1,'Eric',16,'JLS Template','Edited Template'),(1225886134,1,'Eric',34,'JLS Menu','Edited CSS'),(1225886167,1,'Eric',34,'JLS Menu','Edited CSS'),(1225886199,1,'Eric',34,'JLS Menu','Edited CSS'),(1225886465,1,'Eric',39,'JLS Layout','Edited CSS'),(1225886525,1,'Eric',16,'JLS Template','Edited Template'),(1225886574,1,'Eric',39,'JLS Layout','Edited CSS'),(1225886616,1,'Eric',39,'JLS Layout','Edited CSS'),(1225886828,1,'Eric',34,'JLS Menu','Edited CSS'),(1225886929,1,'Eric',34,'JLS Menu','Edited CSS'),(1225887099,1,'Eric',34,'JLS Menu','Edited CSS'),(1225887250,1,'Eric',16,'JLS Template','Edited Template'),(1225887287,1,'Eric',16,'JLS Template','Edited Template'),(1225887335,1,'Eric',39,'JLS Layout','Edited CSS'),(1225888212,1,'Eric',34,'JLS Menu','Edited CSS'),(1225888232,1,'Eric',34,'JLS Menu','Edited CSS'),(1225888270,1,'Eric',34,'JLS Menu','Edited CSS'),(1225888737,1,'Eric',-1,'languages_background.jpg','Uploaded File'),(1225888744,1,'Eric',-1,'logo.jpg','Uploaded File'),(1225888821,1,'Eric',39,'JLS Layout','Edited CSS'),(1225888896,1,'Eric',39,'JLS Layout','Edited CSS'),(1225888915,1,'Eric',39,'JLS Layout','Edited CSS'),(1225888945,1,'Eric',39,'JLS Layout','Edited CSS'),(1225888962,1,'Eric',39,'JLS Layout','Edited CSS'),(1225888986,1,'Eric',16,'JLS Template','Edited Template'),(1225889090,1,'Eric',39,'JLS Layout','Edited CSS'),(1225889331,1,'Eric',34,'JLS Menu','Edited CSS'),(1225889450,1,'Eric',39,'JLS Layout','Edited CSS'),(1225889519,1,'Eric',39,'JLS Layout','Edited CSS'),(1225889673,1,'Eric',39,'JLS Layout','Edited CSS'),(1225889825,1,'Eric',1,'footer','Edited Html Blob'),(1225889885,1,'Eric',39,'JLS Layout','Edited CSS'),(1225889903,1,'Eric',39,'JLS Layout','Edited CSS'),(1225890121,1,'Eric',1,'footer','Edited Html Blob'),(1225890153,1,'Eric',-1,'menu_background.jpg','Uploaded File'),(1225890160,1,'Eric',-1,'languages_background.jpg','Uploaded File'),(1225890167,1,'Eric',-1,'logo.jpg','Uploaded File'),(1225890223,1,'Eric',39,'JLS Layout','Edited CSS'),(1225890250,1,'Eric',39,'JLS Layout','Edited CSS'),(1225890271,1,'Eric',39,'JLS Layout','Edited CSS'),(1225890322,1,'Eric',39,'JLS Layout','Edited CSS'),(1225890346,1,'Eric',39,'JLS Layout','Edited CSS'),(1225890635,1,'Eric',39,'JLS Layout','Edited CSS'),(1225890689,1,'Eric',39,'JLS Layout','Edited CSS'),(1225890845,1,'Eric',39,'JLS Layout','Edited CSS'),(1225890883,1,'Eric',39,'JLS Layout','Edited CSS'),(1225890975,1,'Eric',39,'JLS Layout','Edited CSS'),(1225891238,1,'Eric',-1,'footer_background.jpg','Uploaded File'),(1225891319,1,'Eric',39,'JLS Layout','Edited CSS'),(1225891367,1,'Eric',39,'JLS Layout','Edited CSS'),(1225891532,1,'Eric',39,'JLS Layout','Edited CSS'),(1225891573,1,'Eric',39,'JLS Layout','Edited CSS'),(1225891733,1,'Eric',39,'JLS Layout','Edited CSS'),(1225891788,1,'Eric',1,'footer','Edited Html Blob'),(1225891813,1,'Eric',39,'JLS Layout','Edited CSS'),(1225891848,1,'Eric',39,'JLS Layout','Edited CSS'),(1225891863,1,'Eric',39,'JLS Layout','Edited CSS'),(1225891947,1,'Eric',16,'JLS Template','Edited Template'),(1225892067,1,'Eric',39,'JLS Layout','Edited CSS'),(1225892086,1,'Eric',39,'JLS Layout','Edited CSS'),(1225892113,1,'Eric',39,'JLS Layout','Edited CSS'),(1225892127,1,'Eric',39,'JLS Layout','Edited CSS'),(1225892141,1,'Eric',39,'JLS Layout','Edited CSS'),(1225892385,1,'Eric',39,'JLS Layout','Edited CSS'),(1225892425,1,'Eric',-1,'header_index.jpg','Uploaded File'),(1225892471,1,'Eric',-1,'header_index.jpg','Uploaded File'),(1225892500,1,'Eric',39,'JLS Layout','Edited CSS'),(1225892540,1,'Eric',39,'JLS Layout','Edited CSS'),(1225892577,1,'Eric',39,'JLS Layout','Edited CSS'),(1225893832,1,'Eric',39,'JLS Layout','Edited CSS'),(1225893848,1,'Eric',39,'JLS Layout','Edited CSS'),(1225894036,1,'Eric',39,'JLS Layout','Edited CSS'),(1225894112,1,'Eric',34,'JLS Menu','Edited CSS'),(1225894390,1,'Eric',39,'JLS Layout','Edited CSS'),(1225894460,1,'Eric',34,'JLS Menu','Edited CSS'),(1225894613,1,'Eric',39,'JLS Layout','Edited CSS'),(1225894639,1,'Eric',39,'JLS Layout','Edited CSS'),(1225894663,1,'Eric',39,'JLS Layout','Edited CSS'),(1225894685,1,'Eric',39,'JLS Layout','Edited CSS'),(1225894700,1,'Eric',39,'JLS Layout','Edited CSS'),(1225894725,1,'Eric',39,'JLS Layout','Edited CSS'),(1225894771,1,'Eric',39,'JLS Layout','Edited CSS'),(1225894791,1,'Eric',39,'JLS Layout','Edited CSS'),(1225894804,1,'Eric',16,'JLS Template','Edited Template'),(1225894815,1,'Eric',16,'JLS Template','Edited Template'),(1225894837,1,'Eric',34,'JLS Menu','Edited CSS'),(1225894869,1,'Eric',-1,'menu_background.jpg','Uploaded File'),(1225894896,1,'Eric',34,'JLS Menu','Edited CSS'),(1225895164,1,'Eric',39,'JLS Layout','Edited CSS'),(1225895222,1,'Eric',39,'JLS Layout','Edited CSS'),(1225895418,1,'Eric',34,'JLS Menu','Edited CSS'),(1225895490,1,'Eric',34,'JLS Menu','Edited CSS'),(1225895503,1,'Eric',39,'JLS Layout','Edited CSS'),(1225895699,1,'Eric',39,'JLS Layout','Edited CSS'),(1225895725,1,'Eric',39,'JLS Layout','Edited CSS'),(1225895771,1,'Eric',39,'JLS Layout','Edited CSS'),(1225895798,1,'Eric',39,'JLS Layout','Edited CSS'),(1225895811,1,'Eric',39,'JLS Layout','Edited CSS'),(1225895952,1,'Eric',34,'JLS Menu','Edited CSS'),(1225895978,1,'Eric',34,'JLS Menu','Edited CSS'),(1225896007,1,'Eric',34,'JLS Menu','Edited CSS'),(1225896050,1,'Eric',34,'JLS Menu','Edited CSS'),(1225896064,1,'Eric',34,'JLS Menu','Edited CSS'),(1225896090,1,'Eric',34,'JLS Menu','Edited CSS'),(1225896111,1,'Eric',34,'JLS Menu','Edited CSS'),(1225896189,1,'Eric',34,'JLS Menu','Edited CSS'),(1225896215,1,'Eric',34,'JLS Menu','Edited CSS'),(1225896234,1,'Eric',34,'JLS Menu','Edited CSS'),(1225896270,1,'Eric',34,'JLS Menu','Edited CSS'),(1225896318,1,'Eric',34,'JLS Menu','Edited CSS'),(1225896413,1,'Eric',34,'JLS Menu','Edited CSS'),(1225896493,1,'Eric',34,'JLS Menu','Edited CSS'),(1225896512,1,'Eric',34,'JLS Menu','Edited CSS'),(1225896537,1,'Eric',34,'JLS Menu','Edited CSS'),(1225896562,1,'Eric',34,'JLS Menu','Edited CSS'),(1225896582,1,'Eric',34,'JLS Menu','Edited CSS'),(1225896595,1,'Eric',34,'JLS Menu','Edited CSS'),(1225897683,1,'Eric',-1,'','Edited Site Preferences'),(1225897829,1,'Eric',16,'JLS Template','Edited Template'),(1225899052,1,'Eric',16,'JLS Template','Edited Template'),(1225899067,1,'Eric',16,'JLS Template','Edited Template'),(1225899078,1,'Eric',16,'JLS Template','Edited Template'),(1225906357,1,'Eric',1,'Eric','User Login'),(1225906476,1,'Eric',15,'Présentation','Edited Content'),(1225906538,1,'Eric',15,'Présentation','Edited Content'),(1225906576,1,'Eric',15,'Présentation','Edited Content'),(1225906626,1,'Eric',-1,'','Edited Site Preferences'),(1225907862,1,'Eric',34,'JLS Menu','Edited CSS'),(1225907864,1,'Eric',34,'JLS Menu','Edited CSS'),(1225907993,1,'Eric',34,'JLS Menu','Edited CSS'),(1225907995,1,'Eric',34,'JLS Menu','Edited CSS'),(1225908067,1,'Eric',34,'JLS Menu','Edited CSS'),(1225908373,1,'Eric',34,'JLS Menu','Edited CSS'),(1225909385,1,'Eric',34,'JLS Menu','Edited CSS'),(1225909448,1,'Eric',34,'JLS Menu','Edited CSS'),(1225910586,1,'Eric',34,'JLS Menu','Edited CSS'),(1225910623,1,'Eric',34,'JLS Menu','Edited CSS'),(1225910800,1,'Eric',34,'JLS Menu','Edited CSS'),(1225911255,1,'Eric',15,'Bienvenue sur le site de J.L.S.','Edited Content'),(1225911291,1,'Eric',15,'Bienvenue sur le site de J.L.S.','Edited Content'),(1225911607,1,'Eric',55,'Liens','Edited Content'),(1225911614,1,'Eric',55,'Liens','Edited Content'),(1225911708,1,'Eric',34,'JLS Menu','Edited CSS'),(1225911709,1,'Eric',34,'JLS Menu','Edited CSS'),(1225911759,1,'Eric',34,'JLS Menu','Edited CSS'),(1225912072,1,'Eric',-1,'','Edited Site Preferences'),(1225912548,1,'Eric',-1,'languages_background.jpg','Uploaded File'),(1225915591,1,'Eric',39,'JLS Layout','Edited CSS'),(1225915632,1,'Eric',16,'JLS Template','Edited Template'),(1225915791,1,'Eric',39,'JLS Layout','Edited CSS'),(1225915888,1,'Eric',39,'JLS Layout','Edited CSS'),(1225915938,1,'Eric',39,'JLS Layout','Edited CSS'),(1225916111,1,'Eric',39,'JLS Layout','Edited CSS'),(1225916172,1,'Eric',39,'JLS Layout','Edited CSS'),(1225916199,1,'Eric',34,'JLS Menu','Edited CSS'),(1225916297,1,'Eric',39,'JLS Layout','Edited CSS'),(1225916607,1,'Eric',39,'JLS Layout','Edited CSS'),(1225916792,1,'Eric',39,'JLS Layout','Edited CSS'),(1225916939,1,'Eric',39,'JLS Layout','Edited CSS'),(1225957518,1,'Eric',16,'JLS Template','Edited Template'),(1225957566,1,'Eric',16,'JLS Template','Edited Template'),(1225957630,1,'Eric',39,'JLS Layout','Edited CSS'),(1225957953,1,'Eric',3,'JLS','Added User'),(1225958005,1,'Eric',-1,'','Edited User Preferences'),(1225958055,1,'Eric',1,'','User Logout'),(1225958062,3,'Eric',3,'JLS','User Login'),(1225958075,3,'JLS',-1,'','Edited User Preferences'),(1225964331,3,'JLS',3,'JLS','User Login'),(1225964419,3,'JLS',3,'JLS','User Logout'),(1225964882,3,'JLS',15,'Bienvenue sur le site de J.L.S.','Edited Content'),(1225974673,3,'JLS',52,'Où nous trouver ?','Edited Content'),(1225974967,3,'JLS',51,'Qui est JLS ?','Edited Content'),(1226044425,1,'Eric',1,'Eric','User Login'),(1226044841,1,'Eric',56,'Contact','Edited Content'),(1226045044,1,'Eric',56,'Contact','Edited Content'),(1226046951,1,'Eric',56,'Contact','Edited Content'),(1226047080,1,'Eric',56,'Contact','Edited Content'),(1226047258,1,'Eric',56,'Contact','Edited Content'),(1226047317,1,'Eric',43,'JLS Contact','Added CSS'),(1226047351,1,'Eric',43,'JLS Contact','Added Stylesheet Association'),(1226047389,1,'Eric',43,'JLS Contact','Edited CSS'),(1226047435,1,'Eric',43,'JLS Contact','Edited CSS'),(1226047451,1,'Eric',43,'JLS Contact','Edited CSS'),(1226047663,1,'Eric',43,'JLS Contact','Edited CSS'),(1226047695,1,'Eric',56,'Contact','Edited Content'),(1226047730,1,'Eric',56,'Contact','Edited Content'),(1226047773,1,'Eric',56,'Contact','Edited Content'),(1226047810,1,'Eric',56,'Contact','Edited Content'),(1226047863,1,'Eric',56,'Contact','Edited Content'),(1226047960,1,'Eric',56,'Contact','Edited Content'),(1226048057,1,'Eric',56,'Contact','Edited Content'),(1226048095,1,'Eric',43,'JLS Contact','Edited CSS'),(1226048121,1,'Eric',43,'JLS Contact','Edited CSS'),(1226048558,1,'Eric',56,'Contact','Edited Content'),(1226048566,1,'Eric',43,'JLS Contact','Edited CSS'),(1226048602,1,'Eric',56,'Contact','Edited Content'),(1226048660,1,'Eric',56,'Contact','Edited Content'),(1226048673,1,'Eric',56,'Contact','Edited Content'),(1226048705,1,'Eric',56,'Contact','Edited Content'),(1226048862,1,'Eric',56,'Contact','Edited Content'),(1226048897,1,'Eric',56,'Contact','Edited Content'),(1226048958,1,'Eric',56,'Contact','Edited Content'),(1226049011,1,'Eric',43,'JLS Contact','Edited CSS'),(1226049039,1,'Eric',43,'JLS Contact','Edited CSS'),(1226049056,1,'Eric',43,'JLS Contact','Edited CSS'),(1226049384,1,'Eric',43,'JLS Contact','Edited CSS'),(1226049399,1,'Eric',43,'JLS Contact','Edited CSS'),(1226049457,1,'Eric',56,'Contact','Edited Content'),(1226049482,1,'Eric',56,'Contact','Edited Content'),(1226049499,1,'Eric',56,'Contact','Edited Content'),(1226049515,1,'Eric',56,'Contact','Edited Content'),(1226049523,1,'Eric',56,'Contact','Edited Content'),(1226049758,1,'Eric',56,'Contact','Edited Content'),(1226049766,1,'Eric',56,'Contact','Edited Content'),(1226049879,1,'Eric',43,'JLS Contact','Edited CSS'),(1226049899,1,'Eric',43,'JLS Contact','Edited CSS'),(1226049913,1,'Eric',43,'JLS Contact','Edited CSS'),(1226049946,1,'Eric',43,'JLS Contact','Edited CSS'),(1226050023,1,'Eric',43,'JLS Contact','Edited CSS'),(1226050064,1,'Eric',56,'Contact','Edited Content'),(1226050110,1,'Eric',56,'Contact','Edited Content'),(1226050185,1,'Eric',56,'Contact','Edited Content'),(1226050237,1,'Eric',43,'JLS Contact','Edited CSS'),(1226050262,1,'Eric',56,'Contact','Edited Content'),(1226050634,1,'Eric',43,'JLS Contact','Edited CSS'),(1226050900,1,'Eric',43,'JLS Contact','Edited CSS'),(1226050929,1,'Eric',43,'JLS Contact','Edited CSS'),(1226051067,1,'Eric',43,'JLS Contact','Edited CSS'),(1226051139,1,'Eric',43,'JLS Contact','Edited CSS'),(1226051151,1,'Eric',43,'JLS Contact','Edited CSS'),(1226061401,1,'Eric',1,'footer','Edited Html Blob'),(1226062027,1,'Eric',51,'Qui est JLS ?','Edited Content'),(1226062029,1,'Eric',51,'Qui est JLS ?','Edited Content'),(1226062075,1,'Eric',51,'Qui est JLS ?','Edited Content'),(1226062106,1,'Eric',51,'Qui est JLS ?','Edited Content'),(1226085319,1,'Eric',56,'Contact','Edited Content'),(1226085355,1,'Eric',53,'Produits','Edited Content'),(1226087016,1,'Eric',56,'Contact','Edited Content'),(1226087632,1,'Eric',56,'Contact','Edited Content'),(1226087692,1,'Eric',56,'Contact','Edited Content'),(1226087773,1,'Eric',56,'Contact','Edited Content'),(1226087805,1,'Eric',56,'Contact','Edited Content'),(1226087851,1,'Eric',56,'Contact','Edited Content'),(1226131455,1,'Eric',56,'Contact','Edited Content'),(1226132327,1,'Eric',56,'Contact','Edited Content'),(1226132383,1,'Eric',56,'Contact','Edited Content'),(1226138217,1,'Eric',56,'Contact','Edited Content'),(1226142579,1,'Eric',56,'Contact','Edited Content'),(1226219269,1,'Eric',1,'Eric','User Login'),(1226219344,1,'Eric',1,'footer','Edited Html Blob'),(1226219425,1,'Eric',61,'Les partenaires de JLS','Edited Content'),(1226219498,1,'Eric',61,'Les partenaires de JLS','Edited Content'),(1226219560,1,'Eric',15,'Bienvenue sur le site de J.L.S.','Edited Content'),(1226219843,1,'Eric',1,'footer','Edited Html Blob'),(1226219845,1,'Eric',1,'footer','Edited Html Blob'),(1226219886,1,'Eric',51,'Qui est JLS ?','Edited Content'),(1226225335,1,'Eric',1,'Eric','User Login'),(1226225527,1,'Eric',72,'Event voitures','Edited Content'),(1226225553,1,'Eric',72,'Event voitures','Edited Content'),(1226225949,1,'Eric',73,'Event camions','Edited Content'),(1226226098,1,'Eric',73,'Event camions','Edited Content'),(1226226243,1,'Eric',69,'Voiture','Edited Content'),(1226226411,1,'Eric',70,'Camion','Edited Content'),(1226226560,1,'Eric',68,'Eco-conduite flotte (camion-voiture)','Edited Content'),(1226226653,1,'Eric',67,'Eco-conduite individuelle','Edited Content'),(1226226843,1,'Eric',66,'Vous voulez vous entraîner avec une remorque','Edited Content'),(1226226970,1,'Eric',64,'Vous passez votre permis','Edited Content'),(1226226988,1,'Eric',59,'Présentations de véhicules','Edited Content'),(1226227001,1,'Eric',54,'(Ré)apprentissage de la conduite','Edited Content'),(1226227014,1,'Eric',57,'Eco-conduite','Edited Content'),(1226227025,1,'Eric',58,'Maîtrise','Edited Content'),(1226227062,1,'Eric',60,'Cours spéciaux transporteurs','Edited Content'),(1226227242,1,'Eric',65,'Vous avez déjà votre permis','Edited Content'),(1226227287,1,'Eric',65,'Vous avez déjà votre permis','Edited Content'),(1226227589,1,'Eric',65,'Vous avez déjà votre permis','Edited Content'),(1226227634,1,'Eric',60,'Cours spéciaux transporteurs','Edited Content'),(1226227728,1,'Eric',74,'Documents de transport (CMR, Constat, ...)','Edited Content'),(1226227751,1,'Eric',75,'Gestion de votre équipe','Edited Content'),(1226227874,1,'Eric',74,'Documents de transport (CMR, Constat, ...)','Edited Content'),(1226307702,1,'Eric',1,'Eric','User Login'),(1226394466,3,'JLS',3,'JLS','User Login'),(1226394631,3,'JLS',3,'JLS','User Logout'),(1226482757,1,'Eric',1,'Eric','User Login'),(1226483457,1,'Eric',70,'Camion','Edited Content'),(1226483515,1,'Eric',70,'Camion','Edited Content'),(1226483795,1,'Eric',70,'Camion','Edited Content'),(1226483829,1,'Eric',70,'Camion','Edited Content'),(1226483882,1,'Eric',70,'Camion','Edited Content'),(1226483968,1,'Eric',70,'Camion','Edited Content'),(1226484000,1,'Eric',70,'Camion','Edited Content'),(1226484092,1,'Eric',70,'Camion','Edited Content'),(1226484117,1,'Eric',70,'Camion','Edited Content'),(1226484182,1,'Eric',70,'Camion','Edited Content'),(1226484213,1,'Eric',16,'JLS Template','Edited Template'),(1226484252,1,'Eric',70,'Camion','Edited Content'),(1226484330,1,'Eric',70,'Camion','Edited Content'),(1226484351,1,'Eric',70,'Camion','Edited Content'),(1226484387,1,'Eric',70,'Camion','Edited Content'),(1226484733,1,'Eric',70,'Camion','Edited Content'),(1226484783,1,'Eric',70,'Camion','Edited Content'),(1226484820,1,'Eric',70,'Camion','Edited Content'),(1226485291,1,'Eric',70,'Camion','Edited Content'),(1226485319,1,'Eric',70,'Camion','Edited Content'),(1226485350,1,'Eric',70,'Camion','Edited Content'),(1226485442,1,'Eric',70,'Camion','Edited Content'),(1226485458,1,'Eric',70,'Camion','Edited Content'),(1226485461,1,'Eric',70,'Camion','Edited Content'),(1226485484,1,'Eric',70,'Camion','Edited Content'),(1226485660,1,'Eric',70,'Camion','Edited Content'),(1226485707,1,'Eric',70,'Camion','Edited Content'),(1226485759,1,'Eric',70,'Camion','Edited Content'),(1226485778,1,'Eric',15,'Bienvenue sur le site de J.L.S.','Edited Content'),(1226485785,1,'Eric',15,'Bienvenue sur le site de J.L.S.','Edited Content'),(1226485918,1,'Eric',51,'Qui est JLS ?','Edited Content'),(1226485936,1,'Eric',52,'Où nous trouver ?','Edited Content'),(1226485974,1,'Eric',64,'Vous passez votre permis','Edited Content'),(1226485998,1,'Eric',64,'Vous passez votre permis','Edited Content'),(1226486012,1,'Eric',65,'Vous avez déjà votre permis','Edited Content'),(1226486049,1,'Eric',66,'Vous voulez vous entraîner avec une remorque','Edited Content'),(1226486068,1,'Eric',67,'Eco-conduite individuelle','Edited Content'),(1226486109,1,'Eric',68,'Eco-conduite flotte (camion-voiture)','Edited Content'),(1226486148,1,'Eric',68,'Eco-conduite flotte (camion-voiture)','Edited Content'),(1226486179,1,'Eric',69,'Voiture','Edited Content'),(1226486220,1,'Eric',71,'Moto','Edited Content'),(1226486259,1,'Eric',71,'Moto','Edited Content'),(1226486314,1,'Eric',72,'Event voitures','Edited Content'),(1226486341,1,'Eric',73,'Event camions','Edited Content'),(1226486411,1,'Eric',74,'Documents de transport (CMR, Constat, ...)','Edited Content'),(1226486414,1,'Eric',74,'Documents de transport (CMR, Constat, ...)','Edited Content'),(1226486452,1,'Eric',75,'Gestion de votre équipe','Edited Content'),(1226486454,1,'Eric',75,'Gestion de votre équipe','Edited Content'),(1226486476,1,'Eric',61,'Les partenaires de JLS','Edited Content'),(1226486501,1,'Eric',62,'Liens utiles','Edited Content'),(1226486596,1,'Eric',63,'Autres liens','Edited Content'),(1226486660,1,'Eric',56,'Contact','Edited Content'),(1226486824,1,'Eric',71,'Moto','Edited Content'),(1226492075,1,'Eric',56,'Contact','Edited Content'),(1226492155,1,'Eric',56,'Contact','Edited Content'),(1226492297,1,'Eric',56,'Contact','Edited Content'),(1226492316,1,'Eric',56,'Contact','Edited Content'),(1226492415,1,'Eric',56,'Contact','Edited Content'),(1226492469,1,'Eric',56,'Contact','Edited Content'),(1226497889,1,'Eric',1,'Eric','User Login'),(1226497915,1,'Eric',39,'JLS Layout','Edited CSS'),(1226497933,1,'Eric',39,'JLS Layout','Edited CSS'),(1226497976,1,'Eric',39,'JLS Layout','Edited CSS'),(1226498058,1,'Eric',39,'JLS Layout','Edited CSS'),(1226666685,1,'Eric',1,'Eric','User Login'),(1226691898,1,'Eric',1,'Eric','User Login'),(1226739396,1,'Eric',1,'Eric','User Login'),(1226752836,1,'Eric',1,'Eric','User Login'),(1226753131,1,'Eric',56,'Contact','Edited Content'),(1226753826,1,'Eric',56,'Contact','Edited Content'),(1226923030,1,'Eric',1,'Eric','User Login'),(1226923080,1,'Eric',15,'Bienvenue sur le site de J.L.S.','Edited Content'),(1227124856,1,'Eric',1,'Eric','User Login'),(1228996435,1,'Eric',1,'Eric','User Login'),(1228996570,1,'Eric',52,'Où nous trouver ?','Deleted Content'),(1228996686,1,'Eric',55,'Liens','Edited Content'),(1228996794,1,'Eric',56,'Contact','Edited Content'),(1228996834,1,'Eric',56,'Contact','Edited Content'),(1228996858,1,'Eric',56,'Contact','Edited Content'),(1228997267,1,'Eric',56,'Contact','Edited Content'),(1228997285,1,'Eric',56,'Contact','Edited Content'),(1228997509,1,'Eric',56,'Contact','Edited Content'),(1228998359,1,'Eric',76,'Galerie de Photos','Added Content'),(1231232975,1,'Eric',1,'Eric','User Login'),(1231233848,1,'Eric',-1,'apprentissage_deja_permis_12.jpg','Uploaded File'),(1231233855,1,'Eric',-1,'apprentissage_deja_permis_12.jpg','Uploaded File'),(1231233935,1,'Eric',65,'Vous avez déjà votre permis','Edited Content'),(1231234024,1,'Eric',-1,'apprentissage_deja_permis_10.jpg','Uploaded File'),(1231234045,1,'Eric',-1,'apprentissage_deja_permis_12.jpg','Uploaded File'),(1231234129,1,'Eric',-1,'eco_conduite_camion_10.jpg','Uploaded File'),(1231234139,1,'Eric',-1,'eco_conduite_camion_12.jpg','Uploaded File'),(1231234208,1,'Eric',68,'Eco-conduite flotte (camion-voiture)','Edited Content'),(1231234290,1,'Eric',75,'Gestion de votre équipe','Edited Content'),(1231234304,1,'Eric',-1,'gestion_equipe_10.jpg','Uploaded File'),(1231234310,1,'Eric',-1,'gestion_equipe_12.jpg','Uploaded File'),(1231234337,1,'Eric',75,'Gestion de votre équipe','Edited Content'),(1231234484,1,'Eric',75,'Gestion de votre équipe','Edited Content'),(1231234545,1,'Eric',-1,'presentation_vehicule_10.jpg','Uploaded File'),(1231234554,1,'Eric',-1,'presentation_vehicule_12.jpg','Uploaded File'),(1231234654,1,'Eric',72,'Event voitures','Edited Content'),(1231234690,1,'Eric',72,'Event voitures','Edited Content'),(1231234783,1,'Eric',-1,'images_contenu','Created Directory'),(1231235158,1,'Eric',72,'Event voitures','Edited Content'),(1231235264,1,'Eric',39,'JLS Layout','Edited CSS'),(1231235398,1,'Eric',69,'Voiture','Edited Content'),(1231235438,1,'Eric',70,'Camion','Edited Content'),(1231235466,1,'Eric',71,'Moto','Edited Content'),(1231235498,1,'Eric',73,'Event camions','Edited Content'),(1231235606,1,'Eric',67,'Eco-conduite individuelle','Edited Content'),(1231235634,1,'Eric',68,'Eco-conduite flotte (camion-voiture)','Edited Content'),(1231235729,1,'Eric',67,'Eco-conduite individuelle','Edited Content'),(1231235754,1,'Eric',68,'Eco-conduite flotte (camion-voiture)','Edited Content'),(1231235759,1,'Eric',68,'Eco-conduite flotte (camion-voiture)','Edited Content'),(1231235819,1,'Eric',74,'Documents de transport (CMR, Constat, ...)','Edited Content'),(1231235851,1,'Eric',75,'Gestion de votre équipe','Edited Content'),(1231235899,1,'Eric',75,'Gestion de votre équipe','Edited Content'),(1231235918,1,'Eric',75,'Gestion de votre équipe','Edited Content'),(1231235926,1,'Eric',75,'Gestion de votre équipe','Edited Content'),(1231235960,1,'Eric',75,'Gestion de votre équipe','Edited Content'),(1231236189,1,'Eric',69,'Voiture','Edited Content'),(1231236212,1,'Eric',70,'Camion','Edited Content'),(1231236239,1,'Eric',-1,'maitrise_12.jpg','Uploaded File'),(1231236251,1,'Eric',-1,'maitrise_10.jpg','Uploaded File'),(1231236275,1,'Eric',70,'Camion','Edited Content'),(1231236319,1,'Eric',71,'Moto','Edited Content'),(1231236380,1,'Eric',39,'JLS Layout','Edited CSS'),(1231236449,1,'Eric',39,'JLS Layout','Edited CSS'),(1231236497,1,'Eric',39,'JLS Layout','Edited CSS'),(1231236541,1,'Eric',74,'Documents de transport (CMR, Constat, ...)','Edited Content'),(1231236728,1,'Eric',74,'Documents de transport (CMR, Constat, ...)','Edited Content'),(1231237580,1,'Eric',-1,'gestion_equipe_10.jpg','Uploaded File'),(1231237588,1,'Eric',-1,'gestion_equipe_12.jpg','Uploaded File'),(1231237631,1,'Eric',-1,'gestion_equipe_10.jpg','Uploaded File'),(1231237637,1,'Eric',-1,'gestion_equipe_12.jpg','Uploaded File'),(1233831379,1,'Eric',1,'Eric','User Login'),(1235728086,1,'Eric',1,'Eric','User Login'),(1235728164,1,'Eric',76,'Galerie de Photos','Edited Content'),(1235728355,1,'Eric',-1,'galerie','Created Directory'),(1235935447,1,'Eric',1,'Eric','User Login'),(1235935544,1,'Eric',76,'Galerie de Photos','Edited Content'),(1235936002,1,'Eric',44,'JLS Galerie','Added CSS'),(1235936074,1,'Eric',16,'JLS Template','Added Stylesheet Association'),(1235936556,1,'Eric',76,'Galerie de Photos','Edited Content'),(1235936646,1,'Eric',44,'JLS Galerie','Edited CSS'),(1235937063,1,'Eric',66,'Vous voulez vous entraîner avec une remorque','Edited Content'),(1235937104,1,'Eric',64,'Vous passez votre permis','Edited Content'),(1235937136,1,'Eric',64,'Vous passez votre permis','Edited Content'),(1235937150,1,'Eric',64,'Vous passez votre permis','Edited Content'),(1235937207,1,'Eric',64,'Vous passez votre permis','Edited Content'),(1235937216,1,'Eric',64,'Vous passez votre permis','Edited Content'),(1235937218,1,'Eric',64,'Vous passez votre permis','Edited Content'),(1235937338,1,'Eric',-1,'passe_votre_permis.jpg','Uploaded File'),(1235937347,1,'Eric',-1,'passe_votre_permis1.jpg','Uploaded File'),(1235937384,1,'Eric',64,'Vous passez votre permis','Edited Content'),(1235937559,1,'Eric',65,'Vous avez déjà votre permis','Edited Content'),(1235937596,1,'Eric',65,'Vous avez déjà votre permis','Edited Content'),(1235937605,1,'Eric',65,'Vous avez déjà votre permis','Edited Content'),(1235937627,1,'Eric',64,'Vous passez votre permis','Edited Content'),(1235939856,1,'Eric',45,'JLS Lightbox','Added CSS'),(1235939879,1,'Eric',16,'JLS Template','Added Stylesheet Association'),(1235939934,1,'Eric',45,'JLS Lightbox','Edited CSS'),(1235940752,2,'Auns',2,'Auns','User Login'),(1235940843,2,'Auns',56,'Contact','Edited Content'),(1235940869,2,'Auns',56,'Contact','Edited Content'),(1235940892,2,'Auns',56,'Contact','Edited Content'),(1235940939,2,'Auns',56,'Contact','Edited Content'),(1235940956,2,'Auns',56,'Contact','Edited Content'),(1235941044,2,'Auns',56,'Contact','Edited Content'),(1235941192,2,'Auns',56,'Contact','Edited Content'),(1235941207,2,'Auns',56,'Contact','Edited Content'),(1235941345,2,'Auns',56,'Contact','Edited Content'),(1235941348,2,'Auns',56,'Contact','Edited Content'),(1235941413,2,'Auns',56,'Contact','Edited Content'),(1235941417,2,'Auns',56,'Contact','Edited Content'),(1236116914,1,'Eric',1,'Eric','User Login'),(1236117992,1,'Eric',-1,'','Edited Site Preferences'),(1236118043,1,'Eric',15,'Bienvenue sur le site de J.L.S.','Edited Content'),(1236118218,1,'Eric',15,'Bienvenue sur le site de J.L.S.','Edited Content'),(1236118276,1,'Eric',15,'Bienvenue sur le site de J.L.S.','Edited Content'),(1236118303,1,'Eric',15,'Bienvenue sur le site de J.L.S.','Edited Content'),(1236118328,1,'Eric',15,'Bienvenue sur le site de J.L.S.','Edited Content'),(1236118506,1,'Eric',39,'JLS Layout','Edited CSS'),(1236118508,1,'Eric',39,'JLS Layout','Edited CSS'),(1236118551,1,'Eric',39,'JLS Layout','Edited CSS'),(1236118979,1,'Eric',39,'JLS Layout','Edited CSS'),(1236119004,1,'Eric',15,'Bienvenue sur le site de J.L.S.','Edited Content'),(1236119332,1,'Eric',15,'Bienvenue sur le site de J.L.S.','Edited Content'),(1236119471,1,'Eric',15,'Bienvenue sur le site de J.L.S.','Edited Content'),(1236119815,1,'Eric',15,'Bienvenue sur le site de J.L.S.','Edited Content'),(1236119966,1,'Eric',15,'Bienvenue sur le site de J.L.S.','Edited Content'),(1236120013,1,'Eric',15,'Bienvenue sur le site de J.L.S.','Edited Content'),(1236120180,1,'Eric',15,'Bienvenue sur le site de J.L.S.','Edited Content'),(1236120256,1,'Eric',39,'JLS Layout','Edited CSS'),(1236120321,1,'Eric',39,'JLS Layout','Edited CSS'),(1236120376,1,'Eric',15,'Bienvenue sur le site de J.L.S.','Edited Content'),(1236120410,1,'Eric',39,'JLS Layout','Edited CSS'),(1236158546,1,'Eric',1,'Eric','User Login'),(1236158591,1,'Eric',15,'Bienvenue sur le site de J.L.S.','Edited Content'),(1236158627,1,'Eric',15,'Bienvenue sur le site de J.L.S.','Edited Content'),(1236159656,1,'Eric',15,'Bienvenue sur le site de J.L.S.','Edited Content'),(1236159769,1,'Eric',39,'JLS Layout','Edited CSS'),(1236159810,1,'Eric',15,'Bienvenue sur le site de J.L.S.','Edited Content'),(1236159836,1,'Eric',15,'Bienvenue sur le site de J.L.S.','Edited Content'),(1236159926,1,'Eric',15,'Bienvenue sur le site de J.L.S.','Edited Content'),(1236160202,1,'Eric',39,'JLS Layout','Edited CSS'),(1236160235,1,'Eric',39,'JLS Layout','Edited CSS'),(1236160580,1,'Eric',15,'Bienvenue sur le site de J.L.S.','Edited Content'),(1236160655,1,'Eric',15,'Bienvenue sur le site de J.L.S.','Edited Content'),(1236160732,1,'Eric',39,'JLS Layout','Edited CSS'),(1236160827,1,'Eric',39,'JLS Layout','Edited CSS'),(1236160957,1,'Eric',39,'JLS Layout','Edited CSS'),(1236161121,1,'Eric',39,'JLS Layout','Edited CSS'),(1236161231,1,'Eric',39,'JLS Layout','Edited CSS'),(1236161273,1,'Eric',39,'JLS Layout','Edited CSS'),(1236161681,1,'Eric',39,'JLS Layout','Edited CSS'),(1236161754,1,'Eric',39,'JLS Layout','Edited CSS'),(1236161800,1,'Eric',39,'JLS Layout','Edited CSS'),(1236161869,1,'Eric',39,'JLS Layout','Edited CSS'),(1236161885,1,'Eric',39,'JLS Layout','Edited CSS'),(1236161917,1,'Eric',39,'JLS Layout','Edited CSS'),(1236331926,1,'Eric',1,'Eric','User Login'),(1236514408,1,'Eric',1,'Eric','User Login'),(1236633699,1,'Eric',1,'Eric','User Login'),(1236775298,1,'Eric',1,'Eric','User Login'),(1236775378,1,'Eric',1,'Eric','User Logout'),(1236775399,3,'Eric',3,'JLS','User Login'),(1236775840,3,'JLS',3,'JLS','User Login'),(1236775974,3,'JLS',3,'JLS','User Logout'),(1236775980,1,'JLS',1,'Eric','User Login'),(1236776658,3,'JLS',55,'Liens','Edited Content'),(1236776660,3,'JLS',55,'Liens','Edited Content'),(1236796271,3,'JLS',3,'JLS','User Login'),(1236796438,3,'JLS',64,'Vous passez votre permis','Edited Content'),(1236796595,3,'JLS',55,'Infos utiles','Edited Content'),(1236796677,3,'JLS',55,'Infos utiles','Edited Content'),(1236796966,3,'JLS',77,'test','Added Content'),(1236797597,3,'JLS',-1,'PDF','Created Directory'),(1236797655,3,'JLS',-1,'Info formation Continue Chauffeurs.pdf','Uploaded File'),(1236798441,3,'JLS',-1,'Info formation Continue Chauffeurs web.pdf','Uploaded File'),(1236798594,3,'JLS',-1,'FormContWeb.pdf','Uploaded File'),(1236798689,3,'JLS',-1,'FormContWeb.pdf','Uploaded File'),(1236798726,3,'JLS',-1,'moto BMW.jpg','Uploaded File'),(1236798900,3,'JLS',-1,'FormContWeb.pdf','Uploaded File'),(1236799094,3,'JLS',-1,'TEST PDF.pdf','Uploaded File'),(1236799275,3,'JLS',77,'test','Edited Content'),(1236799278,3,'JLS',77,'test','Edited Content'),(1236800127,3,'JLS',3,'','User Logout'),(1236802557,3,'JLS',3,'JLS','User Login'),(1236802999,3,'JLS',51,'Qui est JLS ?','Edited Content'),(1236803004,3,'JLS',51,'Qui est JLS ?','Edited Content'),(1236803233,3,'JLS',55,'Infos utiles','Edited Content'),(1236803235,3,'JLS',55,'Infos utiles','Edited Content'),(1236803348,3,'JLS',55,'Infos utiles','Edited Content'),(1236803353,3,'JLS',55,'Infos utiles','Edited Content'),(1236803397,3,'JLS',55,'Infos utiles','Edited Content'),(1236803400,3,'JLS',55,'Infos utiles','Edited Content'),(1236803695,3,'JLS',61,'News','Edited Content'),(1236803741,3,'JLS',-1,'logoPDF.gif','Uploaded File'),(1236803855,3,'JLS',61,'News','Edited Content'),(1236803859,3,'JLS',61,'News','Edited Content'),(1236804209,3,'JLS',-1,'logo_pdf.jpg','Uploaded File'),(1236804564,3,'JLS',61,'Infos à télécharger','Edited Content'),(1236804569,3,'JLS',61,'Infos à télécharger','Edited Content'),(1236805485,3,'JLS',62,'Liens utiles','Edited Content'),(1236805495,3,'JLS',62,'Liens utiles','Edited Content'),(1236805520,3,'JLS',63,'Autres liens','Deleted Content'),(1236805529,3,'JLS',77,'test','Deleted Content'),(1236805541,3,'JLS',3,'','User Logout'),(1236805599,3,'JLS',3,'JLS','User Login'),(1236805766,3,'JLS',62,'Liens utiles','Edited Content'),(1236805778,3,'JLS',62,'Liens utiles','Edited Content'),(1236806811,3,'JLS',62,'Liens utiles','Edited Content'),(1236806814,3,'JLS',62,'Liens utiles','Edited Content'),(1236806998,3,'JLS',62,'Liens utiles','Edited Content'),(1236807004,3,'JLS',62,'Liens utiles','Edited Content'),(1236807115,3,'JLS',62,'Liens utiles','Edited Content'),(1236807559,3,'JLS',62,'Liens utiles','Edited Content'),(1236807564,3,'JLS',62,'Liens utiles','Edited Content'),(1236807617,3,'JLS',62,'Bon surf','Edited Content'),(1236807619,3,'JLS',62,'Bon surf','Edited Content'),(1236807694,3,'JLS',61,'Infos à télécharger','Edited Content'),(1236807697,3,'JLS',61,'Infos à télécharger','Edited Content'),(1236807773,3,'JLS',64,'Vous passez votre permis','Edited Content'),(1236807775,3,'JLS',64,'Vous passez votre permis','Edited Content'),(1236807955,3,'JLS',64,'Vous passez votre permis','Edited Content'),(1236807963,3,'JLS',64,'Vous passez votre permis','Edited Content'),(1236808212,3,'JLS',3,'JLS','User Logout'),(1236809141,3,'JLS',3,'JLS','User Login'),(1236810097,3,'JLS',3,'JLS','User Logout'),(1236845386,1,'Eric',56,'Contact','Edited Content'),(1236846643,1,'Eric',1,'footer','Edited Html Blob'),(1236880481,3,'JLS',3,'JLS','User Login'),(1236880690,3,'JLS',62,'Bon surf','Edited Content'),(1236880695,3,'JLS',62,'Bon surf','Edited Content'),(1236880962,3,'JLS',3,'JLS','User Logout'),(1236881795,3,'JLS',3,'JLS','User Login'),(1236881959,3,'JLS',78,'Mise à jour du code de la route','Added Content'),(1236882402,3,'JLS',78,'Mise à jour du code de la route','Edited Content'),(1236882404,3,'JLS',78,'Mise à jour du code de la route','Edited Content'),(1236882449,3,'JLS',78,'Mise à jour du code de la route','Edited Content'),(1236882452,3,'JLS',78,'Mise à jour du code de la route','Edited Content'),(1236882562,3,'JLS',79,'L\'utilisation du tachygraphe digital et les temps ','Added Content'),(1236882609,3,'JLS',79,'L\'utilisation du tachygraphe digital et les temps ','Edited Content'),(1236882847,3,'JLS',79,'L\'utilisation du tachygraphe digital et la législ','Edited Content'),(1236882851,3,'JLS',79,'L\'utilisation du tachygraphe digital et la législ','Edited Content'),(1236882934,3,'JLS',79,'L\'utilisation du tachygraphe digital et la législ','Edited Content'),(1236882937,3,'JLS',79,'L\'utilisation du tachygraphe digital et la législ','Edited Content'),(1236882991,3,'JLS',78,'Mise à jour du code de la route','Edited Content'),(1236882994,3,'JLS',78,'Mise à jour du code de la route','Edited Content'),(1236883538,3,'JLS',80,'Le bon comportement en cas d\'accident','Added Content'),(1236883729,3,'JLS',81,'Découvrir votre nouveau véhicule','Added Content'),(1236884284,3,'JLS',81,'Découvrir votre nouveau véhicule','Edited Content'),(1236884292,3,'JLS',81,'Découvrir votre nouveau véhicule','Edited Content'),(1236884398,3,'JLS',81,'Découvrir votre nouveau véhicule','Edited Content'),(1236884401,3,'JLS',81,'Découvrir votre nouveau véhicule','Edited Content'),(1236886122,3,'JLS',68,'Eco-conduite flotte (camion-voiture)','Edited Content'),(1236886128,3,'JLS',68,'Eco-conduite flotte (camion-voiture)','Edited Content'),(1236886369,3,'JLS',15,'Bienvenue sur le site de J.L.S.','Edited Content'),(1236886373,3,'JLS',15,'Bienvenue sur le site de J.L.S.','Edited Content'),(1236886412,3,'JLS',15,'Bienvenue sur le site de J.L.S.','Edited Content'),(1236886416,3,'JLS',15,'Bienvenue sur le site de J.L.S.','Edited Content'),(1236887018,3,'JLS',61,'Infos à télécharger','Edited Content'),(1236887129,3,'JLS',61,'Infos à télécharger','Edited Content'),(1236887140,3,'JLS',61,'Infos à télécharger','Edited Content'),(1236887430,3,'JLS',3,'JLS','User Logout'),(1237401370,3,'JLS',3,'JLS','User Login'),(1237403016,3,'JLS',3,'','User Logout'),(1237410269,3,'JLS',3,'JLS','User Login'),(1237411181,1,'Eric',1,'Eric','User Login'),(1237411189,3,'JLS',60,'Pour les transporteurs','Edited Content'),(1237411591,3,'JLS',3,'JLS','User Logout'),(1237490732,1,'Eric',1,'Eric','User Login'),(1237490760,1,'Eric',1,'Group ID','Les permissions ont &eacute;t&eacute; mises &agrave; jour.'),(1237490783,1,'Eric',3,'JLS','Edited User'),(1237530250,3,'JLS',3,'JLS','User Login'),(1237537149,3,'JLS',3,'JLS','User Login'),(1237537201,3,'JLS',3,'JLS','User Logout'),(1237537215,1,'JLS',1,'Eric','User Login'),(1237537307,1,'Eric',-1,'','Edited User Preferences'),(1237537382,1,'Eric',3,'JLS','Edited User'),(1237537387,1,'Eric',1,'Eric','User Logout'),(1237537393,3,'Eric',3,'JLS','User Login'),(1237537434,3,'JLS',3,'JLS','User Logout'),(1237756104,2,'Auns',2,'Auns','User Login'),(1237756335,2,'Auns',2,'Auns','User Logout'),(1238359870,3,'JLS',3,'JLS','User Login'),(1239299167,3,'JLS',3,'JLS','User Login'),(1239299362,3,'JLS',15,'Bienvenue sur le site de J.L.S.','Edited Content'),(1239299365,3,'JLS',15,'Bienvenue sur le site de J.L.S.','Edited Content'),(1239299631,3,'JLS',74,'Documents de transport (CMR, Constat, ...)','Edited Content'),(1239299683,3,'JLS',78,'Mise à jour du code de la route','Edited Content'),(1239299725,3,'JLS',79,'L\'utilisation du tachygraphe digital et la législ','Edited Content'),(1239299762,3,'JLS',80,'Le bon comportement en cas d\'accident','Edited Content'),(1239299799,3,'JLS',81,'Découvrir votre nouveau véhicule','Edited Content'),(1239299847,3,'JLS',70,'Camion','Edited Content'),(1239299884,3,'JLS',68,'Eco-conduite flotte (camion-voiture)','Edited Content'),(1239300124,3,'JLS',62,'Bon surf','Edited Content'),(1239300162,3,'JLS',3,'JLS','User Logout'),(1240303376,1,'Eric',1,'Eric','User Login'),(1240951562,1,'Eric',1,'Eric','User Login'),(1249540835,1,'Eric',1,'Eric','User Login'),(1252260485,3,'JLS',3,'JLS','User Login'),(1252261659,3,'JLS',74,'Documents de transport (CMR, Constat, ...)','Edited Content'),(1252261867,3,'JLS',74,'Documents de transport (CMR, Constat, ...)','Edited Content'),(1252262766,3,'JLS',78,'Mise à jour du code de la route','Edited Content'),(1252262842,3,'JLS',79,'L\'utilisation du tachygraphe digital et la législ','Edited Content'),(1252262914,3,'JLS',80,'Le bon comportement en cas d\'accident','Edited Content'),(1252263004,3,'JLS',78,'Mise à jour du code de la route - Conduite préve','Edited Content'),(1252263089,3,'JLS',81,'Découvrir votre nouveau véhicule','Edited Content'),(1252263450,3,'JLS',74,'Documents de transport (CMR, Constat, ...)','Edited Content'),(1252263548,3,'JLS',79,'L\'utilisation du tachygraphe digital et la législ','Edited Content'),(1252263591,3,'JLS',80,'Le bon comportement en cas d\'accident','Edited Content'),(1252263684,3,'JLS',68,'Eco-conduite flotte (camion-voiture)','Edited Content'),(1252263717,3,'JLS',74,'Documents de transport (CMR, Constat, ...)','Edited Content'),(1252263862,3,'JLS',15,'Bienvenue sur le site de J.L.S.','Edited Content'),(1252263931,3,'JLS',79,'L\'utilisation du tachygraphe digital et la législ','Edited Content'),(1252263953,3,'JLS',79,'L\'utilisation du tachygraphe digital et la législ','Edited Content'),(1252264024,3,'JLS',80,'Le bon comportement en cas d\'accident','Edited Content'),(1252264045,3,'JLS',81,'Découvrir votre nouveau véhicule','Edited Content'),(1252264112,3,'JLS',70,'Camion','Edited Content'),(1252264336,3,'JLS',3,'JLS','User Logout'),(1253898157,1,'Eric',1,'Eric','User Login'),(1253898264,1,'Eric',79,'L\'utilisation du tachygraphe digital et la législ','Edited Content'),(1253898324,1,'Eric',79,'L\'utilisation du tachygraphe digital et la législ','Edited Content'),(1253898355,1,'Eric',80,'Le bon comportement en cas d\'accident','Edited Content'),(1253898412,1,'Eric',78,'Mise à jour du code de la route - Conduite préve','Edited Content'),(1253898441,1,'Eric',81,'Découvrir votre nouveau véhicule','Edited Content');

--
-- Table structure for table `content`
--

CREATE TABLE `content` (
  `content_id` int(11) NOT NULL,
  `content_name` varchar(255) default NULL,
  `type` varchar(25) default NULL,
  `owner_id` int(11) default NULL,
  `parent_id` int(11) default NULL,
  `template_id` int(11) default NULL,
  `item_order` int(11) default NULL,
  `hierarchy` varchar(255) default NULL,
  `default_content` tinyint(4) default NULL,
  `menu_text` varchar(255) default NULL,
  `content_alias` varchar(255) default NULL,
  `show_in_menu` tinyint(4) default NULL,
  `collapsed` tinyint(4) default NULL,
  `markup` varchar(25) default NULL,
  `active` tinyint(4) default NULL,
  `cachable` tinyint(4) default NULL,
  `id_hierarchy` varchar(255) default NULL,
  `hierarchy_path` text,
  `prop_names` text,
  `metadata` text,
  `titleattribute` varchar(255) default NULL,
  `tabindex` varchar(10) default NULL,
  `accesskey` varchar(5) default NULL,
  `last_modified_by` int(11) default NULL,
  `create_date` datetime default NULL,
  `modified_date` datetime default NULL,
  PRIMARY KEY  (`content_id`),
  KEY `index_content_by_content_alias_active` (`content_alias`,`active`),
  KEY `index_content_by_default_content` (`default_content`),
  KEY `index_content_by_parent_id` (`parent_id`)
) ENGINE=MyISAM DEFAULT CHARSET=latin1;

--
-- Dumping data for table `content`
--

INSERT INTO `content` VALUES (15,'Bienvenue sur le site de J.L.S.','content',1,-1,16,1,'00001',1,'Présentation','presentation',1,1,'html',1,1,'15','presentation','target,pagedata,extra1,extra2,extra3,Sidebar,content_en','{literal}\r\n<script type=\"text/javascript\">\r\n<!--\r\nfunction load()\r\n{\r\n   \r\n}\r\n-->\r\n</script>\r\n<script type=\"text/javascript\">\r\n//<![CDATA[\r\n$(document).ready(function(){    \r\n    $(\'#CustomSlideshow\').slideshow({playframe:false,width:240,height:186,title:false,panel:false}).playSlide();\r\n});\r\n//]]>\r\n</script>\r\n{/literal}','Home Page, shortcut key=1','','1',3,'2006-07-25 21:22:31','2009-09-06 21:04:21'),(51,'Qui est JLS ?','content',1,15,16,1,'00001.00001',0,'Qui est JLS ?','qui-est-jls',1,NULL,'html',1,1,'15.51','presentation/qui-est-jls','target,pagedata,extra1,extra2,extra3,Sidebar,content_en','{literal}\r\n<script type=\"text/javascript\">\r\n<!--\r\nfunction load()\r\n{\r\n   //document.getElementById(\"header1\").style.backgroundImage = \'url(uploads/images/headers/camion_10.jpg)\';\r\n   //document.getElementById(\"header2\").style.backgroundImage = \'url(uploads/images/headers/camion_12.jpg)\';\r\n}\r\n-->\r\n</script>\r\n{/literal}','','','',3,'2008-11-05 11:22:35','2009-03-11 21:23:24'),(53,'Produits','sectionheader',1,-1,16,2,'00002',0,'Produits','produits',1,NULL,'html',1,0,'53','produits','content_en,target,pagedata,extra1,extra2,extra3,Sidebar','','','','',1,'2008-11-05 11:23:57','2008-11-07 20:15:55'),(54,'(Ré)apprentissage de la conduite','sectionheader',1,53,16,5,'00002.00005',0,'(Ré)apprentissage de la conduite','re-apprentissage-de-la-conduite',1,NULL,'html',1,0,'53.54','produits/re-apprentissage-de-la-conduite','content_en,target,pagedata,extra1,extra2,extra3,Sidebar','','','','',1,'2008-11-05 11:28:36','2009-03-22 22:09:33'),(55,'Infos utiles','content',1,-1,16,3,'00003',0,'Infos utiles','liens',1,NULL,'html',1,0,'55','liens','target,pagedata,extra1,extra2,extra3,Sidebar,content_en','','','','',3,'2008-11-05 11:29:05','2009-03-11 21:30:00'),(56,'Contact','content',1,-1,16,4,'00004',0,'Contact','contact',1,NULL,'html',1,1,'56','contact','target,pagedata,extra1,extra2,extra3,Sidebar,content_en','<script type=\"text/javascript\" src=\"lib/scriptaculous/prototype.js\"></script>\r\n<script type=\"text/javascript\" src=\"lib/ajax_form/ajax_form.js\"></script>\r\n{literal}\r\n<script type=\"text/javascript\">\r\n<!--\r\nfunction load()\r\n{\r\n   //document.getElementById(\"header1\").style.backgroundImage = \'url(uploads/images/headers/produit_10.jpg)\';\r\n   //document.getElementById(\"header2\").style.backgroundImage = \'url(uploads/images/headers/produit_12.jpg)\';\r\n}\r\n-->\r\n</script>\r\n{/literal}','','','',1,'2008-11-05 11:29:22','2009-03-12 09:09:46'),(57,'Eco-conduite','sectionheader',1,53,16,3,'00002.00003',0,'Eco-conduite','eco-conduite',1,NULL,'html',1,0,'53.57','produits/eco-conduite','content_en,target,pagedata,extra1,extra2,extra3,Sidebar','','','','',1,'2008-11-05 11:29:50','2009-03-22 22:09:29'),(58,'Maîtrise','sectionheader',1,53,16,2,'00002.00002',0,'Maîtrise','maitrise',1,NULL,'html',1,0,'53.58','produits/maitrise','content_en,target,pagedata,extra1,extra2,extra3,Sidebar','','','','',1,'2008-11-05 11:30:18','2009-03-22 22:09:24'),(59,'Présentations de véhicules','sectionheader',1,53,16,4,'00002.00004',0,'Présentations de véhicules','presentations-de-vehicules',1,NULL,'html',1,0,'53.59','produits/presentations-de-vehicules','content_en,target,pagedata,extra1,extra2,extra3,Sidebar','','','','',1,'2008-11-05 11:31:11','2009-03-22 22:09:33'),(60,'Pour les transporteurs','sectionheader',1,53,16,1,'00002.00001',0,'Pour les transporteurs','cours-speciaux-transporteurs',1,NULL,'html',1,0,'53.60','produits/cours-speciaux-transporteurs','content_en,target,pagedata,extra1,extra2,extra3,Sidebar','','','','',3,'2008-11-05 11:31:39','2009-03-22 22:09:12'),(61,'Infos à télécharger','content',1,55,16,1,'00003.00001',0,'Infos à télécharger','les-partenaires-de-jls',1,NULL,'html',1,1,'55.61','liens/les-partenaires-de-jls','target,pagedata,extra1,extra2,extra3,Sidebar,content_en','{literal}\r\n<script type=\"text/javascript\">\r\n<!--\r\nfunction load()\r\n{\r\n   //document.getElementById(\"header1\").style.backgroundImage = \'url(uploads/images/headers/produit_10.jpg)\';\r\n   //document.getElementById(\"header2\").style.backgroundImage = \'url(uploads/images/headers/produit_12.jpg)\';\r\n}\r\n-->\r\n</script>\r\n{/literal}','','','',3,'2008-11-05 11:32:08','2009-03-12 20:45:40'),(62,'Bon surf','content',1,55,16,2,'00003.00002',0,'Liens utiles','liens-utiles',1,NULL,'html',1,1,'55.62','liens/liens-utiles','target,pagedata,extra1,extra2,extra3,Sidebar,content_en','{literal}\r\n<script type=\"text/javascript\">\r\n<!--\r\nfunction load()\r\n{\r\n   //document.getElementById(\"header1\").style.backgroundImage = \'url(uploads/images/headers/produit_10.jpg)\';\r\n   //document.getElementById(\"header2\").style.backgroundImage = \'url(uploads/images/headers/produit_12.jpg)\';\r\n}\r\n-->\r\n</script>\r\n{/literal}','','','',3,'2008-11-05 11:32:51','2009-04-09 20:02:04'),(64,'Vous passez votre permis','content',1,54,16,1,'00002.00005.00001',0,'Vous passez votre permis','vous-passez-votre-permis',1,NULL,'html',1,1,'53.54.64','produits/re-apprentissage-de-la-conduite/vous-passez-votre-permis','target,pagedata,extra1,extra2,extra3,Sidebar,content_en','{literal}\r\n<script type=\"text/javascript\">\r\n<!--\r\nfunction load()\r\n{\r\n   document.getElementById(\"header1\").style.backgroundImage = \'url(uploads/images/headers/passe_permis_1.jpg)\';\r\n   document.getElementById(\"header2\").style.backgroundImage = \'url(uploads/images/headers/passe_permis.jpg)\';\r\n}\r\n-->\r\n</script>\r\n{/literal}','','','',3,'2008-11-05 11:34:03','2009-03-18 22:18:48'),(65,'Vous avez déjà votre permis','content',1,54,16,2,'00002.00005.00002',0,'Vous avez déjà votre permis','vous-avez-deja-votre-permis',1,NULL,'html',1,1,'53.54.65','produits/re-apprentissage-de-la-conduite/vous-avez-deja-votre-permis','target,pagedata,extra1,extra2,extra3,Sidebar,content_en','{literal}\r\n<script type=\"text/javascript\">\r\n<!--\r\nfunction load()\r\n{\r\n   document.getElementById(\"header1\").style.backgroundImage = \'url(uploads/images/headers/apprentissage_deja_permis_10.jpg)\';\r\n   document.getElementById(\"header2\").style.backgroundImage = \'url(uploads/images/headers/apprentissage_deja_permis_12.jpg)\';\r\n}\r\n-->\r\n</script>\r\n{/literal}','','','',1,'2008-11-05 11:34:36','2009-03-18 22:18:50'),(66,'Vous voulez vous entraîner avec une remorque','content',1,54,16,3,'00002.00005.00003',0,'Vous voulez vous entraîner avec une remorque','vous-voulez-vous-entrainer-avec-une-remorque',1,NULL,'html',1,1,'53.54.66','produits/re-apprentissage-de-la-conduite/vous-voulez-vous-entrainer-avec-une-remorque','content_en,target,pagedata,extra1,extra2,extra3,Sidebar','{literal}\r\n<script type=\"text/javascript\">\r\n<!--\r\nfunction load()\r\n{\r\n   document.getElementById(\"header1\").style.backgroundImage = \'url(uploads/images/headers/apprentissage_10.jpg)\';\r\n   document.getElementById(\"header2\").style.backgroundImage = \'url(uploads/images/headers/apprentissage_12.jpg)\';\r\n}\r\n-->\r\n</script>\r\n{/literal}','','','',1,'2008-11-05 11:35:12','2009-03-18 22:18:53'),(67,'Eco-conduite individuelle','content',1,57,16,1,'00002.00003.00001',0,'Eco-conduite individuelle','eco-conduite-individuelle',1,NULL,'html',1,1,'53.57.67','produits/eco-conduite/eco-conduite-individuelle','target,pagedata,extra1,extra2,extra3,Sidebar,content_en','{literal}\r\n<script type=\"text/javascript\">\r\n<!--\r\nfunction load()\r\n{\r\n   document.getElementById(\"header1\").style.backgroundImage = \'url(uploads/images/headers/eco_10.jpg)\';\r\n   document.getElementById(\"header2\").style.backgroundImage = \'url(uploads/images/headers/eco_12.jpg)\';\r\n}\r\n-->\r\n</script>\r\n{/literal}','','','',1,'2008-11-05 11:35:56','2009-01-06 10:55:29'),(68,'Eco-conduite flotte (camion-voiture)','content',1,57,16,2,'00002.00003.00002',0,'Eco-conduite flotte (camion-voiture)','eco-conduite-flotte-camion-voiture',1,NULL,'html',1,1,'53.57.68','produits/eco-conduite/eco-conduite-flotte-camion-voiture','target,pagedata,extra1,extra2,extra3,Sidebar,content_en','{literal}\r\n<script type=\"text/javascript\">\r\n<!--\r\nfunction load()\r\n{\r\n   document.getElementById(\"header1\").style.backgroundImage = \'url(uploads/images/headers/eco_conduite_camion_10.jpg)\';\r\n   document.getElementById(\"header2\").style.backgroundImage = \'url(uploads/images/headers/eco_conduite_camion_12.jpg)\';\r\n}\r\n-->\r\n</script>\r\n{/literal}','','','',3,'2008-11-05 11:38:41','2009-09-06 21:01:23'),(69,'Voiture','content',1,58,16,1,'00002.00002.00001',0,'Voiture','voiture',1,NULL,'html',1,1,'53.58.69','produits/maitrise/voiture','content_en,target,pagedata,extra1,extra2,extra3,Sidebar','{literal}\r\n<script type=\"text/javascript\">\r\n<!--\r\nfunction load()\r\n{\r\n   document.getElementById(\"header1\").style.backgroundImage = \'url(uploads/images/headers/maitrise_10.jpg)\';\r\n   document.getElementById(\"header2\").style.backgroundImage = \'url(uploads/images/headers/maitrise_12.jpg)\';\r\n}\r\n-->\r\n</script>\r\n{/literal}','','','',1,'2008-11-05 11:39:53','2009-01-06 11:03:09'),(70,'Camion','content',1,58,16,2,'00002.00002.00002',0,'Camion','camion',1,NULL,'html',1,1,'53.58.70','produits/maitrise/camion','target,extra1,extra2,extra3,Sidebar,pagedata,content_en','{literal}\r\n<script type=\"text/javascript\">\r\n<!--\r\nfunction load()\r\n{\r\n   document.getElementById(\"header1\").style.backgroundImage = \'url(uploads/images/headers/maitrise_10.jpg)\';\r\n   document.getElementById(\"header2\").style.backgroundImage = \'url(uploads/images/headers/maitrise_12.jpg)\';\r\n}\r\n-->\r\n</script>\r\n{/literal}','','','',3,'2008-11-05 11:40:15','2009-09-06 21:08:32'),(71,'Moto','content',1,58,16,3,'00002.00002.00003',0,'Moto','moto',1,NULL,'html',1,1,'53.58.71','produits/maitrise/moto','content_en,target,pagedata,extra1,extra2,extra3,Sidebar','{literal}\r\n<script type=\"text/javascript\">\r\n<!--\r\nfunction load()\r\n{\r\n//   document.getElementById(\"header1\").style.backgroundImage = \'url(uploads/images/headers/maitrise_10.jpg)\';\r\n//   document.getElementById(\"header2\").style.backgroundImage = \'url(uploads/images/headers/maitrise_12.jpg)\';\r\n}\r\n-->\r\n</script>\r\n{/literal}','','','',1,'2008-11-05 11:40:42','2009-01-06 11:05:19'),(72,'Event voitures','content',1,59,16,1,'00002.00004.00001',0,'Event voitures','event-voitures',1,NULL,'html',1,1,'53.59.72','produits/presentations-de-vehicules/event-voitures','target,pagedata,extra1,extra2,extra3,Sidebar,content_en','{literal}\n<script type=\"text/javascript\">\n<!--\nfunction load()\n{\n   document.getElementById(\"header1\").style.backgroundImage = \'url(uploads/images/headers/presentation_vehicule_10.jpg)\';\n   document.getElementById(\"header2\").style.backgroundImage = \'url(uploads/images/headers/presentation_vehicule_12.jpg)\';\n}\n-->\n</script>\n{/literal}','','','',1,'2008-11-05 11:41:19','2009-01-06 10:45:58'),(73,'Event camions','content',1,59,16,2,'00002.00004.00002',0,'Event camions','event-camions',1,NULL,'html',1,1,'53.59.73','produits/presentations-de-vehicules/event-camions','target,pagedata,extra1,extra2,extra3,Sidebar,content_en','{literal}\r\n<script type=\"text/javascript\">\r\n<!--\r\nfunction load()\r\n{\r\n   document.getElementById(\"header1\").style.backgroundImage = \'url(uploads/images/headers/camion_10.jpg)\';\r\n   document.getElementById(\"header2\").style.backgroundImage = \'url(uploads/images/headers/camion_12.jpg)\';\r\n}\r\n-->\r\n</script>\r\n{/literal}','','','',1,'2008-11-05 11:41:41','2009-01-06 10:51:38'),(74,'Documents de transport (CMR, Constat, ...)','content',1,60,16,1,'00002.00001.00001',0,'Documents de transport (CMR, Constat, ...)','documents-de-transport-cmr-constat',1,NULL,'html',1,1,'53.60.74','produits/cours-speciaux-transporteurs/documents-de-transport-cmr-constat','target,pagedata,extra1,extra2,extra3,Sidebar,content_en','{literal}\r\n<script type=\"text/javascript\">\r\n<!--\r\nfunction load()\r\n{\r\n   document.getElementById(\"header1\").style.backgroundImage = \'url(uploads/images/headers/camion_10.jpg)\';\r\n   document.getElementById(\"header2\").style.backgroundImage = \'url(uploads/images/headers/camion_12.jpg)\';\r\n}\r\n-->\r\n</script>\r\n{/literal}','','','',3,'2008-11-05 11:43:07','2009-09-06 21:01:56'),(75,'Gestion de votre équipe','content',1,60,16,2,'00002.00001.00002',0,'Gestion de votre équipe','gestion-de-votre-equipe',1,NULL,'html',1,1,'53.60.75','produits/cours-speciaux-transporteurs/gestion-de-votre-equipe','target,pagedata,extra1,extra2,extra3,Sidebar,content_en','{literal}\r\n<script type=\"text/javascript\">\r\n<!--\r\nfunction load()\r\n{\r\n   document.getElementById(\"header1\").style.backgroundImage = \'url(uploads/images/headers/gestion_equipe_10.jpg)\';\r\n   document.getElementById(\"header2\").style.backgroundImage = \'url(uploads/images/headers/gestion_equipe_12.jpg)\';\r\n}\r\n-->\r\n</script>\r\n{/literal}','','','',1,'2008-11-05 11:43:42','2009-01-06 10:59:20'),(76,'Galerie de Photos','content',1,15,16,2,'00001.00002',0,'Galerie de Photos','galerie-de-photos',1,NULL,'html',1,1,'15.76','presentation/galerie-de-photos','target,pagedata,extra1,extra2,extra3,content_en','<script type=\"text/javascript\" src=\"lib/scriptaculous/prototype.js\"></script>\r\n<script type=\"text/javascript\" src=\"lib/scriptaculous/scriptaculous.js?load=effects,builder\"></script>\r\n<script type=\"text/javascript\" src=\"lib/scriptaculous/effects.js\"></script>\r\n<script type=\"text/javascript\" src=\"lib/scriptaculous/lightbox.js\"></script>\r\n<link href=\"lib/scriptaculous/lightbox.css\" type=\"text/css\" rel=\"stylesheet\" />\r\n','','','',1,'2008-12-11 13:25:59','2009-03-01 20:42:36'),(78,'Mise à jour du code de la route - Conduite préventive','content',3,60,16,3,'00002.00001.00003',0,'Législation routière - conduite défensive','legislation-routiere',1,NULL,'html',1,1,'53.60.78','produits/cours-speciaux-transporteurs/legislation-routiere','pagedata,extra1,target,extra3,extra2,content_en','','','','',1,'2009-03-12 19:19:19','2009-09-25 19:06:52'),(79,'L\'utilisation du tachygraphe digital et la législation sur les temps de conduite et de repos','content',3,60,16,4,'00002.00001.00004',0,'Tachygraphe et temps de conduite','tachygraphe-et-temps-de-conduite',1,NULL,'html',1,1,'53.60.79','produits/cours-speciaux-transporteurs/tachygraphe-et-temps-de-conduite','target,pagedata,extra1,extra2,extra3,content_en','','','','',1,'2009-03-12 19:29:22','2009-09-25 19:05:23'),(80,'Le bon comportement en cas d\'accident','content',3,60,16,5,'00002.00001.00005',0,'En cas d\'accident','en-cas-d-accident',1,NULL,'html',1,1,'53.60.80','produits/cours-speciaux-transporteurs/en-cas-d-accident','target,pagedata,extra1,extra2,extra3,content_en','','','','',1,'2009-03-12 19:45:38','2009-09-25 19:05:55'),(81,'Découvrir votre nouveau véhicule','content',3,60,16,6,'00002.00001.00006',0,'Utilisation optimale d\'un nouveau véhicule','utilisation-optimale-d-un-nouveau-vehicule',1,NULL,'html',1,1,'53.60.81','produits/cours-speciaux-transporteurs/utilisation-optimale-d-un-nouveau-vehicule','extra3,target,pagedata,extra1,extra2,content_en','','','','',1,'2009-03-12 19:48:49','2009-09-25 19:07:20');

--
-- Table structure for table `content_props`
--

CREATE TABLE `content_props` (
  `content_id` int(11) default NULL,
  `type` varchar(25) default NULL,
  `prop_name` varchar(255) default NULL,
  `param1` varchar(255) default NULL,
  `param2` varchar(255) default NULL,
  `param3` varchar(255) default NULL,
  `content` text,
  `create_date` datetime default NULL,
  `modified_date` datetime default NULL,
  KEY `index_content_props_by_content_id` (`content_id`)
) ENGINE=MyISAM DEFAULT CHARSET=latin1;

--
-- Dumping data for table `content_props`
--

INSERT INTO `content_props` VALUES (15,'string','target','','','','',NULL,'2009-09-06 21:04:21'),(15,'string','pagedata','','','','',NULL,'2009-09-06 21:04:21'),(15,'string','extra1','','','','',NULL,'2009-09-06 21:04:21'),(15,'string','extra2','','','','',NULL,'2009-09-06 21:04:21'),(15,'string','extra3','','','','',NULL,'2009-09-06 21:04:21'),(15,'string','Sidebar','','','','',NULL,'2009-09-06 21:04:21'),(78,'string','pagedata','','','','',NULL,'2009-09-25 19:06:52'),(51,'string','target','','','','',NULL,'2009-03-11 21:23:24'),(51,'string','pagedata','','','','',NULL,'2009-03-11 21:23:24'),(51,'string','extra1','','','','',NULL,'2009-03-11 21:23:24'),(51,'string','extra2','','','','',NULL,'2009-03-11 21:23:24'),(51,'string','extra3','','','','',NULL,'2009-03-11 21:23:24'),(51,'string','Sidebar','','','','',NULL,'2009-03-11 21:23:24'),(71,'string','content_en','','','','<div id=\"img_main\"><img src=\"uploads/images/images_contenu/maitrise_moto.jpg\" alt=\"\" /></div>\r\n<p>Sur un site entièrement dédié à la sécurité et la maîtrise des véhicules, venez découvrir:</p>\r\n<p>Avec un peu de théorie et beaucoup de pratique:</p>\r\n<ul>\r\n<li>Le freinage </li>\r\n<li>Les évitements, <br /></li>\r\n<li>La maîtrise du volant, <br /></li>\r\n<li>La technique du regard, <br /></li>\r\n<li>Le transfert de masses, <br /></li>\r\n<li>Les virages, <br /></li>\r\n<li>Le rond point,</li>\r\n</ul>\r\n<p><br />...Sur sols plus ou moins glissants.</p>\r\n<p>Ces cours se déroulent sur le site du Safe Driving d\'Andenne et avec l\'équipe de moniteurs professionnels du Safe Driving (www.safe-driving.be)</p>\r\n<p>En fonction de vos besoins ou désirs, il est possible d\'organiser ce type de cours à d\'autres endroits.</p>\r\n<p>N\'hésitez pas à nous en parler.</p>\r\n<p> </p>',NULL,'2009-01-06 11:05:19'),(69,'string','content_en','','','','<div id=\"img_main\"><img src=\"uploads/images/images_contenu/maitrise_voiture.jpg\" alt=\"\" /></div>\r\n<p><!-- --> Sur un site entièrement dédié à la sécurité et la maîtrise des véhicules, venez découvrir:</p>\r\n<p>Avec un peu de théorie et beaucoup de pratique:</p>\r\n<ul>\r\n<li>Le freinage (avec ou sans ABS), <br /></li>\r\n<li>Les évitements, <br /></li>\r\n<li>La maîtrise du volant, <br /></li>\r\n<li>La technique du regard, <br /></li>\r\n<li>Le transfert de masses, <br /></li>\r\n<li>Les virages, <br /></li>\r\n<li>Le rond point,</li>\r\n</ul>\r\n<p><br />...Sur sols plus ou moins glissants,<br />A bord de véhicules propulsion ou traction (4x4 sur demande)<br />Avec ABS, ESP, ... ou sans,</p>\r\n<p>Que ce soit à bord d\'une voiture, d\'une camionnette, venez découvrir les limites en toute sécurité.</p>\r\n<p>Ces cours se déroulent sur le site du Safe Driving d\'Andenne et avec l\'équipe de moniteurs professionnels du Safe Driving (www.safe-driving.be)</p>\r\n<p>En fonction de vos besoins ou désirs, il est possible d\'organiser ce type de cours à d\'autres endroits.</p>\r\n<p>N\'hésitez pas à nous en parler.</p>\r\n<p> </p>',NULL,'2009-01-06 11:03:09'),(53,'string','content_en','','','','Produits',NULL,'2008-11-07 20:15:55'),(53,'string','target','','','','',NULL,'2008-11-07 20:15:55'),(53,'string','pagedata','','','','',NULL,'2008-11-07 20:15:55'),(53,'string','extra1','','','','',NULL,'2008-11-07 20:15:55'),(53,'string','extra2','','','','',NULL,'2008-11-07 20:15:55'),(53,'string','extra3','','','','',NULL,'2008-11-07 20:15:55'),(53,'string','Sidebar','','','','',NULL,'2008-11-07 20:15:55'),(54,'string','content_en','','','','(Ré)apprentissage de la conduite',NULL,'2009-03-18 19:47:17'),(54,'string','target','','','','',NULL,'2009-03-18 19:47:17'),(54,'string','pagedata','','','','',NULL,'2009-03-18 19:47:17'),(54,'string','extra1','','','','',NULL,'2009-03-18 19:47:17'),(54,'string','extra2','','','','',NULL,'2009-03-18 19:47:17'),(54,'string','extra3','','','','',NULL,'2009-03-18 19:47:17'),(54,'string','Sidebar','','','','',NULL,'2009-03-18 19:47:17'),(78,'string','extra1','','','','',NULL,'2009-09-25 19:06:52'),(55,'string','target','','','','',NULL,'2009-03-11 21:30:00'),(55,'string','pagedata','','','','',NULL,'2009-03-11 21:30:00'),(55,'string','extra1','','','','',NULL,'2009-03-11 21:30:00'),(55,'string','extra2','','','','',NULL,'2009-03-11 21:30:00'),(55,'string','extra3','','','','',NULL,'2009-03-11 21:30:00'),(55,'string','Sidebar','','','','',NULL,'2009-03-11 21:30:00'),(56,'string','target','','','','',NULL,'2009-03-12 09:09:46'),(56,'string','pagedata','','','','',NULL,'2009-03-12 09:09:46'),(56,'string','extra1','','','','',NULL,'2009-03-12 09:09:46'),(56,'string','extra2','','','','',NULL,'2009-03-12 09:09:46'),(56,'string','extra3','','','','',NULL,'2009-03-12 09:09:46'),(56,'string','Sidebar','','','','',NULL,'2009-03-12 09:09:46'),(57,'string','content_en','','','','Eco-conduite',NULL,'2008-11-09 11:36:54'),(57,'string','target','','','','',NULL,'2008-11-09 11:36:54'),(57,'string','pagedata','','','','',NULL,'2008-11-09 11:36:54'),(57,'string','extra1','','','','',NULL,'2008-11-09 11:36:54'),(57,'string','extra2','','','','',NULL,'2008-11-09 11:36:54'),(57,'string','extra3','','','','',NULL,'2008-11-09 11:36:54'),(57,'string','Sidebar','','','','',NULL,'2008-11-09 11:36:54'),(58,'string','content_en','','','','Maîtrise',NULL,'2008-11-09 11:37:05'),(58,'string','target','','','','',NULL,'2008-11-09 11:37:05'),(58,'string','pagedata','','','','',NULL,'2008-11-09 11:37:05'),(58,'string','extra1','','','','',NULL,'2008-11-09 11:37:05'),(58,'string','extra2','','','','',NULL,'2008-11-09 11:37:05'),(58,'string','extra3','','','','',NULL,'2008-11-09 11:37:05'),(58,'string','Sidebar','','','','',NULL,'2008-11-09 11:37:05'),(59,'string','content_en','','','','Présentations de véhicules',NULL,'2008-11-09 11:36:28'),(59,'string','target','','','','',NULL,'2008-11-09 11:36:28'),(59,'string','pagedata','','','','',NULL,'2008-11-09 11:36:28'),(59,'string','extra1','','','','',NULL,'2008-11-09 11:36:28'),(59,'string','extra2','','','','',NULL,'2008-11-09 11:36:28'),(59,'string','extra3','','','','',NULL,'2008-11-09 11:36:28'),(59,'string','Sidebar','','','','',NULL,'2008-11-09 11:36:28'),(60,'string','content_en','','','','Cours spéciaux transporteurs',NULL,'2009-03-18 22:19:49'),(60,'string','target','','','','',NULL,'2009-03-18 22:19:49'),(60,'string','pagedata','','','','',NULL,'2009-03-18 22:19:49'),(60,'string','extra1','','','','',NULL,'2009-03-18 22:19:49'),(60,'string','extra2','','','','',NULL,'2009-03-18 22:19:49'),(60,'string','extra3','','','','',NULL,'2009-03-18 22:19:49'),(60,'string','Sidebar','','','','',NULL,'2009-03-18 22:19:49'),(61,'string','target','','','','',NULL,'2009-03-12 20:45:40'),(61,'string','pagedata','','','','',NULL,'2009-03-12 20:45:40'),(61,'string','extra1','','','','',NULL,'2009-03-12 20:45:40'),(61,'string','extra2','','','','',NULL,'2009-03-12 20:45:40'),(61,'string','extra3','','','','',NULL,'2009-03-12 20:45:40'),(61,'string','Sidebar','','','','',NULL,'2009-03-12 20:45:40'),(62,'string','target','','','','',NULL,'2009-04-09 20:02:04'),(62,'string','pagedata','','','','',NULL,'2009-04-09 20:02:04'),(62,'string','extra1','','','','',NULL,'2009-04-09 20:02:04'),(62,'string','extra2','','','','',NULL,'2009-04-09 20:02:04'),(62,'string','extra3','','','','',NULL,'2009-04-09 20:02:04'),(62,'string','Sidebar','','','','',NULL,'2009-04-09 20:02:04'),(62,'string','content_en','','','','<h2>Ils nous font confiance <span style=\"font-size: x-small;\">(par ordre alphabétique)</span></h2>\r\n<p> </p>\r\n<p><a href=\"http://www.daf.be\" target=\"_blank\">DAF Belgique</a></p>\r\n<p><a href=\"http://www.daf.eu/fr/Pages/DealerDetails.aspx?DealerID=00256&amp;Page=4\" target=\"_blank\">DAF Engel (Volmerange)</a></p>\r\n<p><a href=\"http://www.mioli.be\" target=\"_blank\">DAF Mioli (Bande)</a></p>\r\n<p><a href=\"http://www.riskin.be\" target=\"_blank\">DAF Riskin (Grâce-Hollogne)</a></p>\r\n<p><a href=\"http://www.rohen.be\" target=\"_blank\">DAF Rohen (Henri-Chapelle)</a></p>\r\n<p><a href=\"http://www.formax.be\" target=\"_blank\">Formax</a></p>\r\n<p><a href=\"http://www.fruytier.com\" target=\"_blank\">Fruytier</a></p>\r\n<p><a href=\"http://www.safedriversplan.be\" target=\"_blank\">Safe Drivers Plan</a></p>\r\n<p><a href=\"http://www.safedriving.be\" target=\"_blank\">Safe Driving</a></p>\r\n<p><a href=\"http://www.tempo-team.be/fr/demandeurs_d_emploi/travail_interimaire_specialise/specialisations_nationales/tempo-team_logistics\" target=\"_blank\">Tempo Team Logistique</a></p>\r\n<p><a href=\"http://www.transports-emonds.com/\" target=\"_blank\">Transport Emonds</a></p>\r\n<p><a href=\"http://www.trendyfoods.be\" target=\"_blank\">Trendy Foods</a></p>\r\n<h2>Nous travaillons ensemble <span style=\"font-size: x-small;\">(par ordre alphabétique)</span></h2>\r\n<p> </p>\r\n<p><a href=\"http://www.Daf.Be\" target=\"_blank\">Daf Trucks Belgique</a></p>\r\n<p><a href=\"http://www.formax.be\" target=\"_blank\">Formax</a></p>\r\n<p><a href=\"http://www.kalscheuer.be\" target=\"_blank\">Mercedes Trucks Kalscheuer</a></p>\r\n<p><a href=\"http://www.newdriving.be\" target=\"_blank\">New Driving</a></p>\r\n<p><a href=\"http://www.safedriving.be\" target=\"_blank\">Safe Driving</a></p>\r\n<h2>De bonnes sources d\'informations <span style=\"font-size: x-small;\">(par ordre alphabétique)</span></h2>\r\n<p> </p>\r\n<p><a href=\"http://www.febetra.be\" target=\"_blank\">FEBETRA</a></p>\r\n<p> <a href=\"http://www.ibsr.be\" target=\"_blank\">IBSR</a></p>\r\n<p><a href=\"http://www.jesuispour.be\" target=\"_blank\">Je suis Pour (IBSR)</a></p>\r\n<p> <a href=\"http://www.sav.be\" target=\"_blank\">SAV</a></p>\r\n<p> <a href=\"http://www.mobilit.fgov.be\" target=\"_blank\">SPF Mobilité et Transport</a></p>\r\n<p><a href=\"http://www.truck-business.com\" target=\"_blank\">Truck and Business</a></p>\r\n<p><a href=\"http://www.uptr.be\" target=\"_blank\"> UPTR</a></p>',NULL,'2009-04-09 20:02:04'),(78,'string','target','','','','',NULL,'2009-09-25 19:06:52'),(64,'string','target','','','','',NULL,'2009-03-18 22:18:48'),(64,'string','pagedata','','','','',NULL,'2009-03-18 22:18:48'),(64,'string','extra1','','','','',NULL,'2009-03-18 22:18:48'),(64,'string','extra2','','','','',NULL,'2009-03-18 22:18:48'),(64,'string','extra3','','','','',NULL,'2009-03-18 22:18:48'),(64,'string','Sidebar','','','','',NULL,'2009-03-18 22:18:48'),(65,'string','target','','','','',NULL,'2009-03-18 22:18:50'),(65,'string','pagedata','','','','',NULL,'2009-03-18 22:18:50'),(65,'string','extra1','','','','',NULL,'2009-03-18 22:18:50'),(65,'string','extra2','','','','',NULL,'2009-03-18 22:18:50'),(65,'string','extra3','','','','',NULL,'2009-03-18 22:18:50'),(65,'string','Sidebar','','','','',NULL,'2009-03-18 22:18:50'),(66,'string','content_en','','','','<div id=\"img_main\"><img src=\"uploads/images/images_contenu/conduite_remorquejpg.jpg\" alt=\"\" /></div>\r\n<p><!-- --> Vous voulez vous entrainer avec une remorque:</p>\r\n<ul>\r\n<li> Acheter une remorque, oui, mais il faut aussi pouvoir manœuvrer et rouler avec; </li>\r\n</ul>\r\n<p><br /> Je vous propose les services d\'un moniteur breveté à bord d\'un véhicule équipé «auto-école».</p>\r\n<p>Pour 1 heure, ou 2 ou ... (selon vos désirs)</p>\r\n<p> </p>',NULL,'2009-03-18 22:18:53'),(66,'string','target','','','','',NULL,'2009-03-18 22:18:53'),(66,'string','pagedata','','','','',NULL,'2009-03-18 22:18:53'),(66,'string','extra1','','','','',NULL,'2009-03-18 22:18:53'),(66,'string','extra2','','','','',NULL,'2009-03-18 22:18:53'),(66,'string','extra3','','','','',NULL,'2009-03-18 22:18:53'),(66,'string','Sidebar','','','','',NULL,'2009-03-18 22:18:53'),(67,'string','target','','','','',NULL,'2009-01-06 10:55:29'),(67,'string','pagedata','','','','',NULL,'2009-01-06 10:55:29'),(67,'string','extra1','','','','',NULL,'2009-01-06 10:55:29'),(67,'string','extra2','','','','',NULL,'2009-01-06 10:55:29'),(67,'string','extra3','','','','',NULL,'2009-01-06 10:55:29'),(67,'string','Sidebar','','','','',NULL,'2009-01-06 10:55:29'),(68,'string','target','','','','',NULL,'2009-09-06 21:01:23'),(68,'string','pagedata','','','','',NULL,'2009-09-06 21:01:23'),(68,'string','extra1','','','','',NULL,'2009-09-06 21:01:23'),(68,'string','extra2','','','','',NULL,'2009-09-06 21:01:23'),(68,'string','extra3','','','','',NULL,'2009-09-06 21:01:23'),(68,'string','Sidebar','','','','',NULL,'2009-09-06 21:01:23'),(69,'string','target','','','','',NULL,'2009-01-06 11:03:09'),(69,'string','pagedata','','','','',NULL,'2009-01-06 11:03:09'),(69,'string','extra1','','','','',NULL,'2009-01-06 11:03:09'),(69,'string','extra2','','','','',NULL,'2009-01-06 11:03:09'),(69,'string','extra3','','','','',NULL,'2009-01-06 11:03:09'),(69,'string','Sidebar','','','','',NULL,'2009-01-06 11:03:09'),(81,'string','extra3','','','','',NULL,'2009-09-25 19:07:20'),(70,'string','target','','','','',NULL,'2009-09-06 21:08:32'),(70,'string','extra1','','','','',NULL,'2009-09-06 21:08:32'),(70,'string','extra2','','','','',NULL,'2009-09-06 21:08:32'),(70,'string','extra3','','','','',NULL,'2009-09-06 21:08:32'),(70,'string','Sidebar','','','','',NULL,'2009-09-06 21:08:32'),(71,'string','target','','','','',NULL,'2009-01-06 11:05:19'),(71,'string','pagedata','','','','',NULL,'2009-01-06 11:05:19'),(71,'string','extra1','','','','',NULL,'2009-01-06 11:05:19'),(71,'string','extra2','','','','',NULL,'2009-01-06 11:05:19'),(71,'string','extra3','','','','',NULL,'2009-01-06 11:05:19'),(71,'string','Sidebar','','','','',NULL,'2009-01-06 11:05:19'),(72,'string','target','','','','',NULL,'2009-01-06 10:45:58'),(72,'string','pagedata','','','','',NULL,'2009-01-06 10:45:58'),(72,'string','extra1','','','','',NULL,'2009-01-06 10:45:58'),(72,'string','extra2','','','','',NULL,'2009-01-06 10:45:58'),(72,'string','extra3','','','','',NULL,'2009-01-06 10:45:58'),(72,'string','Sidebar','','','','',NULL,'2009-01-06 10:45:58'),(73,'string','target','','','','',NULL,'2009-01-06 10:51:38'),(73,'string','pagedata','','','','',NULL,'2009-01-06 10:51:38'),(73,'string','extra1','','','','',NULL,'2009-01-06 10:51:38'),(73,'string','extra2','','','','',NULL,'2009-01-06 10:51:38'),(73,'string','extra3','','','','',NULL,'2009-01-06 10:51:38'),(73,'string','Sidebar','','','','',NULL,'2009-01-06 10:51:38'),(74,'string','target','','','','',NULL,'2009-09-06 21:01:56'),(74,'string','pagedata','','','','',NULL,'2009-09-06 21:01:56'),(74,'string','extra1','','','','',NULL,'2009-09-06 21:01:56'),(74,'string','extra2','','','','',NULL,'2009-09-06 21:01:56'),(74,'string','extra3','','','','',NULL,'2009-09-06 21:01:56'),(74,'string','Sidebar','','','','',NULL,'2009-09-06 21:01:56'),(75,'string','target','','','','',NULL,'2009-01-06 10:59:20'),(75,'string','pagedata','','','','',NULL,'2009-01-06 10:59:20'),(75,'string','extra1','','','','',NULL,'2009-01-06 10:59:20'),(75,'string','extra2','','','','',NULL,'2009-01-06 10:59:20'),(75,'string','extra3','','','','',NULL,'2009-01-06 10:59:20'),(75,'string','Sidebar','','','','',NULL,'2009-01-06 10:59:20'),(78,'string','extra3','','','','',NULL,'2009-09-25 19:06:52'),(79,'string','target','','','','',NULL,'2009-09-25 19:05:23'),(79,'string','pagedata','','','','',NULL,'2009-09-25 19:05:23'),(79,'string','extra1','','','','',NULL,'2009-09-25 19:05:23'),(79,'string','extra2','','','','',NULL,'2009-09-25 19:05:23'),(79,'string','extra3','','','','',NULL,'2009-09-25 19:05:23'),(78,'string','extra2','','','','',NULL,'2009-09-25 19:06:52'),(76,'string','target','','','','',NULL,'2009-03-01 20:42:36'),(76,'string','pagedata','','','','',NULL,'2009-03-01 20:42:36'),(76,'string','extra1','','','','',NULL,'2009-03-01 20:42:36'),(76,'string','extra2','','','','',NULL,'2009-03-01 20:42:36'),(76,'string','extra3','','','','',NULL,'2009-03-01 20:42:36'),(51,'string','content_en','','','','<p><!-- --> «Passionné par tout ce qui a un moteur et qui sens l\'essence ou le mazout, sauf les tondeuses et les motoculteurs», comme il le dit lui-même; Jacques Löfgen, après avoir obtenu son diplôme d\'enseignant et travaillé un peu dans ce domaine, s\'est très vite retrouvé dans le transport.</p>\r\n<p>Il y a rempli diverses fonctions: de chauffeur remplaçant à dispatch en passant par formateur, recruteur, magasinier, assistant garage et tout ce qu\'on peut trouver dans une société de transport.</p>\r\n<p>Mais la plus grande partie de son travail était de faire le lien entre la direction de l\'entreprise et les gens de terrain.</p>\r\n<p>Il connaît donc aussi bien les soucis du patron que ceux des chauffeurs !</p>\r\n<p>Il va sans dire qu\'il est possesseur de tous les permis.</p>\r\n<p>En parallèle de cela, il a également divers brevets de moniteur d\'auto-école, le permis ADR et le brevet de conseiller en prévention ADR.</p>\r\n<p>On peut dire qu\'il combine idéalement la théorie et la pratique.</p>\r\n<p>Tout comme les différentes personnes de l\'équipe avec qui il travaille régulièrement.</p>\r\n<p>Comme le slogan «Safety on the Road» l\'indique, le principal souci de J.L.S. est de rendre les routes plus sûres.</p>\r\n<p>Pour y arriver J.L.S. propose ses services, aussi bien à ceux qui n\'ont pas encore leur permis de conduire qu\'aux vieux loups de la route.</p>\r\n<p>Bon surf et n\'hésitez pas à revenir souvent.</p>',NULL,'2009-03-11 21:23:24'),(61,'string','content_en','','','','<p>Un résumé des informations au sujet de l\'obligation de l\'obtention du CAP pour les nouveaux possesseurs de permis C et D (et sous-catégories) ainsi qu\'au sujet de l\'obligation de formation continue pour les chauffeurs C et D (et sous-catégories) :</p>\r\n<p><a href=\"uploads/images/PDF/FormContWeb.pdf\" target=\"_blank\"><img src=\"uploads/images/images_contenu/logo_pdf.jpg\" alt=\"\" width=\"98\" height=\"98\" /> Résumé des informations sur le CAP et la formation continue.</a></p>\r\n<p> </p>\r\n<p>La brochure de l\'IBSR du 4ème trimestre 2008 traitant, entre-autres choses des accidents de camion.</p>\r\n<p><a href=\"/uploads/images/PDF/viasecura78.pdf\" target=\"_blank\"><img src=\"uploads/images/images_contenu/logo_pdf.jpg\" alt=\"\" width=\"98\" height=\"98\" /> Brochure VIA SECURA 78 (2.8 Mb)</a></p>',NULL,'2009-03-12 20:45:40'),(72,'string','content_en','','','','<div id=\"img_main\"><img src=\"uploads/images/images_contenu/presentation_voiture.jpg\" alt=\"\" /></div>\n<p><!-- --> Vous avez de bons véhicules,</p>\n<p>Vous avez un beau catalogue,</p>\n<p>Mais vos vendeurs, vos clients ou vos prospects connaissent-ils vraiment les qualités dynamiques de vos véhicules?</p>\n<p>Avec une équipe combinant un sens commercial, la connaissance des véhicules, la connaissance des langues et la passion du secteur, nous soutenons vos équipes de vente en réalisant:</p>\n<ul>\n<li>Des présentations statiques, </li>\n<li>Des présentations dynamiques, </li>\n<li>De la conduite accompagnée, ... </li>\n</ul>\n<p><br />Du choix du parcours à la gestion administrative des documents, ou bien simplement à disposition de votre structure, nous sommes là pour vous</p>\n<ul>\n<li> Aussi bien au volant d\'une voiture, que d\'un poids lourd ou au guidon d\'une moto. <br /></li>\n</ul>\n<p>Pour vos portes-ouvertes, vos lancements de nouveaux modèles ou pour une présentation à un client important, n\'hésitez pas à nous contacter, nous nous ferons un plaisir d\'élaborer une solution avec vous.</p>\n<p> </p>',NULL,'2009-01-06 10:45:58'),(73,'string','content_en','','','','<div id=\"img_main\"><img src=\"uploads/images/images_contenu/presentation_camion.jpg\" alt=\"\" /></div>\r\n<p><!-- --> Vous avez de bons véhicules,</p>\r\n<p>Vous avez un beau catalogue,</p>\r\n<p>Mais vos vendeurs, vos clients ou vos prospects connaissent-ils vraiment les qualités dynamiques de vos véhicules?</p>\r\n<p>Avec une équipe combinant un sens commercial, la connaissance des véhicules, la connaissance des langues et la passion du secteur, nous soutenons vos équipes de vente en réalisant:</p>\r\n<ul>\r\n<li>Des présentations statiques, </li>\r\n<li> Des présentations dynamiques, </li>\r\n<li> De la conduite accompagnée, ... </li>\r\n</ul>\r\n<p><br />Du choix du parcours à la gestion administrative des documents, ou bien simplement à disposition de votre structure, nous sommes là pour vous</p>\r\n<p>Pour vos portes-ouvertes, vos lancements de nouveaux modèles ou pour une présentation à un client important, n\'hésitez pas à nous contacter, nous nous ferons un plaisir d\'élaborer une solution avec vous.</p>\r\n<p>Pour que la vente d\'un véhicule ne soit pas une fin en soi, mais le début de la vente suivante chez votre client, il est important que l\'utilisateur de votre véhicule le connaisse de manière complète.</p>\r\n<p>Les constructeurs investissent des sommes folles pour moderniser leurs véhicules, les rendre plus économiques, plus confortables, plus modulables, plus ...</p>\r\n<p>Les chauffeurs sont ils informés de toutes ces nouveautés?</p>\r\n<ul>\r\n<li>Formation lors de la livraison du camion au chauffeur d\'une heure à une journée. </li>\r\n<li>Formation après quelques semaines d\'utilisation, </li>\r\n<li>... </li>\r\n</ul>\r\n<p><br />Contactez nous, ensemble nous élaborerons votre programme «sur mesure».</p>\r\n<p> </p>',NULL,'2009-01-06 10:51:38'),(79,'string','content_en','','','','<div id=\"img_main\"><img src=\"uploads/images/images_contenu/tachygraphe.jpg\" alt=\"\" /></div>\r\n<p>Le nombre d\'amendes dues à une mauvaise utilisation du tachygraphe sont désormais quasi aussi nombreuses que celles liées à un non respect du temps de conduite et de repos !</p>\r\n<p>Lorsque vos nouveaux véhicules sont arrivés dans votre parc, combien de temps avez-vous consacré à l\'explication sur l\'utilisation du tachygraphe digital ?</p>\r\n<p>Le remplacement de la pause de 45 minutes par une de 15 minutes et une de 30 minutes (et pas l\'inverse) n\'est qu\'un des aspects qui coûtent beaucoup au transport.</p>\r\n<p>Ne serait-il pas temps de consacrer du temps de formation à ces aspects ?</p>',NULL,'2009-09-25 19:05:23'),(80,'string','target','','','','',NULL,'2009-09-25 19:05:55'),(80,'string','pagedata','','','','',NULL,'2009-09-25 19:05:55'),(80,'string','extra1','','','','',NULL,'2009-09-25 19:05:55'),(80,'string','extra2','','','','',NULL,'2009-09-25 19:05:55'),(80,'string','extra3','','','','',NULL,'2009-09-25 19:05:55'),(81,'string','target','','','','',NULL,'2009-09-25 19:07:20'),(81,'string','pagedata','','','','',NULL,'2009-09-25 19:07:20'),(81,'string','extra1','','','','',NULL,'2009-09-25 19:07:20'),(81,'string','extra2','','','','',NULL,'2009-09-25 19:07:20'),(74,'string','content_en','','','','<div id=\"img_main\"><img src=\"uploads/images/images_contenu/cours_speciaux_documents.jpg\" alt=\"\" /></div>\r\n<p>Tout spécialement pour les transporteurs:</p>\r\n<p>De nos jours, en plus de savoir bien conduire un camion, vos chauffeurs doivent aussi:</p>\r\n<ul>\r\n<li>Être secrétaire, </li>\r\n<li>Être juriste, </li>\r\n<li>Être informaticien, </li>\r\n<li>Être commerciaux, ... </li>\r\n</ul>\r\n<p><br />Afin de leur donner les outils nécessaires pour être des chauffeurs professionnels et faire la différence avec la concurrence, la formation est la priorité.</p>\r\n<p>De la formation «Documents» CMR, constat, feuille de route à la sélection de votre personnel en passant par la conduite économique, la diminution des accidents ou les temps de conduite et de repos, nous pouvons aborder une vaste palette de sujets.</p>\r\n<p>Contactez nous, nous nous ferons un plaisir de vous rencontrer pour en discuter.</p>',NULL,'2009-09-06 21:01:56'),(70,'string','pagedata','','','','',NULL,'2009-09-06 21:08:32'),(56,'string','content_en','','','','<p>Jacques Löfgen Services -att. Jacques Löfgen - Rue de la Saint Jean 14 - 4960 Malmedy - Belgique<br />GSM : +32 (0)479/21.65.50 - Courriel : <a href=\"mailto:info@jls-sprl.be\">info@jls-sprl.be</a></p>\r\n<div id=\"contact_form\">\r\n<div id=\"div_question\"><form id=\"form_question\" action=\"lib/ajax_form/ajax_contact.php\" accept-charset=\"UNKNOWN\" enctype=\"application/x-www-form-urlencoded\" method=\"post\">\r\n<p>* = obligatoire</p>\r\n<fieldset>\r\n<div class=\"column\">\r\n<p><label for=\"titreinput\">Titre :</label> <select id=\"titreinput\" name=\"titre\" tabindex=\"1\"> <option selected=\"65535\" value=\"Monsieur\">Monsieur</option><option value=\"Madame\">Madame</option><option value=\"Mademoiselle\">Mademoiselle</option><option value=\"Docteur\">Docteur</option></select></p>\r\n<p><label for=\"surnameinput\">* Prénom :</label> <input id=\"surnameinput\" name=\"surname\" size=\"27\" type=\"text\" tabindex=\"2\"/></p>\r\n<p><label for=\"societeinput\">Société :</label> <input id=\"societeinput\" name=\"societe\" size=\"27\" type=\"text\" tabindex=\"4\"/></p>\r\n<p><label for=\"fonctioninput\">Fonction :</label> <input id=\"fonctioninput\" name=\"fonction\" size=\"27\" type=\"text\" tabindex=\"6\"/></p>\r\n<p><label for=\"adresseinput\">Adresse :</label> <input id=\"adresseinput\" name=\"adresse\" size=\"27\" type=\"text\" tabindex=\"7\"/></p>\r\n<p><label for=\"codepostalinput\">Code Postal :</label> <input id=\"codepostalinput\" name=\"codepostal\" size=\"27\" type=\"text\" tabindex=\"8\"/></p>\r\n<p><label for=\"paysinput\">Pays :</label> <input id=\"paysinput\" name=\"pays\" size=\"27\" type=\"text\" tabindex=\"10\"/></p>\r\n<p><label for=\"emailinput\">* Adresse email:</label> <input id=\"emailinput\" name=\"email\" size=\"27\" type=\"text\" tabindex=\"11\"/></p>\r\n<p><label for=\"telephoneinput\">* Téléphone :</label> <input id=\"telephoneinput\" name=\"telephone\" size=\"27\" type=\"text\" tabindex=\"13\"/></p>\r\n<p><label for=\"tvainput\">TVA :</label> <input id=\"tvainput\" name=\"tva\" size=\"27\" type=\"text\" tabindex=\"14\"/></p>\r\n</div>\r\n<div class=\"column\">\r\n<p> </p>\r\n<p><label for=\"nameinput\">* Nom :</label> <input id=\"nameinput\" name=\"name\" size=\"27\" type=\"text\" tabindex=\"3\"/></p>\r\n<p><label for=\"secteurinput\">Secteur :</label> <input id=\"secteurinput\" name=\"secteur\" size=\"27\" type=\"text\" tabindex=\"5\"/></p>\r\n<p> </p>\r\n<p> </p>\r\n<p><label for=\"localiteinput\">* Localite :</label> <input id=\"localiteinput\" name=\"localite\" size=\"27\" type=\"text\" tabindex=\"9\"/></p>\r\n<p> </p>\r\n<p><label for=\"webinput\">Page Web:</label> <input id=\"webinput\" name=\"web\" size=\"27\" type=\"text\" tabindex=\"12\"/></p>\r\n</div>\r\n<div class=\"message\">\r\n<p><label for=\"messageinput\"tabindex=\"1\">* Message:</label> <textarea id=\"messageinput\" cols=\"70\" rows=\"8\" name=\"message\" tabindex=\"15\"></textarea></p>\r\n</div>\r\n<div class=\"valid\"><input class=\"button\" onclick=\"SendFormQuestion(\'div_question\')\" name=\"Valider\" size=\"20\" type=\"button\" value=\"Valider\" tabindex=\"16\"/></div>\r\n</fieldset> </form></div>\r\n</div>',NULL,'2009-03-12 09:09:46'),(31,'string','content_en',NULL,NULL,NULL,'asdf','2006-07-25 21:22:31','2006-07-25 21:22:31'),(32,'string','content_en',NULL,NULL,NULL,'asdf','2006-07-25 21:22:31','2006-07-25 21:22:31'),(78,'string','content_en','','','','<div id=\"img_main\"><img src=\"uploads/images/images_contenu/legisaltion_rout.jpg\" alt=\"\" /></div>\r\n<p>Le code de la route semble changer au gré des changements de ministres (ce qui n\'est pas peu dire en Belgique), vos chauffeurs sont-ils vraiment au courant des dernières nouveautés ?</p>\r\n<p>\"Qu\'en est-il des dépassements ? \", \" des limitations de vitesse ?\"; \"C\'est pour les 3.5 tonnes ou pour les 7.5 tonnes ?\"</p>\r\n<p>Ne serions-nous pas tous surpris si nous devions repasser le théorique aujourd\'hui ?</p>\r\n<p>Un judicieux mélange de tests pratiques (comme pour le permis) et de cours théoriques vous permettrons, à vous et vos chauffeurs de faire une \"piqure de rappel\".</p>\r\n<p>1/2 jour de formation pour remettre cela à jour sera vite rentabilisé !</p>\r\n<p>Cette formation peut-être combinée à un partie théorique et pratique sur route afin de (re)prendre les bonnes habitudes de la conduite \"préventive\".</p>',NULL,'2009-09-25 19:06:52'),(81,'string','content_en','','','','<div id=\"img_main\"><img src=\"uploads/images/images_contenu/utilisation_optimal.jpg\" alt=\"\" /></div>\r\n<p>Lorsque vous avez acheté votre (vos) nouveau(x) véhicule(s), vous avez pris le temps d\'analyser chaque détail, chaque option, l\'équipement, la motorisation et certainement le prix.</p>\r\n<p>Les fabricants améliorent sans cesse leurs technologies, à chaque génération, de nombreuse améliorations sont intégrées !</p>\r\n<p>Vos chauffeurs sont-ils informés de ces nouveautés et les utilisent-ils de manière optimale ?</p>\r\n<p>Si on trouve normal de former un(e) secrétaire à l\'arrivée d\'une nouvelle suite bureautique, pourquoi pas pour un chauffeur qui a la responsabilité d\'un véhicule de plusieurs dizaines de milliers d\'euro ?</p>\r\n<p>Un peu de présentation théorique et beaucoup de pratique sur la route, donneront toutes les informations pour permettre au chauffeur d\'utiliser son véhicule de manière efficace et optimale.</p>',NULL,'2009-09-25 19:07:20'),(70,'string','content_en','','','','<div id=\"img_main\"><img src=\"uploads/images/images_contenu/maitrise_camion.jpg\" alt=\"\" /></div>\r\nSur un site entièrement dédié à la sécurité et la maîtrise des véhicules, venez découvrir:\r\n<p> </p>\r\n<p>Avec un peu de théorie et beaucoup de pratique:</p>\r\n<ul>\r\n<li>Le freinage, </li>\r\n<li>Les évitements, </li>\r\n<li>La maîtrise du volant, </li>\r\n<li>La technique du regard, </li>\r\n<li>Le transfert de masses, </li>\r\n<li>Les virages, </li>\r\n<li>Le rond point, </li>\r\n</ul>\r\n<ul>\r\n<li>... </li>\r\n</ul>\r\n<p><br />Sur sols plus ou moins glissants, <br />A bord du camion du centre (Semi-remorque chargé) et à bord de vos véhicules.</p>\r\n<p>Et en exclusivité: Stage spécial «Roll-Over»</p>\r\n<ul>\r\n<li>Semi-remorque du Safe Driving équipé de roues latérales permettant d\'aller jusqu\'au renversement de la remorque sans risques. </li>\r\n</ul>\r\n<p><br />Ces cours se déroulent sur le site du Safe Driving d\'Andenne et avec l\'équipe de moniteurs professionnels du Safe Driving (www.safe-driving.be) N\'hésitez pas à nous en parler.</p>',NULL,'2009-09-06 21:08:32'),(68,'string','content_en','','','','<div id=\"img_main\"><img src=\"uploads/images/images_contenu/eco_camion.jpg\" alt=\"\" /></div>\r\n<p><!-- -->Parce que 1 litre de moins sur 100 Km multiplié par le nombre de véhicules de votre flotte, au prix où ça coute, pas besoin de longs calculs;</p>\r\n<p>Parce que la conduite «éco», ce n\'est pas que l\'économie de carburant, mais aussi de pneus, de freins, et moins de stress;</p>\r\n<p>Et tout cela sans se trainer sur la route pour autant.</p>\r\n<p>Nous élaborons pour vous un programme sur mesure répondant à vos besoins.</p>\r\n<ul>\r\n<li>Types de véhicules, </li>\r\n<li>Types de travail, </li>\r\n<li>Type de parcours, </li>\r\n<li>Priorités de l\'entreprise, </li>\r\n<li>... </li>\r\n</ul>\r\n<p><br />Et parce que la conduite «éco» n\'est pas uniquement une affaire de conduite, mais de gestion globale, nous cherchons ensemble une solution globale.</p>',NULL,'2009-09-06 21:01:23'),(80,'string','content_en','','','','<div id=\"img_main\"><img src=\"uploads/images/images_contenu/en_cas_accident.jpg\" alt=\"\" /></div>\r\n<p>Malgré tout votre professionnalisme et celui de vos chauffeurs, cela n\'arrive malheureusement pas qu\'aux autres !</p>\r\n<p>Une fois que l\'accident à eu lieu, à quoi penser en premier, que faire dans quel ordre ?</p>\r\n<p>Le constat d\'accident, bien rempli, il peut vous aidez et accélérer votre indemnisation, mal rempli, quel en sont les conséquences ?</p>\r\n<p>Là encore, quelques heures de formation peuvent vous faire économiser (voir gagner) beaucoup de temps et d\'argent !</p>',NULL,'2009-09-25 19:05:55'),(67,'string','content_en','','','','<div id=\"img_main\"><img src=\"uploads/images/images_contenu/eco_voiture.jpg\" alt=\"\" /></div>\r\n<p><!-- --> Vous êtes conscient que la conduite «éco» n\'est pas seulement un phénomène de mode, mais une nécessité économique, écologique et même sociologique,</p>\r\n<ul>\r\n<li> Un parcours varié et complet à bord de notre véhicule équipé d\'un ordinateur mesurant votre consommation, </li>\r\n<li>Une explication «théorique» sur la conduite «éco» </li>\r\n<li>Le même parcours en appliquant les «trucs» vu juste avant </li>\r\n<li>Voyons les résultats obtenus.</li>\r\n</ul>',NULL,'2009-01-06 10:55:29'),(75,'string','content_en','','','','<div id=\"img_main\"><img src=\"uploads/images/images_contenu/cours_speciaux_equipe.jpg\" alt=\"\" /></div>\r\n<p>Tout spécialement pour les transporteurs:</p>\r\n<p>De nos jours, en plus de savoir bien conduire un camion, vos chauffeurs doivent aussi:</p>\r\n<ul>\r\n<li>Être secrétaire, </li>\r\n<li>Être juriste, </li>\r\n<li>Être informaticien, </li>\r\n<li>Être commerciaux, ... </li>\r\n</ul>\r\n<p><br />Afin de leur donner les outils nécessaires pour être des chauffeurs professionnels et faire la différence avec la concurrence, la formation est la priorité.</p>\r\n<p>De la formation d\'1/2 jour au suivi complet de votre équipe, nous pouvons trouver une solution avec vous.</p>\r\n<p>De la formation «Documents» CMR, constat, feuille de route à la sélection de votre personnel en passant par la conduite économique, la diminution des accidents ou les temps de conduite et de repos, nous pouvons aborder une vaste palette de sujets.</p>\r\n<p>Contactez nous, nous nous ferons un plaisir de vous rencontrer pour en discuter.</p>',NULL,'2009-01-06 10:59:20'),(76,'string','content_en','','','','<div id=\"galerie\">\r\n<div><a rel=\"lightbox[set]\" href=\"uploads/images/galerie/Galerie-photo_G/Galerie-photo_G_1.jpg\"><img src=\"uploads/images/galerie/Galerie-photo_P/Galerie-photo_P_1.jpg\" alt=\"\" width=\"133\" height=\"100\" /></a></div>\r\n<div><a rel=\"lightbox[set]\" href=\"uploads/images/galerie/Galerie-photo_G/Galerie-photo_G_2.jpg\"><img src=\"uploads/images/galerie/Galerie-photo_P/Galerie-photo_P_2.jpg\" alt=\"\" width=\"133\" height=\"100\" /></a></div>\r\n<div><a rel=\"lightbox[set]\" href=\"uploads/images/galerie/Galerie-photo_G/Galerie-photo_G_3.jpg\"><img src=\"uploads/images/galerie/Galerie-photo_P/Galerie-photo_P_3.jpg\" alt=\"\" width=\"133\" height=\"100\" /></a></div>\r\n<div><a rel=\"lightbox[set]\" href=\"uploads/images/galerie/Galerie-photo_G/Galerie-photo_G_4.jpg\"><img src=\"uploads/images/galerie/Galerie-photo_P/Galerie-photo_P_4.jpg\" alt=\"\" width=\"133\" height=\"100\" /></a></div>\r\n<div><a rel=\"lightbox[set]\" href=\"uploads/images/galerie/Galerie-photo_G/Galerie-photo_G_5.jpg\"><img src=\"uploads/images/galerie/Galerie-photo_P/Galerie-photo_P_5.jpg\" alt=\"\" width=\"133\" height=\"100\" /></a></div>\r\n<div><a rel=\"lightbox[set]\" href=\"uploads/images/galerie/Galerie-photo_G/Galerie-photo_G_6.jpg\"><img src=\"uploads/images/galerie/Galerie-photo_P/Galerie-photo_P_6.jpg\" alt=\"\" width=\"133\" height=\"100\" /></a></div>\r\n<div><a rel=\"lightbox[set]\" href=\"uploads/images/galerie/Galerie-photo_G/Galerie-photo_G_7.jpg\"><img src=\"uploads/images/galerie/Galerie-photo_P/Galerie-photo_P_7.jpg\" alt=\"\" width=\"133\" height=\"100\" /></a></div>\r\n<div><a rel=\"lightbox[set]\" href=\"uploads/images/galerie/Galerie-photo_G/Galerie-photo_G_8.jpg\"><img src=\"uploads/images/galerie/Galerie-photo_P/Galerie-photo_P_8.jpg\" alt=\"\" width=\"133\" height=\"100\" /></a></div>\r\n<div><a rel=\"lightbox[set]\" href=\"uploads/images/galerie/Galerie-photo_G/Galerie-photo_G_9.jpg\"><img src=\"uploads/images/galerie/Galerie-photo_P/Galerie-photo_P_9.jpg\" alt=\"\" width=\"133\" height=\"100\" /></a></div>\r\n<div><a rel=\"lightbox[set]\" href=\"uploads/images/galerie/Galerie-photo_G/Galerie-photo_G_10.jpg\"><img src=\"uploads/images/galerie/Galerie-photo_P/Galerie-photo_P_10.jpg\" alt=\"\" width=\"133\" height=\"100\" /></a></div>\r\n<div><a rel=\"lightbox[set]\" href=\"uploads/images/galerie/Galerie-photo_G/Galerie-photo_G_11.jpg\"><img src=\"uploads/images/galerie/Galerie-photo_P/Galerie-photo_P_11.jpg\" alt=\"\" width=\"133\" height=\"100\" /></a></div>\r\n<div><a rel=\"lightbox[set]\" href=\"uploads/images/galerie/Galerie-photo_G/Galerie-photo_G_12.jpg\"><img src=\"uploads/images/galerie/Galerie-photo_P/Galerie-photo_P_12.jpg\" alt=\"\" width=\"133\" height=\"100\" /></a></div>\r\n<div><a rel=\"lightbox[set]\" href=\"uploads/images/galerie/Galerie-photo_G/Galerie-photo_G_13.jpg\"><img src=\"uploads/images/galerie/Galerie-photo_P/Galerie-photo_P_13.jpg\" alt=\"\" width=\"133\" height=\"100\" /></a></div>\r\n<div><a rel=\"lightbox[set]\" href=\"uploads/images/galerie/Galerie-photo_G/Galerie-photo_G_14.jpg\"><img src=\"uploads/images/galerie/Galerie-photo_P/Galerie-photo_P_14.jpg\" alt=\"\" width=\"133\" height=\"100\" /></a></div>\r\n<div><a rel=\"lightbox[set]\" href=\"uploads/images/galerie/Galerie-photo_G/Galerie-photo_G_15.jpg\"><img src=\"uploads/images/galerie/Galerie-photo_P/Galerie-photo_P_15.jpg\" alt=\"\" width=\"133\" height=\"100\" /></a></div>\r\n</div>',NULL,'2009-03-01 20:42:36'),(64,'string','content_en','','','','<div id=\"img_main\"><img src=\"uploads/images/images_contenu/passe_votre_permis1.jpg\" alt=\"\" /></div>\r\n<p><!-- -->Vous n\'avez pas encore votre permis de conduire :</p>\r\n<ul>\r\n<li>Vous avez réussi votre théorique, mais avant de prendre la route avec un guide, vous voulez apprendre les bases avec un moniteur d\'auto-école dans un véhicule à double commandes ; </li>\r\n<li>Vous avez déjà essayé avec un guide, mais ce n\'est pas encore ça; </li>\r\n<li>Vous vous débrouillez pas mal en conduite, mais un ou l\'autre point vous pose problème (l\'autoroute, la conduite nocturne, les manœuvres, ...); </li>\r\n<li>Vous vous débrouillez pas mal en conduite, mais cela ne vous ferait pas de tort de faire quelques parcours de type «examen» avant le grand jour; </li>\r\n</ul>\r\n<p><br />Je vous propose les services d\'un moniteur breveté à bord d\'un véhicule équipé «auto-école».</p>\r\n<p>Pour 1 heure, ou 2 ou ... (selon vos désirs) Dans les cas où des heures dans une école de conduite agréée doivent être faites, cela se déroule en collaboration avec l\'auto-école New Driving (<a href=\"http://www.newdriving.be\" target=\"_blank\">www.newdriving.be</a>).</p>\r\n<p> </p>',NULL,'2009-03-18 22:18:48'),(65,'string','content_en','','','','<div id=\"img_main\"><img src=\"uploads/images/images_contenu/passe_votre_permis.jpg\" alt=\"\" /></div>\r\n<ul>\r\n<li>Vous avez eu votre permis il y a pas mal d\'année et vous n\'avez plus pris le volant depuis longtemps; </li>\r\n<li>Votre mari / votre femme n\'est plus là pour vous conduire et vous voulez réapprendre; </li>\r\n<li>Vous savez conduire, mais certaines situations vous font paniquer, vous empêchent de vous déplacer librement: p. ex.: prendre l\'autoroute, rouler en ville, rouler le soir, ... </li>\r\n</ul>\r\n<p><br />Pour toutes ces situations, et bien d\'autres encore,</p>\r\n<p>Je vous propose les services d\'un moniteur breveté à bord d\'un véhicule équipé «auto-école».</p>\r\n<p>Pour 1 heure, ou 2 ou ... (selon vos désirs)</p>\r\n<p> </p>',NULL,'2009-03-18 22:18:50'),(15,'string','content_en','','','','<div id=\"img_main\">\r\n<div id=\"CustomSlideshow\"><a href=\"uploads/images/diaporama/d-photo.jpg\">Slide no.1</a> <a href=\"uploads/images/diaporama/d-photo1.jpg\">Slide no.2</a> <a href=\"uploads/images/diaporama/d-photo2.jpg\">Slide no.3</a> <a href=\"uploads/images/diaporama/d-photo3.jpg\">Slide no.4</a> <a href=\"uploads/images/diaporama/d-photo4.jpg\">Slide no.5</a> <a href=\"uploads/images/diaporama/d-photo5.jpg\">Slide no.6</a></div>\r\n</div>\r\n<p>Jacques Löfgen Services, votre partenaire pour tout ce qui touche de près ou de loin à votre mobilité !</p>\r\n<ul>\r\n<li>Vous êtes transporteur ou chauffeur et vous voulez suivre des modules agréés dans le cadre de la formation continue (obligatoire à partir du 10/09/2009)*;</li>\r\n<li>Vous voulez vous former à l’éco-conduite en voiture ou en poids-lourd ;</li>\r\n<li>Vous désirez passer votre permis (en filière libre ou par auto-école) ;</li>\r\n<li>Vous désirez découvrir vos limites et celles d’un véhicule (camion, auto ou moto) ;</li>\r\n<li>Vous voulez présenter votre véhicule à vos clients de manière dynamique ;</li>\r\n<li>Vous voulez (in)former vos clients sur les spécificités de vos véhicules ;</li>\r\n<li>Vous voulez vous « remettre à jour »au niveau de la législation, de la conduite, des manœuvres ou simplement reprendre le volant après l’avoir quitté longtemps ;</li>\r\n<li>...</li>\r\n</ul>\r\n<p>J.L.S. est à votre service.</p>\r\n<p>Bonne visite du site et au plaisir de vous rencontrer très prochainement.</p>\r\n<p>Jacques Löfgen.</p>\r\n<p>Une grande partie des formations présentées sur ce site se font en étroite collaboration avec l\'équipe de Formax (<a href=\"http://www.formax.be\" target=\"_blank\">www.formax.be</a>), de New Driving (<a href=\"http://www.newdriving.be\" target=\"_blank\">www.newdriving.be</a>) et du Safe Driving (<a href=\"http://www.safedriving.be\" target=\"_blank\">www.safedriving.be</a>)</p>\r\n<p>* pour la formation continue chauffeurs, contactez-nous pour connaître les modules agrées. Certains modules sont déjà agrées grâce à l\'équipe du Safe Driving et d\'autres sont en cours d\'agréation par Amacole/New Driving.</p>',NULL,'2009-09-06 21:04:21'),(55,'string','content_en','','','','<p>A cet endroit, vous trouverez des liens vers divers sites externes (clients, fournisseurs, sources d\'information, ...),</p>\r\n<p>Mais également des informations rassemblées et compilées au cours de réunions, rencontres et lectures diverses.</p>\r\n<p>Si vous pensez connaître des informations qui auraient leur place ici, merci de me les envoyer, je me ferai un plaisir de les intégrer après vérification.</p>',NULL,'2009-03-11 21:30:00');

--
-- Table structure for table `content_props_seq`
--

CREATE TABLE `content_props_seq` (
  `id` int(11) NOT NULL
) ENGINE=MyISAM DEFAULT CHARSET=latin1;

--
-- Dumping data for table `content_props_seq`
--

INSERT INTO `content_props_seq` VALUES (50);

--
-- Table structure for table `content_seq`
--

CREATE TABLE `content_seq` (
  `id` int(11) NOT NULL
) ENGINE=MyISAM DEFAULT CHARSET=latin1;

--
-- Dumping data for table `content_seq`
--

INSERT INTO `content_seq` VALUES (81);

--
-- Table structure for table `crossref`
--

CREATE TABLE `crossref` (
  `child_type` varchar(100) default NULL,
  `child_id` int(11) default NULL,
  `parent_type` varchar(100) default NULL,
  `parent_id` int(11) default NULL,
  `create_date` datetime default NULL,
  `modified_date` datetime default NULL,
  KEY `index_crossref_by_child_type_child_id` (`child_type`,`child_id`),
  KEY `index_crossref_by_parent_type_parent_id` (`parent_type`,`parent_id`)
) ENGINE=MyISAM DEFAULT CHARSET=latin1;

--
-- Dumping data for table `crossref`
--

INSERT INTO `crossref` VALUES ('global_content',1,'template',16,'2008-11-12 11:03:33','2008-11-12 11:03:33');

--
-- Table structure for table `css`
--

CREATE TABLE `css` (
  `css_id` int(11) NOT NULL,
  `css_name` varchar(255) default NULL,
  `css_text` text,
  `media_type` varchar(255) default NULL,
  `create_date` datetime default NULL,
  `modified_date` datetime default NULL,
  PRIMARY KEY  (`css_id`),
  KEY `index_css_by_css_name` (`css_name`)
) ENGINE=MyISAM DEFAULT CHARSET=latin1;

--
-- Dumping data for table `css`
--

INSERT INTO `css` VALUES (41,'Handheld','/*********************************************\r\nSample stylesheet for mobile and small screen handheld devices\r\n\r\nJust a simple layout suitable for smaller screens with less \r\nstyling cabapilities and minimal css\r\n\r\nNote: If you dont want to support mobile devices you can\r\nsafely remove this stylesheet.\r\n*********************************************/\r\n/* remove all padding and margins and set width to 100%. This should be default for handheld devices but its good to set these explicitly */\r\nbody {\r\nmargin:0;\r\npadding:0;\r\nwidth:100%;\r\n}\r\n\r\n/* hide accessibility noprint and definition */\r\n.accessibility,\r\n.noprint,\r\ndfn {\r\ndisplay:none;\r\n}\r\n\r\n/* dont want to download image for header so just set bg color */\r\ndiv#header,\r\ndiv#footer {\r\nbackground-color: #385C72;  \r\ncolor: #fff;\r\ntext-align:center;\r\n}\r\n\r\n/* text colors for header and footer */\r\ndiv#header a,\r\ndiv#footer a {\r\ncolor: #fff;\r\n}\r\n\r\n/* this doesnt look as nice, but takes less space */\r\ndiv#menu_vert ul li,\r\ndiv#menu_horiz ul li {\r\ndisplay:inline;\r\n}\r\n\r\n/* small border at the bottom to have some indicator */\r\ndiv#menu_vert ul,\r\ndiv#menu_horiz ul {\r\nborder-bottom:1px solid #fff;\r\n}\r\n\r\n/* save some space */\r\ndiv.breadcrumbs {\r\ndisplay:none;\r\n}','handheld','2006-07-25 21:22:32','2006-07-25 21:22:32'),(31,'Accessibility and cross-browser tools','/* accessibility */\r\n\r\n/* \r\nmenu links accesskeys \r\n*/\r\nspan.accesskey {\r\n   text-decoration:none;\r\n}\r\n\r\n/* \r\naccessibility divs are hidden by default \r\ntext, screenreaders and such will show these \r\n*/\r\n.accessibility, hr {\r\n   position: absolute;\r\n   top: -999em;\r\n   left: -999em;\r\n}\r\n\r\n/* \r\ndefinition tags are also hidden \r\nthese are also used for menu links    \r\n*/\r\ndfn {\r\n   position: absolute;\r\n   left: -1000px;\r\n   top: -1000px;\r\n   width: 0;\r\n   height: 0;\r\n   overflow: hidden;\r\n   display: inline;\r\n}\r\n/* end accessibility */\r\n\r\n\r\n/* wiki style external links */\r\n/* external links will have \"(external link)\" text added, lets hide it */\r\na.external span {\r\n  position: absolute;\r\n  left: -5000px;\r\n  width: 4000px;\r\n}\r\n\r\n/* make some room for the image */\r\na.external {\r\n/* css shorthand rules, read: first top padding 0 then right padding 12px then bottom then right */\r\n  padding: 0 12px 0 0;\r\n}\r\n/* colors for external links */\r\na.external:link {\r\n  color: #18507C;\r\n/* background image for the link to show wiki style arrow */\r\n  background: url(images/cms/external.gif) no-repeat 100% 0;\r\n}\r\na.external:visited {\r\n  color: #18507C; /* a different color can be used for visited external links */\r\n\r\n/* \r\nSet the last 0 to -100px to use that part of the external.gif image for different color for active links \r\nexternal.gif is actually 300px tall, we can use different positions of the image to simulate rollover image changes.\r\n*/\r\n  background: url(images/cms/external.gif) no-repeat 100% 0; \r\n}\r\n\r\na.external:hover {\r\n  color: #18507C;\r\n/* Set the last 0 to -200px to use that part of the external.gif image for different color on hover */\r\n  background: url(images/cms/external.gif) no-repeat 100% 0; \r\n  background-color: #C3D4DF;\r\n}\r\n/* end wiki style external links */\r\n\r\n\r\n/* clearing */\r\n/* \r\nclearfix is a hack for divs that hold floated elements. it will force the holding div to span all the way down to last floated item.\r\nWe strongly recommend against using this as it is a hack and might not render correctly but it is included here for convenience.\r\nDo not edit if you dont know what you are doing\r\n*/\r\n	.clearfix:after {\r\n		content: \".\"; \r\n		display: block; \r\n		height: 0; \r\n		clear: both; \r\n		visibility: hidden;\r\n	}\r\n	* html>body .clearfix {\r\n		display: inline-block; \r\n		width: 100%;\r\n	}\r\n	\r\n	* html .clearfix {\r\n		/* Hides from IE-mac \\*/\r\n		height: 1%;\r\n		/* End hide from IE-mac */\r\n	}\r\n\r\n/* end clearing */','screen','2006-07-25 21:22:32','2006-07-25 21:22:32'),(42,'Print','/*\r\nSections that are hidden when printing the page. We only want the content printed.\r\n*/\r\n\r\n\r\nbody {\r\ncolor: #000 !important; /* we want everything in black */\r\nbackground-color:#fff !important; /* on white background */\r\nfont-family:arial; /* arial is nice to read ;) */\r\nborder:0 !important; /* no borders thanks */\r\n}\r\n\r\n/* This affects every tag */\r\n* {\r\nborder:0 !important; /* again no borders on printouts */\r\n}\r\n\r\n/* \r\nno need for accessibility on printout. \r\nMark all your elements in content you \r\ndont want to get printed with class=\"noprint\"\r\n*/\r\n.accessibility,\r\n.noprint\r\n {\r\ndisplay:none !important; \r\n}\r\n\r\n/* \r\nremove all width constraints from content area\r\n*/\r\ndiv#content,\r\ndiv#main {\r\ndisplay:block !important;\r\nwidth:100% !important;\r\nborder:0 !important;\r\npadding:1em !important;\r\n}\r\n\r\n/* hide everything else! */\r\ndiv#header,\r\ndiv#header h1 a,\r\ndiv.breadcrumbs,\r\ndiv#search,\r\ndiv#footer,\r\ndiv#menu_vert,\r\ndiv#news,\r\ndiv.right49,\r\ndiv.left49,\r\ndiv#sidebar  {\r\n   display: none !important;\r\n}\r\n\r\nimg {\r\nfloat:none; /* this makes images couse a pagebreak if it doesnt fit on the page */\r\n}','print','2008-11-05 11:10:57','2008-11-05 11:10:57'),(43,'JLS Contact','#contact {\n   \n}\n#contact input {\n   \n}\n.column {\n   float:left;\n   width:380px;\n}\n.message {\n   clear:both;\n   width:760px;\n   height:165px;\n}\n.valid {\n   clear:both;\n   width:760px;\n   text-align:center;\n}\nfieldset {\n   border:none;\n}\n#contact_form label {\nfloat: left;\n	width: 150px;\n	text-align: left;\n	font-weight: bold;\n	cursor: pointer;\n}\n#contact_form p {\n   height:22px;\n   line-height:22px;\n}\n#contact_form .button {\n   height:22px;\n   width:100px;\n}','screen','2008-11-07 09:41:57','2008-11-07 10:45:51'),(44,'JLS Galerie','#galerie img {\n   float:left;\n   padding:20px 68px;\n}','all, print, screen','2009-03-01 20:33:22','2009-03-01 20:44:06'),(45,'JLS Lightbox','#lightbox{	position: absolute;	left: 0; width: 100%; z-index: 100; text-align: center; line-height: 0;}\r\n#lightbox img{ width: auto; height: auto;}\r\n#lightbox a img{ border: none; }\r\n\r\n#outerImageContainer{ position: relative; background-color: #fff; width: 250px; height: 250px; margin: 0 auto; }\r\n#imageContainer{ padding: 10px; }\r\n\r\n#loading{ position: absolute; top: 40%; left: 0%; height: 25%; width: 100%; text-align: center; line-height: 0; }\r\n#hoverNav{ position: absolute; top: 0; left: 0; height: 100%; width: 100%; z-index: 10; }\r\n#imageContainer>#hoverNav{ left: 0;}\r\n#hoverNav a{ outline: none;}\r\n\r\n#prevLink, #nextLink{ width: 49%; height: 100%; background-image: url(data:image/gif;base64,AAAA); /* Trick IE into showing hover */ display: block; }\r\n#prevLink { left: 0; float: left;}\r\n#nextLink { right: 0; float: right;}\r\n#prevLink:hover, #prevLink:visited:hover { background: url(images/prev.gif) left 15% no-repeat; }\r\n#nextLink:hover, #nextLink:visited:hover { background: url(images/next.gif) right 15% no-repeat; }\r\n\r\n#imageDataContainer{ font: 10px Verdana, Helvetica, sans-serif; background-color: #fff; margin: 0 auto; line-height: 1.4em; overflow: auto; width: 100%	; }\r\n\r\n#imageData{	padding:0 10px; color: #666; }\r\n#imageData #imageDetails{ width: 70%; float: left; text-align: left; }	\r\n#imageData #caption{ font-weight: bold;	}\r\n#imageData #numberDisplay{ display: block; clear: left; padding-bottom: 1.0em;	}			\r\n#imageData #bottomNavClose{ width: 66px; float: right;  padding-bottom: 0.7em; outline: none;}	 	\r\n\r\n#overlay{ position: absolute; top: 0; left: 0; z-index: 90; width: 100%; height: 500px; background-color: #000; }\r\n','all','2009-03-01 21:37:36','2009-03-01 21:38:54'),(34,'JLS Menu','/* Horizontal menu for the CMS CSS Menu Module */\r\n/* by Alexander Endresen */\r\n\r\n#menu_vert {\r\n   margin-left: 1px;\r\n   margin-right: 1px;\r\n   float:left;\r\n   background:#fff url(uploads/images/design/menu_background.jpg);\r\n   width:470px;\r\n   height:58px;\r\n   color:#fff;   \r\n}\r\n\r\n/* The wrapper clears the floating elements of the menu */\r\n\r\n/* Fix for Opera 8 */\r\n.clearb { clear: both; }\r\n#menuwrapper { \r\n   /* Fix for Opera 8 */ \r\n   /*   overflow: hidden;  */ \r\n   width: 100%;\r\n   padding-left:7px;\r\n}\r\n\r\n/* Set the width of the menu elements at second level. Leaving first level flexible. */\r\n#primary-nav li li { \r\n   width: 200px; \r\n}\r\n\r\n\r\n/* Unless you know what you do, do not touch this */ \r\n#primary-nav, #primary-nav ul { \r\n   list-style: none; \r\n   margin: 0px; \r\n   padding: 0px; \r\n}\r\n#primary-nav ul { \r\n   position: absolute; \r\n   top: auto; \r\n   display: none; \r\n}\r\n#primary-nav ul ul { \r\n   margin-top: 1px;\r\n   margin-left: -1px;\r\n   left: 100%; \r\n   top: 0px; \r\n}\r\n	\r\n#primary-nav li { \r\n   margin-left: -1px;\r\n   float: left; \r\n   width:111px;\r\n   margin-top:15px;\r\n}\r\n#primary-nav a:hover { \r\n   color:#939494;\r\n}\r\n#primary-nav li li { \r\n   margin-left: 0px;\r\n   margin-top: -1px;\r\n   float: none; \r\n   position: relative; \r\n   background-color: #4E4E4E;\r\n}\r\n\r\n/* Styling the basic apperance of the menu elements */\r\n#primary-nav a { \r\n   display: block; \r\n   margin: 0px; \r\n   padding: 5px 9px; \r\n   text-decoration: none; \r\n   color: #fff;\r\n   padding-bottom: 25px; \r\n/*   line-height:1.5em;*/\r\n}\r\n#primary-nav li a { \r\n/*   border-right: 1px solid #C0C0C0;\r\n   border-left: 1px solid #C0C0C0;*/\r\n}\r\n#primary-nav li li a { \r\n   border: 1px solid #C0C0C0;\r\n\r\n   padding-bottom: 10px; \r\n}	\r\n#primary-nav li, #primary-nav li.menuparent { \r\n\r\n}\r\n\r\n/* Styling the basic apperance of the active page elements (shows what page in the menu is being displayed) */\r\n\r\n#primary-nav li.menuactive { \r\n/*   background-color: #C7C7C7; */\r\n}\r\n\r\n\r\n/* Styling the basic apperance of the menuparents - here styled the same on hover (fixes IE bug) */\r\n#primary-nav ul li.menuparent, \r\n#primary-nav ul li.menuparent:hover, \r\n#primary-nav ul li.menuparenth { \r\n/* arrow for menuparents */\r\n   background-image: url(images/cms/arrow.gif); \r\n   background-position: center right; \r\n   background-repeat: no-repeat; \r\n   color:#939494;\r\n}\r\n\r\n\r\n/* Styling the apperance of menu items on hover */\r\n\r\n#primary-nav li:hover, \r\n#primary-nav li.menuh, \r\n#primary-nav li.menuparenth, \r\n#primary-nav li.menuactiveh { \r\n/*   background-color: #E7AB0B; */\r\ncolor:#939494;\r\n}\r\n\r\n\r\n/* The magic - set to work for up to a 3 level menu, but can be increased unlimited */\r\n\r\n/* \r\njust add \r\n#primary-nav li:hover ul ul, \r\n#primary-nav li.menuparenth ul ul ul,\r\nfor fourth level \r\n*/\r\n#primary-nav ul, \r\n#primary-nav li:hover ul, \r\n#primary-nav li:hover ul ul, \r\n#primary-nav li.menuparenth ul, \r\n#primary-nav li.menuparenth ul ul { \r\n   display: none; \r\n}\r\n\r\n/* add \r\n#primary-nav ul ul ul li:hover ul, \r\n#primary-nav ul ul ul li.menuparenth ul,\r\nfor fourth level\r\n*/\r\n#primary-nav li:hover ul, \r\n#primary-nav ul li:hover ul, \r\n#primary-nav ul ul li:hover ul, \r\n#primary-nav li.menuparenth ul, \r\n#primary-nav ul li.menuparenth ul, \r\n#primary-nav ul ul li.menuparenth ul { \r\n   display: block; \r\n}\r\n\r\n\r\n/* IE Hacks */\r\n#primary-nav li li { \r\n   float: left; \r\n   clear: both; \r\n}\r\n#primary-nav li li a { \r\n   height: 1%; \r\n}','','2006-07-25 21:22:32','2008-11-05 21:16:39'),(35,'Module: News','div#news {\r\n  margin: 2em 0 1em 1em;  /* margin for the entire div surrounding the news list */\r\n  border: 1px solid #000; \r\n  background: #FFE9AF; \r\n}\r\n\r\ndiv#news h2 {\r\n   line-height: 2em;\r\n   background: #fff;\r\n}\r\n\r\n.NewsSummary {\r\n    padding: 0.5em 0.5em 1em; /* padding for the news article summary */\r\n    margin: 0 0.5em 1em 0.5em; /* margin to the bottom of the news article summary */\r\n    border-bottom: 1px solid #ccc; \r\n}\r\n\r\n.NewsSummaryPostdate {\r\n  font-size: 90%;\r\n  font-weight: bold;\r\n }\r\n\r\n.NewsSummaryLink {\r\n    font-weight: bold;\r\n    padding-top: 0.2em;\r\n}\r\n\r\n.NewsSummaryCategory {\r\n  font-style: italic;\r\n  margin: 5px 0;\r\n }\r\n\r\n.NewsSummaryAuthor {\r\n  font-style: italic;\r\n  padding-bottom: 0.5em;\r\n}\r\n\r\n.NewsSummarySummary, .NewsSummaryContent {\r\n  line-height: 140%;\r\n }\r\n\r\n.NewsSummaryMorelink {\r\n  padding-top: 0.5em;\r\n}\r\n\r\n#NewsPostDetailDate {\r\n  font-size: 90%;\r\n  margin-bottom: 5px;\r\n  font-weight: bold;\r\n  }\r\n\r\n#NewsPostDetailSummary {\r\n   line-height: 150%;\r\n   }\r\n\r\n#NewsPostDetailCategory {\r\n  font-style: italic;\r\n  border-top: 1px solid #ccc;\r\n  margin-top: 0.5em;\r\n  padding: 0.2em 0;\r\n}\r\n\r\n#NewsPostDetailContent {\r\n  margin-bottom: 15px;\r\n  line-height: 150%;\r\n  }\r\n\r\n#NewsPostDetailAuthor {\r\n\r\n  padding-bottom: 1.5em;\r\n  font-style: italic;\r\n}\r\n\r\n\r\n/* to add specific style to the below divs, uncomment them. */\r\n\r\n/* \r\n#NewsPostDetailTitle {}\r\n#NewsPostDetailHorizRule {}\r\n#NewsPostDetailPrintLink {}\r\n#NewsPostDetailReturnLink {}\r\n*/','screen','2006-07-25 21:22:32','2006-07-25 21:22:32'),(39,'JLS Layout','/*****************\nbrowsers interpret margin and padding a little differently, \nwe\'ll remove all default padding and margins and\nset them later on\n******************/\n* {\nmargin:0;\npadding:0;\n}\n\n/*\nSet initial font styles\n*/\nbody {\n   text-align: left;\n   font-family: Verdana, Geneva, Arial, Helvetica, sans-serif;\n   font-size: 75.01%;\n   line-height: 1em;\n}\n\n/*\nset font size for all divs,\nthis overrides some body rules\n*/\ndiv {\n   font-size: 1em;\n}\n\n/*\nif img is inside \"a\" it would have \nborders, we don\'t want that\n*/\nimg {\n   border: 0;\n}\n\n/*\ndefault link styles\n*/\n/* set all links to have underline and bluish color */\na,\na:link \na:active {\n   text-decoration: none;\n/* css validation will give a warning if color is set without background color. this will explicitly tell this element to inherit bg colour from parent element */\n   background-color: inherit; \n   color: #000; \n}\n\na:visited {\n/*   text-decoration: underline;*/\n   background-color: inherit;\n/*  color: #18507C;*/                /* a different color can be used for visited links */\n}\n\n\n/* remove underline on hover and change color */\na:hover {\n   text-decoration: none;\n/*   background-color: #C3D4DF;*/\n/*   color: #385C72;*/\n}\n\n/*****************\nbasic layout \n*****************/\nbody {\n   background-color: #4E4E4E;\n   color: #686868;\n   margin:1em; /* gives some air for the pagewrapper */\n}\n\n/* center wrapper, min max width */\ndiv#pagewrapper {\n   border: 0px solid black;\n   margin: 0 auto;     /* this centers wrapper */\n   width: 850px; /* IE wont understand these, so we will use javascript magick */\n   min-height:50em;\n   background-color: #fff;\n   color: #686868;\n}\n\n\n/*** header ***\nwe will hide text and replace it with a image\nwe need to assign a height for it\n*/\n\n#languages {\n   width:30px;\n   height:108px;\n   background: #fff url(uploads/images/design/languages_background.jpg) repeat 0 0px; \n   float:left;\n}\n\n#logo {\n   width:330px;\n   height:108px;\n   background: #fff url(uploads/images/design/logo.jpg) no-repeat 0 0px; ;\n   float:left;\n}\n\ndiv#logo h1 a {\n/* you can set your own image here */\n   display: block; \n   height: 108px;             /* adjust according your image size */\n   line-height:108px;\n   text-indent: -999em;  /* this hides the text */\n   text-decoration:none; /* old firefox would have shown underline for the link, this explicitly hides it */\n}\n\ndiv#header1 {\n   height: 50px; /* adjust according your image size */\n   background: #fff url(uploads/images/headers/presentation_10.jpg) no-repeat 0 0px;\n   background-position: bottom left;\n   margin-top:0px;\n   width:490px;  \n   float:left;\n   /*clear:both;*/\n}\ndiv#header2 {\n   height: 169px; /* adjust according your image size */\n   background: #fff url(uploads/images/headers/presentation_12.jpg) no-repeat 0 0px;\n   background-position: bottom left;\n   margin-top:0px;\n   clear:both;\n}\n\ndiv#header1 h1 a {\n/* you can set your own image here */\n   background: #385C72 url(uploads/images/headers/presentation_10.jpg) no-repeat 0 0px; \n   display: block; \n   height: 50px;             /* adjust according your image size */\n   text-indent: -999em;  /* this hides the text */\n   text-decoration:none; /* old firefox would have shown underline for the link, this explicitly hides it */\n}\ndiv#header2 h1 a {\n/* you can set your own image here */\n   background: #385C72 url(uploads/images/headers/presentation_12.jpg) no-repeat 0 0px; \n   display: block; \n   height: 80px;             /* adjust according your image size */\n   text-indent: -999em;  /* this hides the text */\n   text-decoration:none; /* old firefox would have shown underline for the link, this explicitly hides it */\n}\n\ndiv#search {\n   float: right;\n   width: 27em;     /* enough width for the search input box */\n   text-align: right;\n   padding: 0.6em 0 0.2em 0;\n   margin: 0 1em;\n}\n\ndiv.breadcrumbs {\n   padding: 1em 0 1.2em 0; /* CSS short hand rule first value is top then right, bottom and left */\n   font-size: 90%;             /* its good to set fontsizes to be relative, this way viewer can change his/her fontsize */\n   margin: 0 1em;              /* css shorthand rule will be opened to be \"0 1em 0 1em\" */\n   border-bottom: 1px dotted #000;\n}\n\n div.breadcrumbs span.lastitem { \n   font-weight:bold; \n }\n\ndiv#content {\n   margin: 1.5em auto 2em 0; /* some air above and under menu and content */\n   min-height:35em;\n}\n\ndiv#main {\n   margin-left: 2%; /* this will give room for sidebar to be on the left side, make sure this space is bigger than sidebar width */\n   margin-right: 2%; /* and some air on the right */\n}\n\ndiv#CustomSlideshow {\n   width: 280px;\n   float:right;\n   padding-left:40px;\n}\nDIV#main #img_main {\n	margin-right:0px;\n	margin-top:0px;\n}\nDIV#main #img_main img {\n	padding-right:30px;\n        padding-left:40px;\n	margin-top:20px;\n	float:right;\n}\nDIV#main #img_main div#CustomSlideshow img{\n	padding-right:0px;\n        padding-left:0px;\n	margin-top:20px;\n	float:right;\n}\n\ndiv#footer {\n   clear:both;       /* keep footer below content and menu */\n   color: #fff;\n   background: #fff url(uploads/images/design/footer_background.jpg) repeat 0px 0px; /* same bg   color as in header */\n   height:56px;\n}\n\ndiv#footer p {\n   font-size: 0.8em;\n   padding: 0em;      /* some air for footer */\n   text-align: center; /* centered text */\n   margin:0;\n   padding-top:23px;\n}\n\ndiv#footer p a {\n   color:#fff;\n}\n\n\n\n/* as we hid all hr for accessibility we create new hr with extra div element */\ndiv.hr {\n   height: 1px;\n   margin: 1em;\n   border-bottom: 1px dotted black;\n}\n\n/* relational links under content */\ndiv.left49 {\n  float: left;\n  width: 49%;  /* 50% for both left and right might lead to rounding error on some browser */\n}\n\ndiv.right49 {\n  float: right;\n  width: 49%;\n  text-align: right;\n}\n\n\n\n\n/********************\nCONTENT STYLING\n*********************/\ndiv#content {\n\n}\n\n/* HEADINGS */\ndiv#content h1 {\n   font-size: 2em;  /* font size for h1 */\n   line-height: 1em;\n   margin: 0;\n}\ndiv#content h2 {\n   color: #0369ae; \n   font-size: 1.5em; \n   text-align: left; \n/* some air around the text */\n   padding-left: 0em;\n   padding-bottom: 1px;\n/* set borders around header */\n   line-height: 1.5em;\n/* and some air under the border */\n   margin: 0 0 0.5em 0;\n}\ndiv#content h3 {\n   color: #294B5F; \n   font-size: 1.3em;\n   line-height: 1.3em;\n   margin: 0 0 0.5em 0;\n}\ndiv#content h4 {\n   color: #294B5F; \n   font-size: 1.2em;\n   line-height: 1.3em;\n   margin: 0 0 0.25em 0;\n}\ndiv#content h5 {\n   font-size: 1.1em;\n   line-height: 1.3em;\n   margin: 0 0 0.25em 0;\n}\nh6 {\n   font-size: 1em;\n   line-height: 1.3em;\n   margin: 0 0 0.25em 0;\n}\n/* END HEADINGS */\n\n/* TEXT */\np {\n   font-size: 1em;\n   margin: 0 0 1.5em 0;  /* some air around p elements */\n   line-height:1.4em;\n   padding: 0;\n}\nblockquote {\n   border-left: 10px solid #ddd;\n   margin-left: 10px;\n}\npre {\n   font-family: monospace;\n   font-size: 1.0em;\n}\nstrong, b {\n/* explicit setting for these */\n   font-weight: bold;\n}\nem, i {\n/* explicit setting for these */\n   font-style:italic;\n}\n\n/* Wrapping text in <code> tags. Makes CSS not validate */\ncode, pre {\n white-space: pre-wrap;       /* css-3 */\n white-space: -moz-pre-wrap;  /* Mozilla, since 1999 */\n white-space: -pre-wrap;      /* Opera 4-6 */\n white-space: -o-pre-wrap;    /* Opera 7 */\n word-wrap: break-word;       /* Internet Explorer 5.5+ */\n font-family: \"Courier New\", Courier, monospace;\n font-size: 1em;\n}\n\npre {\n   border: 1px solid #000;  /* black border for pre blocks */\n   background-color: #ddd;\n   margin: 0 1em 1em 1em;\n   padding: 0.5em;\n   line-height: 1.5em;\n   font-size: 90%;   /* smaller font size, as these are usually not so important data */\n}\n\n/* END TEXT */\n\n/* LISTS */\ndiv#main ul,\ndiv#main ol,\ndiv#main dl {\n  font-size: 1.0em;\n   line-height:1.4em;\n   margin: 0 0 1.5em 0;\n}\ndiv#main ul li,\ndiv#main ol li {\n   margin: 0 0 0.25em 3em;\n}\n\ndiv#dl dt {\n   font-weight: bold;\n   margin: 0 0 0.25em 3em;\n}\ndiv#dl dd {\n   margin: 0 0 0 3em;\n}\n/* END LISTS */','screen','2006-07-25 21:22:32','2009-03-04 11:18:37');

--
-- Table structure for table `css_assoc`
--

CREATE TABLE `css_assoc` (
  `assoc_to_id` int(11) default NULL,
  `assoc_css_id` int(11) default NULL,
  `assoc_type` varchar(80) default NULL,
  `create_date` datetime default NULL,
  `modified_date` datetime default NULL,
  `assoc_order` int(11) default NULL,
  KEY `index_css_assoc_by_assoc_to_id` (`assoc_to_id`),
  KEY `index_css_assoc_by_assoc_css_id` (`assoc_css_id`)
) ENGINE=MyISAM DEFAULT CHARSET=latin1;

--
-- Dumping data for table `css_assoc`
--

INSERT INTO `css_assoc` VALUES (16,39,'template','2006-07-25 21:22:32','2006-07-25 21:22:32',1),(16,44,'template','2009-03-01 20:34:34','2009-03-01 20:34:34',5),(16,45,'template','2009-03-01 21:37:59','2009-03-01 21:37:59',6),(16,43,'template','2008-11-07 09:42:31','2008-11-07 09:42:31',1),(16,31,'template','2006-07-25 21:22:32','2006-07-25 21:22:32',2),(16,34,'template','2006-07-25 21:22:32','2006-07-25 21:22:32',3),(16,35,'template','2006-07-25 21:22:32','2006-07-25 21:22:32',4),(16,42,'template','2008-11-05 11:12:35','2008-11-05 11:12:35',1);

--
-- Table structure for table `css_seq`
--

CREATE TABLE `css_seq` (
  `id` int(11) NOT NULL
) ENGINE=MyISAM DEFAULT CHARSET=latin1;

--
-- Dumping data for table `css_seq`
--

INSERT INTO `css_seq` VALUES (45);

--
-- Table structure for table `event_handler_seq`
--

CREATE TABLE `event_handler_seq` (
  `id` int(11) NOT NULL
) ENGINE=MyISAM DEFAULT CHARSET=latin1;

--
-- Dumping data for table `event_handler_seq`
--

INSERT INTO `event_handler_seq` VALUES (9);

--
-- Table structure for table `event_handlers`
--

CREATE TABLE `event_handlers` (
  `event_id` int(11) default NULL,
  `tag_name` varchar(255) default NULL,
  `module_name` varchar(255) default NULL,
  `removable` int(11) default NULL,
  `handler_order` int(11) default NULL,
  `handler_id` int(11) NOT NULL,
  PRIMARY KEY  (`handler_id`)
) ENGINE=MyISAM DEFAULT CHARSET=latin1;

--
-- Dumping data for table `event_handlers`
--

INSERT INTO `event_handlers` VALUES (38,NULL,'Search',0,1,1),(40,NULL,'Search',0,1,2),(22,NULL,'Search',0,1,3),(24,NULL,'Search',0,1,4),(26,NULL,'Search',0,1,5),(30,NULL,'Search',0,1,6),(32,NULL,'Search',0,1,7),(34,NULL,'Search',0,1,8),(48,NULL,'Search',0,1,9);

--
-- Table structure for table `events`
--

CREATE TABLE `events` (
  `originator` varchar(200) NOT NULL,
  `event_name` varchar(200) NOT NULL,
  `event_id` int(11) NOT NULL,
  PRIMARY KEY  (`event_id`),
  KEY `originator` (`originator`),
  KEY `event_name` (`event_name`)
) ENGINE=MyISAM DEFAULT CHARSET=latin1;

--
-- Dumping data for table `events`
--

INSERT INTO `events` VALUES ('Core','LoginPost',1),('Core','LogoutPost',2),('Core','AddUserPre',3),('Core','AddUserPost',4),('Core','EditUserPre',5),('Core','EditUserPost',6),('Core','DeleteUserPre',7),('Core','DeleteUserPost',8),('Core','AddGroupPre',9),('Core','AddGroupPost',10),('Core','EditGroupPre',11),('Core','EditGroupPost',12),('Core','DeleteGroupPre',13),('Core','DeleteGroupPost',14),('Core','AddStylesheetPre',15),('Core','AddStylesheetPost',16),('Core','EditStylesheetPre',17),('Core','EditStylesheetPost',18),('Core','DeleteStylesheetPre',19),('Core','DeleteStylesheetPost',20),('Core','AddTemplatePre',21),('Core','AddTemplatePost',22),('Core','EditTemplatePre',23),('Core','EditTemplatePost',24),('Core','DeleteTemplatePre',25),('Core','DeleteTemplatePost',26),('Core','TemplatePreCompile',27),('Core','TemplatePostCompile',28),('Core','AddGlobalContentPre',29),('Core','AddGlobalContentPost',30),('Core','EditGlobalContentPre',31),('Core','EditGlobalContentPost',32),('Core','DeleteGlobalContentPre',33),('Core','DeleteGlobalContentPost',34),('Core','GlobalContentPreCompile',35),('Core','GlobalContentPostCompile',36),('Core','ContentEditPre',37),('Core','ContentEditPost',38),('Core','ContentDeletePre',39),('Core','ContentDeletePost',40),('Core','AddUserDefinedTagPre',41),('Core','AddUserDefinedTagPost',42),('Core','EditUserDefinedTagPre',43),('Core','EditUserDefinedTagPost',44),('Core','DeleteUserDefinedTagPre',45),('Core','DeleteUserDefinedTagPost',46),('Core','ModuleInstalled',47),('Core','ModuleUninstalled',48),('Core','ModuleUpgraded',49),('Core','ContentStylesheet',50),('Core','ContentPreCompile',51),('Core','ContentPostCompile',52),('Core','ContentPostRender',53),('Core','SmartyPreCompile',54),('Core','SmartyPostCompile',55),('Core','ChangeGroupAssignPre',56),('Core','ChangeGroupAssignPost',57),('News','NewsArticleAdded',58),('News','NewsArticleEdited',59),('News','NewsArticleDeleted',60),('News','NewsCategoryAdded',61),('News','NewsCategoryEdited',62),('News','NewsCategoryDeleted',63),('Search','SearchInitiated',64),('Search','SearchCompleted',65),('Search','SearchItemAdded',66),('Search','SearchItemDeleted',67),('Search','SearchAllItemsDeleted',68);

--
-- Table structure for table `events_seq`
--

CREATE TABLE `events_seq` (
  `id` int(11) NOT NULL
) ENGINE=MyISAM DEFAULT CHARSET=latin1;

--
-- Dumping data for table `events_seq`
--

INSERT INTO `events_seq` VALUES (68);

--
-- Table structure for table `group_perms`
--

CREATE TABLE `group_perms` (
  `group_perm_id` int(11) NOT NULL,
  `group_id` int(11) default NULL,
  `permission_id` int(11) default NULL,
  `create_date` datetime default NULL,
  `modified_date` datetime default NULL,
  PRIMARY KEY  (`group_perm_id`),
  KEY `index_group_perms_by_group_id_permission_id` (`group_id`,`permission_id`)
) ENGINE=MyISAM DEFAULT CHARSET=latin1;

--
-- Dumping data for table `group_perms`
--

INSERT INTO `group_perms` VALUES (174,2,30,'2009-03-19 20:26:00','2009-03-19 20:26:00'),(175,3,30,'2009-03-19 20:26:00','2009-03-19 20:26:00'),(176,2,1,'2009-03-19 20:26:00','2009-03-19 20:26:00'),(177,3,25,'2009-03-19 20:26:00','2009-03-19 20:26:00'),(178,3,4,'2009-03-19 20:26:00','2009-03-19 20:26:00'),(179,2,38,'2009-03-19 20:26:00','2009-03-19 20:26:00'),(180,2,6,'2009-03-19 20:26:00','2009-03-19 20:26:00'),(181,2,20,'2009-03-19 20:26:00','2009-03-19 20:26:00'),(182,2,31,'2009-03-19 20:26:00','2009-03-19 20:26:00'),(183,3,31,'2009-03-19 20:26:00','2009-03-19 20:26:00'),(184,2,39,'2009-03-19 20:26:00','2009-03-19 20:26:00'),(185,3,26,'2009-03-19 20:26:00','2009-03-19 20:26:00'),(186,3,22,'2009-03-19 20:26:00','2009-03-19 20:26:00'),(187,3,11,'2009-03-19 20:26:00','2009-03-19 20:26:00'),(188,2,28,'2009-03-19 20:26:00','2009-03-19 20:26:00'),(189,2,32,'2009-03-19 20:26:00','2009-03-19 20:26:00'),(190,3,32,'2009-03-19 20:26:00','2009-03-19 20:26:00'),(191,2,13,'2009-03-19 20:26:00','2009-03-19 20:26:00'),(192,3,27,'2009-03-19 20:26:00','2009-03-19 20:26:00'),(193,3,16,'2009-03-19 20:26:00','2009-03-19 20:26:00'),(194,2,36,'2009-03-19 20:26:00','2009-03-19 20:26:00');

--
-- Table structure for table `group_perms_seq`
--

CREATE TABLE `group_perms_seq` (
  `id` int(11) NOT NULL
) ENGINE=MyISAM DEFAULT CHARSET=latin1;

--
-- Dumping data for table `group_perms_seq`
--

INSERT INTO `group_perms_seq` VALUES (194);

--
-- Table structure for table `groups`
--

CREATE TABLE `groups` (
  `group_id` int(11) NOT NULL,
  `group_name` varchar(25) default NULL,
  `active` tinyint(4) default NULL,
  `create_date` datetime default NULL,
  `modified_date` datetime default NULL,
  PRIMARY KEY  (`group_id`)
) ENGINE=MyISAM DEFAULT CHARSET=latin1;

--
-- Dumping data for table `groups`
--

INSERT INTO `groups` VALUES (1,'Admin',1,'2006-07-25 21:22:32','2006-07-25 21:22:32'),(2,'Editor',1,'2006-07-25 21:22:32','2006-07-25 21:22:32'),(3,'Designer',1,'2006-07-25 21:22:32','2006-07-25 21:22:32');

--
-- Table structure for table `groups_seq`
--

CREATE TABLE `groups_seq` (
  `id` int(11) NOT NULL
) ENGINE=MyISAM DEFAULT CHARSET=latin1;

--
-- Dumping data for table `groups_seq`
--

INSERT INTO `groups_seq` VALUES (3);

--
-- Table structure for table `htmlblobs`
--

CREATE TABLE `htmlblobs` (
  `htmlblob_id` int(11) NOT NULL,
  `htmlblob_name` varchar(255) default NULL,
  `html` text,
  `owner` int(11) default NULL,
  `create_date` datetime default NULL,
  `modified_date` datetime default NULL,
  PRIMARY KEY  (`htmlblob_id`),
  KEY `index_htmlblobs_by_htmlblob_name` (`htmlblob_name`)
) ENGINE=MyISAM DEFAULT CHARSET=latin1;

--
-- Dumping data for table `htmlblobs`
--

INSERT INTO `htmlblobs` VALUES (1,'footer','<p>Rue de la Saint-Jean 14 - 4960 Malmedy - Gsm. +32 (0) 479/21.65.50 - E-mail: <a href=\"mailto:info@jls-sprl.be\">info@jls-sprl.be</a> -BE 460.287.467 <br />© Copyright {custom_copyright} - JLS - Réalisation <a href=\"http://www.ekosolutions.be\" target=\"_blank\">EkoSolutions</a> - This site is powered by <a href=\"http://www.cmsmadesimple.org\" target=\"_blank\">CMS Made Simple</a> version {cms_version}</p>',1,'2006-07-25 21:22:32','2009-03-12 09:30:43');

--
-- Table structure for table `htmlblobs_seq`
--

CREATE TABLE `htmlblobs_seq` (
  `id` int(11) NOT NULL
) ENGINE=MyISAM DEFAULT CHARSET=latin1;

--
-- Dumping data for table `htmlblobs_seq`
--

INSERT INTO `htmlblobs_seq` VALUES (1);

--
-- Table structure for table `module_deps`
--

CREATE TABLE `module_deps` (
  `parent_module` varchar(25) default NULL,
  `child_module` varchar(25) default NULL,
  `minimum_version` varchar(25) default NULL,
  `create_date` datetime default NULL,
  `modified_date` datetime default NULL
) ENGINE=MyISAM DEFAULT CHARSET=latin1;

--
-- Dumping data for table `module_deps`
--


--
-- Table structure for table `module_news`
--

CREATE TABLE `module_news` (
  `news_id` int(11) NOT NULL,
  `news_category_id` int(11) default NULL,
  `news_title` varchar(255) default NULL,
  `news_data` text,
  `news_date` datetime default NULL,
  `summary` text,
  `start_time` datetime default NULL,
  `end_time` datetime default NULL,
  `status` varchar(25) default NULL,
  `icon` varchar(255) default NULL,
  `create_date` datetime default NULL,
  `modified_date` datetime default NULL,
  `author_id` int(11) default NULL,
  `news_extra` varchar(255) default NULL,
  PRIMARY KEY  (`news_id`)
) ENGINE=MyISAM DEFAULT CHARSET=latin1;

--
-- Dumping data for table `module_news`
--

INSERT INTO `module_news` VALUES (1,1,'News Module Installed','The news module was installed.  Exciting. This news article is not using the Summary field and therefore there is no link to read more. But you can click on the news heading to read only this article.','2008-11-05 11:06:48',NULL,NULL,NULL,'published',NULL,'2008-11-05 11:06:48','2008-11-05 11:06:48',1,NULL);

--
-- Table structure for table `module_news_categories`
--

CREATE TABLE `module_news_categories` (
  `news_category_id` int(11) NOT NULL,
  `news_category_name` varchar(255) default NULL,
  `parent_id` int(11) default NULL,
  `hierarchy` varchar(255) default NULL,
  `long_name` text,
  `create_date` time default NULL,
  `modified_date` time default NULL,
  PRIMARY KEY  (`news_category_id`)
) ENGINE=MyISAM DEFAULT CHARSET=latin1;

--
-- Dumping data for table `module_news_categories`
--

INSERT INTO `module_news_categories` VALUES (1,'General',-1,'00001','General','11:06:48','11:06:48');

--
-- Table structure for table `module_news_categories_seq`
--

CREATE TABLE `module_news_categories_seq` (
  `id` int(11) NOT NULL
) ENGINE=MyISAM DEFAULT CHARSET=latin1;

--
-- Dumping data for table `module_news_categories_seq`
--

INSERT INTO `module_news_categories_seq` VALUES (1);

--
-- Table structure for table `module_news_fielddefs`
--

CREATE TABLE `module_news_fielddefs` (
  `id` int(11) NOT NULL auto_increment,
  `name` varchar(255) default NULL,
  `type` varchar(50) default NULL,
  `max_length` int(11) default NULL,
  `create_date` datetime default NULL,
  `modified_date` datetime default NULL,
  `item_order` int(11) default NULL,
  `public` int(11) default NULL,
  PRIMARY KEY  (`id`)
) ENGINE=MyISAM DEFAULT CHARSET=latin1;

--
-- Dumping data for table `module_news_fielddefs`
--


--
-- Table structure for table `module_news_fieldvals`
--

CREATE TABLE `module_news_fieldvals` (
  `news_id` int(11) default NULL,
  `fielddef_id` int(11) default NULL,
  `value` text,
  `create_date` datetime default NULL,
  `modified_date` datetime default NULL
) ENGINE=MyISAM DEFAULT CHARSET=latin1;

--
-- Dumping data for table `module_news_fieldvals`
--


--
-- Table structure for table `module_news_seq`
--

CREATE TABLE `module_news_seq` (
  `id` int(11) NOT NULL
) ENGINE=MyISAM DEFAULT CHARSET=latin1;

--
-- Dumping data for table `module_news_seq`
--

INSERT INTO `module_news_seq` VALUES (1);

--
-- Table structure for table `module_search_index`
--

CREATE TABLE `module_search_index` (
  `item_id` int(11) default NULL,
  `word` varchar(255) default NULL,
  `count` int(11) default NULL,
  KEY `count` (`count`)
) ENGINE=MyISAM DEFAULT CHARSET=latin1;

--
-- Dumping data for table `module_search_index`
--

INSERT INTO `module_search_index` VALUES (1,'name',1),(1,'page',1),(1,'*',1),(1,'}',1),(1,'navigation',1),(405,'et',1),(405,'mobilité',1),(394,'aussi',1),(394,'faut',1),(394,'il',1),(394,'mais',1),(394,'oui',1),(394,'acheter',1),(394,'entrainer',1),(394,'remorque',6),(394,'une',6),(394,'avec',6),(394,'entraîner',4),(394,'voulez',5),(394,'vous',11),(393,' ',1),(393,'désirs',1),(393,'vos',1),(393,'selon',1),(393,'2',1),(393,'ou',2),(393,'heure',1),(393,'1',1),(393,'école»',1),(393,'«auto',1),(393,'équipé',1),(393,'véhicule',1),(393,'bord',1),(393,'à',1),(393,'breveté',1),(392,'commandes',1),(392,'double',1),(392,'à',2),(392,'véhicule',2),(392,'dans',3),(392,'école',3),(392,'d\'auto',1),(392,'moniteur',2),(392,'bases',1),(392,'les',4),(392,'apprendre',1),(392,'voulez',1),(392,'guide',2),(392,'un',5),(392,'avec',4),(392,'route',1),(392,'la',2),(392,'prendre',1),(392,'avant',2),(392,'mais',4),(392,'théorique',1),(392,'réussi',1),(392,'avez',2),(392,'conduire',1),(392,'de',6),(392,'encore',2),(392,'pas',5),(392,'n\'avez',1),(392,'permis',5),(392,'votre',6),(392,'passez',4),(392,'vous',15),(261,'juste',1),(261,'vu',1),(261,'«trucs»',1),(261,'les',2),(261,'appliquant',1),(261,'en',1),(261,'le',1),(261,'sur',1),(261,'«théorique»',1),(261,'explication',1),(261,'consommation',1),(261,'votre',1),(261,'mesurant',1),(261,'ordinateur',1),(261,'d\'un',1),(261,'équipé',1),(261,'véhicule',1),(261,'notre',1),(278,'photos',4),(405,'spf',1),(360,'version',1),(360,'simple',1),(360,'made',1),(360,'cms',1),(360,'powered',1),(360,'site',1),(360,'ekosolutions',1),(360,'réalisation',1),(360,'jls',1),(360,'copyright',1),(360,'467',1),(360,'©',1),(359,'message',1),(393,'moniteur',1),(393,'d\'un',2),(273,'endroits',1),(273,'d\'autres',1),(273,'d\'organiser',1),(254,' ',1),(254,'important',1),(254,'n\'hésitez',1),(254,'pas',1),(254,'contacter',1),(254,'ferons',1),(254,'plaisir',1),(254,'d\'élaborer',1),(254,'solution',1),(187,'_trackpageview',1),(187,'1',1),(187,'6202058',1),(187,'ua',1),(187,'_gettracker',1),(187,'_gat',1),(261,'bord',1),(261,'à',1),(261,'complet',1),(261,'varié',1),(261,'parcours',2),(261,'sociologique',1),(261,'même',2),(5,'name',1),(5,'page',1),(5,'*',1),(5,'}',1),(5,'navigation',1),(5,'news',1),(273,'type',1),(273,'ce',1),(393,'services',1),(270,' ',1),(416,'gestion',1),(261,'et',2),(261,'écologique',1),(391,'conduite',5),(391,'la',5),(391,'de',5),(391,'apprentissage',5),(391,'ré',5),(392,'déroule',1),(392,'se',1),(393,'les',1),(393,'propose',1),(278,'de',4),(359,'web',1),(359,'page',1),(359,'localite',1),(359,'secteur',1),(359,'tva',1),(395,'transporteurs',5),(395,'les',4),(395,'pour',4),(165,'véhicules',5),(165,'de',5),(165,'présentations',5),(168,'maîtrise',5),(167,'conduite',5),(167,'eco',5),(359,'nom',1),(339,'intégrer',1),(394,'je',1),(394,'rouler',1),(394,'et',1),(394,'manœuvrer',1),(394,'pouvoir',1),(136,'produits',5),(273,' ',1),(273,'nous',1),(360,'287',1),(360,'460',1),(273,'parler',1),(254,'client',1),(254,'présentation',1),(393,'je',1),(393,'encore',1),(393,'d\'autres',1),(393,'bien',1),(393,'ces',1),(393,'toutes',1),(273,'pas',1),(261,'obtenus',1),(273,'n\'hésitez',1),(418,'safedriving',1),(418,'safe',2),(418,'newdriving',1),(418,'driving',4),(418,'new',2),(418,'www',3),(418,'formax',2),(418,'l\'équipe',2),(418,'avec',1),(418,'collaboration',1),(418,'étroite',1),(418,'font',1),(418,'se',1),(418,'présentées',1),(359,'téléphone',1),(359,'email',1),(359,'pays',1),(359,'postal',1),(273,'possible',1),(273,'est',1),(273,'il',1),(273,'désirs',1),(273,'besoins',1),(273,'vos',1),(273,'fonction',1),(273,'www',1),(273,'en',2),(273,'professionnels',1),(273,'moniteurs',1),(273,'l\'équipe',1),(273,'d\'andenne',1),(273,'driving',3),(273,'safe',3),(273,'déroulent',1),(273,'se',1),(273,'cours',2),(273,'ces',1),(273,'glissants',1),(273,'moins',1),(273,'ou',2),(393,'soir',1),(393,'ville',1),(393,'en',1),(393,'rouler',2),(393,'l\'autoroute',1),(393,'ex',1),(393,'prendre',1),(393,'p',1),(393,'librement',1),(393,'déplacer',1),(393,'empêchent',1),(393,'de',1),(392,'faites',1),(392,'être',1),(392,'doivent',1),(392,'agréée',1),(392,'une',1),(392,'heures',1),(392,'des',1),(392,'où',1),(392,'cas',1),(392,'désirs',1),(392,'vos',1),(392,'selon',1),(392,'2',1),(392,'heure',1),(392,'1',1),(392,'pour',1),(392,'école»',1),(392,'«auto',1),(392,'équipé',1),(392,'bord',1),(392,'breveté',1),(392,'d\'un',2),(392,'services',1),(392,'propose',1),(392,'je',1),(392,'jour',1),(392,'grand',1),(392,'le',1),(392,'«examen»',1),(418,'formations',1),(418,'partie',1),(418,'grande',1),(418,'une',1),(418,'prochainement',1),(418,'très',1),(418,'rencontrer',1),(418,'plaisir',1),(418,'au',1),(418,'visite',1),(418,'bonne',1),(418,'service',1),(418,'est',1),(418,'longtemps ',1),(418,'quitté',1),(418,'l’avoir',1),(418,'après',1),(418,'volant',1),(418,'reprendre',1),(418,'simplement',1),(418,'manœuvres',1),(418,'législation',1),(418,'niveau',1),(418,'jour »au',1),(418,'« remettre',1),(418,'véhicules ',1),(418,'spécificités',1),(418,'les',2),(418,'dynamique ',1),(418,'manière',1),(418,'clients',2),(418,'présenter',1),(418,'moto',1),(418,'camion',1),(418,'véhicule',2),(418,'d’un',1),(418,'celles',1),(187,'pagetracker',2),(187,'script%3e',1),(187,'javascript\'%3e%3c',1),(187,'=\'text',1),(187,'type',1),(187,'js',1),(187,'ga',1),(187,'com',1),(187,'analytics',1),(187,'google',1),(187,'src',1),(187,'%3cscript',1),(187,'unescape',1),(187,'write',1),(261,'résultats',1),(261,'voyons',1),(418,'limites',1),(418,'vos',4),(418,'découvrir',1),(418,' ',2),(418,'école',1),(418,'auto',2),(418,'par',2),(418,'libre',1),(418,'filière',1),(418,'permis',1),(418,'passer',1),(418,'désirez',2),(418,'lourd ',1),(418,'poids',1),(418,'voiture',1),(418,'en',5),(418,'conduite',2),(418,'l’éco',1),(418,'former',2),(418,'*',2),(418,'2009',1),(418,'09',1),(418,'10',1),(418,'du',4),(418,'partir',1),(418,'obligatoire',1),(418,'continue',2),(418,'formation',2),(418,'la',4),(418,'cadre',1),(418,'dans',1),(418,'agréés',1),(418,'modules',3),(418,'des',3),(418,'suivre',1),(418,'voulez',5),(418,'et',5),(418,'chauffeur',1),(418,'transporteur',1),(418,'êtes',1),(418,'mobilité ',1),(258,' ',1),(258,'mesure»',1),(258,'«sur',1),(258,'programme',1),(258,'élaborerons',1),(258,'ensemble',1),(258,'contactez',1),(258,'d\'utilisation',1),(258,'semaines',1),(258,'quelques',1),(258,'après',1),(258,'journée',1),(258,'heure',1),(258,'d\'une',1),(258,'chauffeur',1),(258,'au',1),(258,'camion',1),(258,'livraison',1),(258,'lors',1),(258,'formation',2),(258,'nouveautés',1),(258,'ces',1),(258,'toutes',1),(258,'sont',1),(258,'informés',1),(258,'chauffeurs',1),(258,'modulables',1),(258,'confortables',1),(258,'économiques',1),(258,'plus',4),(258,'rendre',1),(258,'leurs',1),(258,'moderniser',1),(258,'folles',1),(258,'investissent',1),(258,'constructeurs',1),(258,'complète',1),(258,'manière',1),(258,'connaisse',1),(258,'est',1),(258,'l\'utilisateur',1),(258,'il',1),(258,'chez',1),(258,'suivante',1),(258,'début',1),(258,'le',2),(258,'soi',1),(392,'type',1),(392,'parcours',1),(392,'quelques',1),(392,'faire',1),(392,'tort',1),(392,'ferait',1),(392,'ne',1),(392,'cela',2),(392,'manœuvres',1),(392,'nocturne',1),(392,'l\'autoroute',1),(392,'problème',1),(392,'pose',1),(392,'point',1),(392,'l\'autre',1),(392,'ou',3),(392,'conduite',4),(392,'en',3),(392,'mal',2),(393,'font',1),(273,'plus',1),(273,'sols',1),(269,'discuter',1),(269,'rencontrer',1),(269,'plaisir',1),(269,'ferons',1),(269,'contactez',1),(269,'sujets',1),(269,'palette',1),(269,'vaste',1),(269,'aborder',1),(269,'repos',1),(269,'temps',1),(269,'ou',1),(269,'accidents',1),(269,'diminution',1),(269,'économique',1),(269,'conduite',2),(269,'par',1),(273,'point',1),(273,'rond',1),(273,'virages',1),(273,'masses',1),(273,'transfert',1),(273,'regard',1),(273,'technique',1),(273,'volant',1),(273,'du',4),(273,'évitements',1),(273,'les',2),(273,'freinage',1),(273,'le',4),(273,'pratique',1),(273,'beaucoup',1),(273,'théorie',1),(273,'de',6),(273,'peu',1),(273,'avec',2),(273,'découvrir',1),(273,'venez',1),(273,'véhicules',1),(273,'des',1),(273,'maîtrise',2),(273,'et',3),(273,'sécurité',1),(273,'la',4),(273,'à',3),(269,'passant',1),(269,'personnel',1),(269,'sélection',1),(269,'à',1),(269,'route',1),(269,'feuille',1),(269,'constat',1),(269,'cmr',1),(269,'«documents»',1),(269,'vous',2),(269,'solution',1),(269,'une',2),(269,'trouver',1),(269,'pouvons',2),(258,'fin',1),(258,'soit',1),(258,'ne',1),(258,'véhicule',2),(258,'d\'un',1),(258,'que',2),(258,'solution',1),(258,'d\'élaborer',1),(258,'plaisir',1),(254,'modèles',1),(270,'parler',1),(270,'nous',1),(270,'pas',1),(270,'n\'hésitez',1),(270,'endroits',1),(270,'d\'autres',1),(270,'type',1),(270,'d\'organiser',1),(416,'solution',1),(416,'ensemble',1),(416,'cherchons',1),(416,'globale',2),(261,'économique',1),(261,'nécessité',1),(261,'une',2),(261,'mais',1),(261,'mode',1),(261,'de',2),(261,'phénomène',1),(261,'un',2),(261,'la',2),(393,'paniquer',1),(393,'situations',2),(393,'mais',1),(393,'certaines',1),(393,'savez',1),(393,'réapprendre',1),(393,'voulez',1),(423,'parler',1),(423,'nous',1),(423,'pas',1),(423,'n\'hésitez',1),(423,'www',1),(423,'professionnels',1),(423,'moniteurs',1),(423,'l\'équipe',1),(423,'d\'andenne',1),(423,'déroulent',1),(423,'se',1),(423,'ces',1),(423,'cours',1),(423,'risques',1),(423,'jusqu\'au',1),(423,'renversement',1),(423,'sans',1),(418,'amacole',1),(418,'d\'agréation',1),(418,'cours',1),(418,'d\'autres',1),(418,'grâce',1),(418,'déjà',1),(418,'sont',2),(418,'certains',1),(418,'agrées',2),(418,'connaître',1),(269,'nous',5),(269,'complet',1),(269,'suivi',1),(269,'au',1),(360,'sprl',1),(254,'nouveaux',1),(254,'lancements',1),(254,'ouvertes',1),(339,'plaisir',1),(339,'un',1),(339,'ferai',1),(339,'je',1),(339,'envoyer',1),(339,'les',2),(339,'merci',1),(339,'ici',1),(339,'place',1),(339,'leur',1),(339,'auraient',1),(339,'qui',1),(339,'connaître',1),(333,'souvent',1),(333,'revenir',1),(333,'n\'hésitez',1),(333,'surf',1),(333,'bon',1),(333,'route',1),(333,'loups',1),(333,'vieux',1),(333,'qu\'aux',1),(333,'conduire',1),(333,'leur',1),(333,'encore',1),(333,'pas',2),(333,'n\'ont',1),(333,'services',1),(333,'ses',1),(333,'propose',1),(333,'arriver',1),(333,'pour',1),(333,'sûres',1),(333,'routes',1),(333,'rendre',1),(333,'s',2),(333,'l',2),(333,'j',2),(333,'principal',1),(261,'avant',1),(261,'seulement',1),(261,'pas',1),(261,'n\'est',1),(273,'dédié',1),(273,'entièrement',1),(273,'site',2),(273,'un',2),(273,'moto',4),(273,'sur',3),(278,'galerie',4),(359,'code',1),(359,'adresse',2),(359,'fonction',1),(359,'société',1),(359,'prénom',1),(359,'mademoiselle',1),(187,'www',1),(187,'http',1),(187,'ssl',1),(187,'protocol',1),(187,'location',1),(187,'document',2),(187,'https',2),(187,'=',5),(187,'gajshost',2),(187,'var',2),(187,'navigation',1),(187,'}',1),(187,'*',1),(187,'page',1),(360,'info@jls',1),(360,'mail',1),(360,'e',1),(360,'50',1),(360,'65',1),(360,'21',1),(360,'479',1),(360,'0',1),(360,'32',1),(360,'gsm',1),(360,'malmedy',1),(360,'4960',1),(360,'14',1),(360,'jean',1),(360,'saint',1),(360,'la',1),(360,'de',1),(360,'rue',1),(269,'jour',1),(269,'2',1),(269,'d\'1',1),(269,'priorité',1),(418,'nous',1),(418,'contactez',1),(418,'chauffeurs',1),(417,'discuter',1),(417,'rencontrer',1),(258,'contacter',1),(254,'portes',1),(254,'moto',1),(254,'guidon',1),(254,'lourd',1),(254,'poids',1),(254,'d\'un',1),(254,'que',1),(254,'voiture',1),(254,'d\'une',2),(254,'volant',1),(254,'au',2),(254,'aussi',1),(254,'pour',3),(254,'là',1),(254,'sommes',1),(254,'structure',1),(254,'votre',1),(254,'disposition',1),(254,'simplement',1),(254,'bien',2),(254,'documents',1),(333,'souci',1),(333,'l\'indique',1),(333,'road»',1),(333,'«safety',1),(333,'slogan',1),(333,'régulièrement',1),(333,'travaille',1),(333,'avec',1),(333,'l\'équipe',1),(333,'personnes',1),(333,'différentes',1),(333,'pratique',1),(333,'théorie',1),(333,'idéalement',1),(333,'combine',1),(333,'prévention',1),(333,'conseiller',1),(333,'brevet',1),(333,'adr',2),(333,'école',1),(333,'d\'auto',1),(333,'moniteur',1),(333,'brevets',1),(333,'divers',1),(333,'également',1),(333,'cela',1),(333,'parallèle',1),(333,'permis',3),(333,'tous',1),(333,'possesseur',1),(333,'qu\'il',2),(333,'dire',2),(333,'sans',1),(333,'va',1),(333,'chauffeurs',1),(333,'des',1),(333,'ceux',2),(333,'que',1),(333,'patron',1),(333,'du',1),(333,'soucis',1),(333,'bien',2),(333,'aussi',2),(333,'donc',1),(333,'connaît',1),(333,'terrain',1),(333,'gens',1),(333,'l\'entreprise',1),(333,'direction',1),(333,'entre',1),(333,'lien',1),(333,'faire',1),(333,'était',1),(333,'travail',1),(417,'vous',1),(417,'plaisir',1),(417,'ferons',1),(417,'contactez',1),(392,'débrouillez',2),(392,'ça',1),(392,'n\'est',1),(392,'ce',1),(392,'essayé',1),(392,'déjà',1),(417,'sujets',1),(417,'palette',1),(417,'vaste',1),(417,'une',1),(417,'aborder',1),(417,'pouvons',1),(417,'nous',4),(417,'temps',1),(417,'repos',1),(417,'ou',1),(417,'accidents',1),(417,'diminution',1),(417,'économique',1),(417,'conduite',2),(417,'par',1),(417,'passant',1),(417,'personnel',1),(417,'votre',1),(417,'sélection',1),(417,'à',1),(417,'route',1),(417,'feuille',1),(417,'«documents»',1),(417,'priorité',1),(417,'est',1),(417,'formation',2),(417,'concurrence',1),(417,'avec',1),(269,'est',1),(269,'formation',3),(269,'concurrence',1),(269,'avec',2),(269,'différence',1),(269,'la',9),(269,'faire',1),(269,'et',2),(269,'professionnels',1),(269,'des',2),(269,'être',1),(269,'nécessaires',1),(269,'outils',1),(269,'donner',1),(269,'leur',1),(417,'la',8),(417,'différence',1),(417,'faire',1),(417,'et',2),(417,'professionnels',1),(417,'des',2),(417,'être',1),(417,'nécessaires',1),(417,'outils',1),(254,'administrative',1),(254,'gestion',1),(254,'à',4),(254,'parcours',1),(254,'choix',1),(254,'accompagnée',1),(254,'conduite',1),(254,'statiques',1),(254,'présentations',2),(254,'réalisant',1),(254,'en',1),(254,'vente',1),(254,'équipes',1),(254,'soutenons',1),(254,'nous',5),(254,'secteur',1),(254,'du',3),(254,'passion',1),(254,'et',1),(254,'langues',1),(254,'des',5),(254,'connaissance',2),(254,'la',5),(254,'commercial',1),(254,'sens',1),(254,'combinant',1),(254,'équipe',1),(254,'une',3),(254,'avec',2),(254,'dynamiques',2),(254,'qualités',1),(254,'les',1),(254,'vraiment',1),(254,'ils',1),(254,'connaissent',1),(254,'prospects',1),(254,'ou',4),(254,'clients',1),(359,'docteur',1),(359,'madame',1),(359,'monsieur',1),(359,'titre',1),(359,'obligatoire',1),(359,'=',1),(359,'*',7),(333,'partie',1),(333,'grande',1),(333,'plus',2),(333,'la',5),(333,'mais',1),(333,'société',1),(333,'une',1),(333,'trouver',1),(333,'peut',2),(333,'qu\'on',1),(333,'garage',1),(333,'assistant',1),(333,'magasinier',1),(333,'recruteur',1),(333,'formateur',1),(333,'passant',1),(333,'en',3),(333,'dispatch',1),(333,'à',3),(333,'remplaçant',1),(333,'chauffeur',1),(333,'de',15),(333,'fonctions',1),(333,'diverses',1),(333,'rempli',1),(333,'transport',2),(359,'sprl',1),(359,'info@jls',1),(359,'courriel',1),(359,'50',1),(359,'65',1),(359,'21',1),(359,'479',1),(359,'0',1),(359,'32',1),(359,'gsm',1),(359,'belgique',1),(359,'malmedy',1),(359,'4960',1),(359,'14',1),(359,'jean',1),(359,'saint',1),(359,'la',1),(359,'de',1),(359,'rue',1),(359,'att',1),(359,'services',1),(359,'löfgen',2),(359,'jacques',2),(359,'contact',4),(333,'y',2),(333,'retrouvé',1),(333,'vite',1),(333,'très',1),(333,'s\'est',1),(333,'domaine',1),(333,'dans',3),(333,'peu',1),(333,'travaillé',1),(333,'d\'enseignant',1),(333,'diplôme',1),(333,'son',2),(333,'obtenu',1),(333,'avoir',1),(333,'après',1),(333,'löfgen',1),(333,'jacques',1),(333,'même',1),(333,'lui',1),(333,'dit',1),(333,'il',6),(333,'comme',3),(333,'motoculteurs»',1),(333,'tondeuses',1),(333,'les',7),(333,'sauf',1),(333,'mazout',1),(333,'le',8),(333,'ou',1),(333,'l\'essence',1),(333,'sens',1),(333,'et',8),(333,'moteur',1),(333,'un',2),(333,'ce',3),(333,'tout',3),(333,'par',2),(333,'«passionné',1),(333,'jls',4),(333,'est',6),(333,'qui',8),(258,'ferons',1),(258,'pas',2),(258,'n\'hésitez',1),(258,'important',2),(258,'client',2),(258,'présentation',1),(258,'modèles',1),(258,'nouveaux',1),(258,'lancements',1),(258,'ouvertes',1),(258,'portes',1),(258,'pour',5),(258,'là',1),(258,'sommes',2),(258,'structure',1),(258,'votre',4),(258,'disposition',1),(258,'simplement',1),(258,'documents',1),(254,'vendeurs',1),(254,'vos',7),(254,'mais',1),(254,'catalogue',1),(254,'beau',1),(254,'un',4),(254,'véhicules',3),(254,'bons',1),(254,'de',6),(254,'avez',2),(254,'vous',4),(254,'voitures',4),(254,'event',4),(423,'d\'aller',1),(423,'permettant',1),(423,'latérales',1),(423,'roues',1),(423,'équipé',1),(423,'driving',4),(423,'safe',4),(423,'over»',1),(423,'«roll',1),(423,'spécial',1),(423,'stage',1),(423,'exclusivité',1),(423,'en',2),(423,'vos',1),(423,'chargé',1),(423,'remorque',3),(423,'semi',2),(423,'centre',1),(423,'bord',2),(423,'glissants',1),(423,'moins',1),(423,'ou',1),(423,'plus',1),(423,'point',1),(423,'sols',1),(423,'rond',1),(423,'virages',1),(423,'masses',1),(423,'transfert',1),(423,'regard',1),(423,'technique',1),(423,'volant',1),(423,'du',7),(423,'évitements',1),(423,'les',2),(423,'freinage',1),(423,'le',4),(423,'pratique',1),(423,'beaucoup',1),(423,'théorie',1),(423,'de',7),(423,'peu',1),(270,'possible',1),(270,'est',1),(270,'il',1),(270,'désirs',1),(270,'besoins',1),(270,'vos',1),(270,'fonction',1),(270,'www',1),(270,'professionnels',1),(270,'moniteurs',1),(270,'l\'équipe',1),(270,'d\'andenne',1),(270,'driving',3),(270,'safe',3),(270,'déroulent',1),(270,'se',1),(270,'cours',2),(270,'ces',1),(270,'toute',1),(270,'en',3),(270,'limites',1),(270,'camionnette',1),(270,'d\'une',2),(270,'soit',1),(270,'ce',2),(270,'que',1),(270,'esp',1),(270,'demande',1),(270,'4x4',1),(270,'traction',1),(270,'propulsion',1),(270,'bord',2),(270,'glissants',1),(270,'moins',1),(270,'plus',1),(270,'sols',1),(270,'point',1),(270,'rond',1),(270,'virages',1),(270,'masses',1),(270,'transfert',1),(270,'regard',1),(270,'technique',1),(270,'volant',1),(270,'du',4),(270,'évitements',1),(270,'les',3),(270,'abs',2),(270,'sans',2),(270,'ou',5),(270,'freinage',1),(270,'le',4),(270,'pratique',1),(270,'beaucoup',1),(270,'théorie',1),(270,'de',7),(270,'peu',1),(270,'avec',4),(270,'découvrir',2),(270,'venez',2),(270,'véhicules',2),(270,'des',1),(270,'maîtrise',2),(270,'et',3),(270,'sécurité',2),(270,'la',4),(270,'à',4),(270,'dédié',1),(270,'entièrement',1),(270,'site',2),(270,'un',2),(270,'sur',4),(270,'voiture',5),(258,'bien',1),(258,'administrative',1),(258,'gestion',1),(258,'à',5),(258,'parcours',1),(258,'choix',1),(258,'accompagnée',1),(258,'conduite',1),(258,'statiques',1),(258,'présentations',2),(258,'réalisant',1),(258,'en',2),(258,'vente',3),(258,'équipes',1),(258,'soutenons',1),(258,'nous',7),(258,'secteur',1),(258,'du',4),(258,'passion',1),(258,'et',1),(258,'langues',1),(258,'des',6),(258,'connaissance',2),(258,'la',8),(258,'commercial',1),(258,'sens',1),(258,'combinant',1),(258,'équipe',1),(258,'une',5),(258,'avec',2),(258,'dynamiques',2),(258,'qualités',1),(258,'les',4),(258,'vraiment',1),(258,'ils',2),(258,'connaissent',1),(258,'prospects',1),(258,'ou',3),(258,'clients',1),(258,'vendeurs',1),(258,'vos',7),(258,'mais',2),(258,'catalogue',1),(258,'beau',1),(258,'un',4),(258,'véhicules',4),(258,'bons',1),(258,'de',11),(258,'avez',2),(258,'vous',4),(258,'camions',4),(258,'event',4),(269,'afin',1),(269,'commerciaux',1),(269,'informaticien',1),(269,'juriste',1),(269,'secrétaire',1),(269,'Être',4),(269,'aussi',1),(269,'doivent',1),(269,'chauffeurs',2),(269,'vos',1),(269,'camion',1),(269,'un',2),(269,'conduire',1),(269,'bien',1),(269,'savoir',1),(269,'plus',1),(269,'en',3),(269,'jours',1),(269,'nos',1),(269,'transporteurs',1),(269,'les',3),(269,'pour',3),(269,'spécialement',1),(269,'tout',1),(269,'équipe',5),(269,'votre',6),(269,'de',16),(269,'gestion',4),(30,'name',1),(30,'page',1),(30,'*',1),(30,'}',1),(393,'conduire',2),(393,'pour',3),(393,'là',1),(393,'n\'est',1),(393,'femme',1),(393,'mari',1),(393,'longtemps',1),(393,'depuis',1),(393,'volant',1),(393,'le',2),(393,'pris',1),(393,'plus',2),(393,'n\'avez',1),(393,'et',3),(393,'d\'année',1),(393,'mal',1),(393,'pas',1),(393,'y',1),(393,'il',1),(393,'eu',1),(393,'permis',5),(393,'votre',7),(393,'déjà',4),(393,'avez',5),(32,'name',1),(32,'page',1),(32,'*',1),(32,'}',1),(32,'navigation',2),(32,'sub',1),(261,'«éco»',2),(261,'que',1),(261,'conscient',1),(261,'êtes',1),(261,'vous',1),(261,'individuelle',4),(261,'conduite',6),(261,'eco',4),(416,'affaire',1),(416,'une',2),(416,'uniquement',1),(416,'l\'entreprise',1),(416,'priorités',1),(416,'parcours',1),(416,'type',1),(416,'travail',1),(416,'types',2),(416,'besoins',1),(416,'vos',1),(416,'à',1),(416,'répondant',1),(416,'mesure',1),(416,'programme',1),(416,'un',1),(416,'vous',1),(416,'élaborons',1),(416,'nous',2),(416,'autant',1),(416,'pour',2),(416,'route',1),(416,'trainer',1),(416,'se',1),(416,'sans',1),(416,'cela',1),(416,'tout',1),(416,'stress',1),(416,'et',3),(416,'freins',1),(416,'pneus',1),(416,'aussi',1),(416,'mais',2),(416,'carburant',1),(416,'l\'économie',1),(416,'n\'est',2),(416,'ce',1),(416,'«éco»',2),(416,'la',3),(416,'calculs',1),(416,'longs',1),(416,'besoin',1),(416,'pas',3),(416,'coute',1),(416,'ça',1),(416,'où',1),(416,'prix',1),(416,'au',1),(423,'avec',2),(423,' ',1),(423,'découvrir',1),(423,'venez',1),(423,'véhicules',2),(423,'des',1),(423,'et',5),(423,'maîtrise',2),(34,'news',5),(34,'module',3),(34,'installed',3),(34,'exciting',1),(34,'article',2),(34,'using',1),(34,'summary',1),(34,'field',1),(34,'therefore',1),(34,'link',1),(34,'read',2),(34,'can',1),(34,'click',1),(34,'heading',1),(187,'name',1),(418,'vous',11),(418,'à',7),(418,'loin',1),(418,'ou',6),(339,'pensez',1),(339,'si',1),(339,'diverses',1),(393,'vous',13),(339,'lectures',1),(339,'rencontres',1),(339,'réunions',1),(339,'de',3),(339,'cours',1),(405,'sav',1),(405,'pour',1),(405,'suis',1),(405,'je',1),(339,'au',1),(339,'compilées',1),(339,'et',2),(339,'rassemblées',1),(339,'informations',2),(339,'également',1),(339,'mais',1),(339,'d\'information',1),(339,'sources',1),(339,'fournisseurs',1),(339,'clients',1),(339,'externes',1),(339,'sites',1),(339,'divers',1),(339,'vers',1),(339,'des',3),(339,'liens',1),(339,'trouverez',1),(339,'vous',2),(339,'endroit',1),(339,'cet',1),(339,'utiles',4),(339,'infos',4),(339,'après',1),(339,'vérification',1),(389,'via',1),(389,' brochure',1),(389,'camion',1),(389,'accidents',1),(389,'choses',1),(389,'autres',1),(389,'entre',1),(389,'traitant',1),(389,'2008',1),(389,'trimestre',1),(389,'4ème',1),(389,'l\'ibsr',1),(389,'brochure',1),(389,' ',1),(389,'la',2),(389,'le',1),(389,'sur',1),(389,'chauffeurs',1),(389,'continue',2),(389,'formation',2),(389,'ainsi',1),(389,'qu\'au',1),(389,'catégories',2),(389,'sous',2),(389,'d',2),(405,'ibsr',2),(405,'febetra',1),(405,'d\'informations',1),(405,'sources',1),(405,'bonnes',1),(405,'de',1),(405,'new',1),(405,'kalscheuer',1),(405,'mercedes',1),(405,'trucks',2),(405,'ensemble',1),(405,'travaillons',1),(405,'foods',1),(405,'trendy',1),(405,'emonds',1),(405,'transport',2),(405,'logistique',1),(405,'team',1),(405,'tempo',1),(405,'driving',3),(405,'plan',1),(405,'drivers',1),(405,'safe',3),(405,'fruytier',1),(405,'formax',2),(405,'chapelle',1),(405,'henri',1),(405,'rohen',1),(405,'hollogne',1),(405,'grâce',1),(405,'riskin',1),(405,'bande',1),(405,'mioli',1),(405,'volmerange',1),(405,'engel',1),(405,'belgique',2),(405,'daf',6),(405,'alphabétique',3),(405,' ',6),(405,'ordre',3),(405,'par',3),(405,'confiance',1),(405,'font',1),(405,'nous',2),(405,'ils',1),(405,'utiles',2),(405,'liens',2),(405,'surf',2),(405,'bon',2),(389,'et',5),(389,'c',2),(389,'permis',1),(392,' ',1),(392,'newdriving',1),(392,'www',1),(392,'driving',1),(392,'new',1),(392,'l\'auto',1),(392,'collaboration',1),(427,'habitudes',1),(427,'bonnes',1),(427,'prendre',1),(427,'re',1),(427,'afin',1),(427,'sur',1),(427,'et pratique',1),(427,'partie',1),(427,'combinée',1),(427,'être',1),(427,'peut',1),(427,'cette',1),(427,'rentabilisé',1),(427,'vite',1),(427,'sera',1),(427,'cela',1),(427,'remettre',1),(427,'formation',2),(427,'2',1),(427,'1',1),(427,'rappel',1),(427,'une',1),(427,'piqure',1),(427,'faire',1),(427,'permettrons',1),(427,'vous',2),(427,'théoriques',1),(427,'cours',1),(427,'et',2),(427,'permis',1),(427,'comme',1),(427,'pratiques',1),(427,'tests',1),(427,'mélange',1),(427,'judicieux',1),(427,'un',2),(427,'aujourd\'hui',1),(427,'théorique',2),(427,'repasser',1),(427,'devions',1),(427,'si',1),(427,'surpris',1),(427,'tous',1),(427,'nous',2),(427,'serions',1),(427,'7',1),(427,'ne',1),(427,'il',1),(427,'dépassements',1),(427,'limitations',1),(427,'vitesse',1),(427,'c\'est',1),(427,'pour',4),(427,'les',3),(427,'3',1),(427,'5',2),(427,'tonnes',2),(427,'ou',1),(425,'ces',1),(425,'formation',1),(425,'temps de',1),(425,'consacrer',1),(425,'il',1),(425,'serait',1),(425,'ne',1),(425,'transport',1),(425,'au',1),(425,'beaucoup',1),(425,'coûtent',1),(425,'qui',1),(425,'aspects',2),(425,'des',1),(425,'qu\'un',1),(425,'n\'est',1),(425,'l\'inverse',1),(425,'pas',2),(425,'30',1),(425,'15',1),(425,'par',1),(425,'minutes',3),(425,'45',1),(425,'pause',1),(425,'remplacement',1),(425,'l\'explication',1),(425,'consacré',1),(425,'vous',1),(425,'avez',1),(425,'combien',1),(425,'parc',1),(425,'votre',1),(425,'dans',1),(425,'arrivés',1),(425,'véhicules',1),(425,'nouveaux',1),(425,'vos',1),(425,'lorsque',1),(425,'respect',1),(425,'non',1),(425,'un',1),(425,'liées',1),(425,'celles',1),(425,'que',1),(425,'nombreuses',1),(425,'aussi',1),(425,'quasi',1),(425,'désormais',1),(425,'sont',2),(427,'est',1),(427,'qu\'en',1),(427,'nouveautés',1),(427,'dernières',1),(427,'courant',1),(427,'vraiment',1),(427,'ils',1),(427,'sont',1),(427,'chauffeurs',2),(427,'vos',2),(427,'belgique',1),(427,'en',1),(427,'dire',1),(427,'peu',1),(426,'d\'argent',1),(426,'temps',1),(426,'beaucoup',1),(426,'économiser',1),(426,'voir',1),(426,'gagner',1),(426,'heures',1),(426,'formation',1),(426,'peuvent',1),(426,'quelques',1),(426,'encore',1),(426,'là',1),(426,'conséquences',1),(426,'les',1),(426,'sont',1),(426,'mal',1),(426,'indemnisation',1),(426,'votre',1),(426,'accélérer',1),(426,'aidez',1),(426,'vous',2),(426,'peut',1),(426,'il',1),(426,'rempli',2),(426,'bien',1),(426,'constat',1),(426,'ordre',1),(417,'donner',1),(417,'leur',1),(417,'afin',1),(417,'commerciaux',1),(417,'informaticien',1),(417,'juriste',1),(417,'secrétaire',1),(417,'Être',4),(428,'efficace',1),(428,'son',1),(428,'d\'utiliser',1),(428,'au',1),(428,'permettre',1),(428,'informations',1),(428,'toutes',1),(428,'donneront',1),(428,'route',1),(428,'sur',1),(428,'pratique',1),(428,'beaucoup',1),(428,'théorique',1),(428,'présentation',1),(428,'peu',1),(428,'d\'euro',1),(428,'milliers',1),(428,'dizaines de',1),(428,'plusieurs',1),(428,'responsabilité',1),(428,'qui',1),(428,'chauffeur',2),(428,'pour',2),(428,'pas',1),(428,'pourquoi',1),(428,'bureautique',1),(428,'suite',1),(428,'nouvelle',1),(428,'d\'une',1),(428,'l\'arrivée',1),(428,'secrétaire',1),(428,'e',1),(428,'un',3),(428,'former',1),(428,'normal',1),(428,'trouve',1),(428,'si',1),(428,'manière',2),(428,'utilisent',1),(428,'nouveautés',1),(428,'ces',1),(428,'informés',1),(428,'ils',2),(428,'chauffeurs',1),(428,'intégrées',1),(428,'sont',2),(428,'améliorations',1),(428,'nombreuse',1),(428,'de',8),(428,'génération',1),(428,'à',2),(428,'technologies',1),(428,'leurs',1),(428,'cesse',1),(428,'sans',1),(428,'améliorent',1),(428,'fabricants',1),(428,'les',3),(428,'prix',1),(428,'certainement',1),(428,'et',4),(428,'motorisation',1),(428,'la',3),(428,'l\'équipement',1),(428,'option',1),(428,'détail',1),(428,'chaque',3),(428,'d\'analyser',1),(428,'temps',1),(428,'le',2),(428,'pris',1),(416,'votre',1),(416,'véhicules',2),(416,'nombre',1),(416,'le',1),(416,'par',1),(416,'multiplié',1),(416,'km',1),(416,'100',1),(418,'près',1),(418,'touche',1),(418,'qui',1),(418,'ce',2),(418,'tout',1),(418,'pour',3),(418,'partenaire',1),(418,'votre',5),(418,'services',1),(418,'löfgen',2),(418,'jacques',2),(418,'6',1),(418,'5',1),(418,'4',1),(418,'3',1),(418,'2',1),(418,'1',1),(418,'slide',6),(418,'présentation',2),(418,'s',3),(389,'possesseurs',1),(389,'nouveaux',1),(389,'les',2),(389,'pour',2),(389,'cap',2),(389,'du',2),(389,'l\'obtention',1),(389,'l\'obligation',2),(389,'de',7),(389,'sujet',2),(389,'au',1),(389,'informations',2),(389,'des',3),(389,'résumé',2),(389,'un',1),(389,'télécharger',4),(389,'à',4),(389,'infos',4),(389,'secura',1),(389,'78',1),(389,'2',1),(389,'8',1),(389,'mb',1),(394,'propose',1),(394,'les',1),(394,'services',1),(394,'d\'un',2),(394,'moniteur',1),(394,'breveté',1),(394,'à',1),(394,'bord',1),(394,'véhicule',1),(394,'équipé',1),(394,'«auto',1),(394,'école»',1),(394,'pour',1),(394,'1',1),(394,'heure',1),(394,'ou',2),(394,'2',1),(394,'selon',1),(394,'vos',1),(394,'désirs',1),(394,' ',1),(395,'cours',1),(395,'spéciaux',1),(418,'l',3),(418,'j',3),(418,'de',12),(418,'site',4),(418,'le',4),(418,'sur',4),(418,'bienvenue',2),(417,'aussi',1),(417,'doivent',1),(417,'chauffeurs',2),(417,'vos',1),(417,'camion',1),(417,'un',2),(427,'pas',2),(427,'n\'est',1),(427,'qui',1),(427,'ce',1),(427,'ministres',1),(427,'changements',1),(427,'des',4),(427,'gré',1),(425,'utilisation',1),(425,'mauvaise',1),(425,'une',3),(425,'à',4),(425,'dues',1),(425,'d\'amendes',1),(425,'nombre',1),(425,'le',2),(425,'repos',3),(425,'conduite',5),(425,'de',14),(425,'temps',7),(426,'quel',2),(426,'dans',1),(426,'faire',2),(426,'premier',1),(426,'penser',1),(426,'quoi',1),(426,'eu',1),(426,'lieu',1),(426,'à',2),(426,'l\'accident',1),(426,'que',2),(426,'fois',1),(426,'une',1),(426,'autres',1),(426,'pas',1),(428,'s',1),(428,'x',1),(428,'vos',2),(428,'acheté',1),(428,'avez',2),(428,'vous',2),(428,'lorsque',1),(428,'d\'un',3),(428,'optimale',4),(428,'utilisation',2),(428,'véhicule',7),(428,'nouveau',5),(428,'votre',3),(428,'découvrir',2),(423,'sécurité',1),(423,'la',5),(423,'à',3),(423,'dédié',1),(423,'entièrement',1),(423,'site',2),(423,'un',2),(423,'sur',3),(423,'camion',5),(416,'sur',3),(416,'moins',2),(416,'de',14),(416,'litre',1),(416,'1',1),(416,'que',4),(416,'parce',3),(416,'voiture',4),(416,'camion',4),(416,'flotte',5),(416,'conduite',7),(416,'eco',4),(405,'truck',1),(405,'business',1),(405,' uptr',1),(417,'conduire',1),(417,'bien',1),(417,'savoir',1),(417,'plus',1),(417,'en',3),(417,'jours',1),(417,'nos',1),(417,'transporteurs',1),(417,'les',3),(417,'pour',3),(417,'spécialement',1),(417,'tout',1),(417,'constat',5),(417,'cmr',5),(417,'transport',4),(417,'de',14),(427,'au',2),(427,'changer',1),(427,'semble',1),(427,'le',3),(427,'défensive',2),(427,'routière',2),(427,'législation',2),(425,'les',2),(425,'sur',3),(425,'législation',2),(425,'la',3),(425,'et',9),(426,'qu\'aux',1),(426,'malheureusement',1),(426,'cela',1),(426,'n\'arrive',1),(426,'chauffeurs',1),(426,'vos',1),(426,'de',3),(426,'celui',1),(426,'votre professionnalisme',1),(426,'et',3),(427,'préventive',3),(427,'conduite',5),(427,'route',4),(427,'la',4),(427,'de',12),(427,'code',3),(427,'du',2),(427,'jour',4),(427,'à',5),(427,'mise',2),(417,'documents',4),(425,'digital',3),(425,'tachygraphe',6),(425,'du',6),(425,'l\'utilisation',3),(426,'tout',1),(426,'malgré',1),(426,'d\'accident',5),(426,'cas',4),(426,'en',6),(426,'comportement',2),(426,'bon',2),(426,'le',3);

--
-- Table structure for table `module_search_items`
--

CREATE TABLE `module_search_items` (
  `id` int(11) NOT NULL,
  `module_name` varchar(100) default NULL,
  `content_id` int(11) default NULL,
  `extra_attr` varchar(100) default NULL,
  `expires` datetime default NULL,
  PRIMARY KEY  (`id`),
  KEY `module_name` (`module_name`),
  KEY `content_id` (`content_id`),
  KEY `extra_attr` (`extra_attr`)
) ENGINE=MyISAM DEFAULT CHARSET=latin1;

--
-- Dumping data for table `module_search_items`
--

INSERT INTO `module_search_items` VALUES (1,'Search',15,'template',NULL),(261,'Search',67,'content',NULL),(187,'Search',16,'template',NULL),(391,'Search',54,'content',NULL),(5,'Search',17,'template',NULL),(418,'Search',15,'content',NULL),(333,'Search',51,'content',NULL),(389,'Search',61,'content',NULL),(136,'Search',53,'content',NULL),(394,'Search',66,'content',NULL),(339,'Search',55,'content',NULL),(359,'Search',56,'content',NULL),(167,'Search',57,'content',NULL),(168,'Search',58,'content',NULL),(165,'Search',59,'content',NULL),(395,'Search',60,'content',NULL),(427,'Search',78,'content',NULL),(405,'Search',62,'content',NULL),(278,'Search',76,'content',NULL),(393,'Search',65,'content',NULL),(30,'Search',19,'template',NULL),(416,'Search',68,'content',NULL),(32,'Search',18,'template',NULL),(392,'Search',64,'content',NULL),(34,'News',1,'article',NULL),(270,'Search',69,'content',NULL),(423,'Search',70,'content',NULL),(273,'Search',71,'content',NULL),(254,'Search',72,'content',NULL),(258,'Search',73,'content',NULL),(417,'Search',74,'content',NULL),(269,'Search',75,'content',NULL),(360,'Search',1,'global_content',NULL),(425,'Search',79,'content',NULL),(426,'Search',80,'content',NULL),(428,'Search',81,'content',NULL);

--
-- Table structure for table `module_search_items_seq`
--

CREATE TABLE `module_search_items_seq` (
  `id` int(11) NOT NULL
) ENGINE=MyISAM DEFAULT CHARSET=latin1;

--
-- Dumping data for table `module_search_items_seq`
--

INSERT INTO `module_search_items_seq` VALUES (428);

--
-- Table structure for table `module_search_words`
--

CREATE TABLE `module_search_words` (
  `word` varchar(255) NOT NULL,
  `count` int(11) default NULL,
  PRIMARY KEY  (`word`)
) ENGINE=MyISAM DEFAULT CHARSET=latin1;

--
-- Dumping data for table `module_search_words`
--

INSERT INTO `module_search_words` VALUES ('cmr',1);

--
-- Table structure for table `module_templates`
--

CREATE TABLE `module_templates` (
  `module_name` varchar(200) default NULL,
  `template_name` varchar(200) default NULL,
  `content` text,
  `create_date` datetime default NULL,
  `modified_date` datetime default NULL,
  KEY `index_module_templates_by_module_name_template_name` (`module_name`,`template_name`)
) ENGINE=MyISAM DEFAULT CHARSET=latin1;

--
-- Dumping data for table `module_templates`
--

INSERT INTO `module_templates` VALUES ('News','summarySample','<!-- Start News Display Template -->\n{if $pagecount > 1}\n  <p>\n{if $pagenumber > 1}\n{$firstpage}&nbsp;{$prevpage}&nbsp;\n{/if}\n{$pagetext}&nbsp;{$pagenumber}&nbsp;{$oftext}&nbsp;{$pagecount}\n{if $pagenumber < $pagecount}\n&nbsp;{$nextpage}&nbsp;{$lastpage}\n{/if}\n</p>\n{/if}\n{foreach from=$items item=entry}\n<div class=\"NewsSummary\">\n\n{if $entry->formatpostdate}\n	<div class=\"NewsSummaryPostdate\">\n		{$entry->formatpostdate}\n	</div>\n{/if}\n\n<div class=\"NewsSummaryLink\">\n	{$entry->titlelink}\n</div>\n\n<div class=\"NewsSummaryCategory\">\n	{$category_label} {$entry->category}\n</div>\n\n{if $entry->author}\n	<div class=\"NewsSummaryAuthor\">\n		{$author_label} {$entry->author}\n	</div>\n{/if}\n\n{if $entry->summary}\n	<div class=\"NewsSummarySummary\">\n		{eval var=$entry->summary}\n	</div>\n\n	<div class=\"NewsSummaryMorelink\">\n		[{$entry->morelink}]\n	</div>\n\n{else if $entry->content}\n\n	<div class=\"NewsSummaryContent\">\n		{eval var=$entry->content}\n	</div>\n{/if}\n\n{if isset($entry->extra)}\n    <div class=\"NewsSummaryExtra\">\n        {eval var=$entry->extra}\n	{* {cms_module module=\'Uploads\' mode=\'simpleurl\' upload_id=$entry->extravalue} *}\n    </div>\n{/if}\n{if isset($entry->fields)}\n  {foreach from=$entry->fields item=\'field\'}\n     <div class=\"NewsSummaryField\">\n        {if $field->type == \'file\'}\n          <img src=\"{$entry->file_location}/{$field->value}\"/>\n        {else}\n          {$field->name}:&nbsp;{eval var=$field->value}\n        {/if}\n     </div>\n  {/foreach}\n{/if}\n\n</div>\n{/foreach}\n<!-- End News Display Template -->\n','2008-11-05 11:06:48','2008-11-05 11:06:48'),('News','detailSample','{if $entry->formatpostdate}\n	<div id=\"NewsPostDetailDate\">\n		{$entry->formatpostdate}\n	</div>\n{/if}\n<h3 id=\"NewsPostDetailTitle\">{$entry->title}</h3>\n\n<hr id=\"NewsPostDetailHorizRule\" />\n\n{if $entry->summary}\n	<div id=\"NewsPostDetailSummary\">\n		<strong>\n			{eval var=$entry->summary}\n		</strong>\n	</div>\n{/if}\n\n{if $entry->category}\n	<div id=\"NewsPostDetailCategory\">\n		{$category_label} {$entry->category}\n	</div>\n{/if}\n{if $entry->author}\n	<div id=\"NewsPostDetailAuthor\">\n		{$author_label} {$entry->author}\n	</div>\n{/if}\n\n<div id=\"NewsPostDetailContent\">\n	{eval var=$entry->content}\n</div>\n\n{if $entry->extra}\n	<div id=\"NewsPostDetailExtra\">\n		{$extra_label} {$entry->extra}\n	</div>\n{/if}\n\n<div id=\"NewsPostDetailPrintLink\">\n	{$entry->printlink}\n</div>\n{if $return_url != \"\"}\n<div id=\"NewsPostDetailReturnLink\">{$return_url}</div>\n{/if}\n\n{if isset($entry->fields)}\n  {foreach from=$entry->fields item=\'field\'}\n     <div class=\"NewsDetailField\">\n        {if $field->type == \'file\'}\n	  {* this template assumes that every file uploaded is an image of some sort, because News doesn\'t distinguish *}\n          <img src=\"{$entry->file_location}/{$field->value}\"/>\n        {else}\n          {$field->name}:&nbsp;{eval var=$field->value}\n        {/if}\n     </div>\n  {/foreach}\n{/if}\n','2008-11-05 11:06:48','2008-11-05 11:06:48'),('News','formSample','{* original form template *}\n{if isset($error)}\n  <h3><font color=\"red\">{$error}</font></h3>\n{else}\n  {if isset($message)}\n    <h3>{$message}</h3>\n  {/if}\n{/if}\n{$startform}\n	<div class=\"pageoverflow\">\n		<p class=\"pagetext\">*{$titletext}:</p>\n		<p class=\"pageinput\">{$inputtitle}</p>\n	</div>\n	<div class=\"pageoverflow\">\n		<p class=\"pagetext\">{$categorytext}:</p>\n		<p class=\"pageinput\">{$inputcategory}</p>\n	</div>\n{if !isset($hide_summary_field) or $hide_summary_field == 0}\n	<div class=\"pageoverflow\">\n		<p class=\"pagetext\">{$summarytext}:</p>\n		<p class=\"pageinput\">{$inputsummary}</p>\n	</div>\n{/if}\n	<div class=\"pageoverflow\">\n		<p class=\"pagetext\">*{$contenttext}:</p>\n		<p class=\"pageinput\">{$inputcontent}</p>\n	</div>\n	<div class=\"pageoverflow\">\n		<p class=\"pagetext\">{$extratext}:</p>\n		<p class=\"pageinput\">{$inputextra}</p>\n	</div>\n	<div class=\"pageoverflow\">\n		<p class=\"pagetext\">{$startdatetext}:</p>\n		<p class=\"pageinput\">{html_select_date prefix=$startdateprefix time=$startdate end_year=\"+15\"} {html_select_time prefix=$startdateprefix time=$startdate}</p>\n	</div>\n	<div class=\"pageoverflow\">\n		<p class=\"pagetext\">{$enddatetext}:</p>\n		<p class=\"pageinput\">{html_select_date prefix=$enddateprefix time=$enddate end_year=\"+15\"} {html_select_time prefix=$enddateprefix time=$enddate}</p>\n	</div>\n	{if isset($customfields)}\n	   {foreach from=$customfields item=\'onefield\'}\n	      <div class=\"pageoverflow\">\n		<p class=\"pagetext\">{$onefield->name}:</p>\n		<p class=\"pageinput\">{$onefield->field}</p>\n	      </div>\n	   {/foreach}\n	{/if}\n	<div class=\"pageoverflow\">\n		<p class=\"pagetext\">&nbsp;</p>\n		<p class=\"pageinput\">{$hidden}{$submit}{$cancel}</p>\n	</div>\n{$endform}\n','2008-11-05 11:06:48','2008-11-05 11:06:48'),('News','browsecatSample','{if $count > 0}\n<ul class=\"list1\">\n{foreach from=$cats item=node}\n{if $node.depth > $node.prevdepth}\n{repeat string=\"<ul>\" times=$node.depth-$node.prevdepth}\n{elseif $node.depth < $node.prevdepth}\n{repeat string=\"</li></ul>\" times=$node.prevdepth-$node.depth}\n</li>\n{elseif $node.index > 0}</li>\n{/if}\n<li class=\"newscategory\">\n{if $node.count > 0}\n	<a href=\"{$node.url}\">{$node.news_category_name}</a> ({$node.count}){else}<span>{$node.news_category_name} (0)</span>{/if}\n{/foreach}\n{repeat string=\"</li></ul>\" times=$node.depth-1}</li>\n</ul>\n{/if}','2008-11-05 11:06:48','2008-11-05 11:06:48'),('News','email_template','A new news article has been posted to your website.  The details are as follows:Title:      {$title}\nIP Address: {$ipaddress}\nSummary:    {$summary|strip_tags}\nPost Date:  {$postdate|date_format}\nStart Date: {$startdate|date_format}\nEnd Date:   {$enddate|date_format}\n','2008-11-05 11:06:48','2008-11-05 11:06:48'),('Printing','linktemplate','{if isset($imgsrc)}\n{capture assign=\'image\'}\n  <img src=\'{$imgsrc}\' alt=\'{$linktext}\' {if isset($imgclass) && $imgclass!=\'\'}class=\'{$imgclass}\'{/if}/>\n{/capture}\n<a href=\'{$href}\' class=\'{$class}\' {$target} {if isset($more)}{$more}{/if}>{$image}</a>\n{else}\n<a href=\'{$href}\' class=\'{$class}\' {$target} {if isset($more)}{$more}{/if}>{$image}{$linktext}</a>\n{/if}\n','2008-11-05 11:06:48','2008-11-05 11:06:48'),('Printing','printtemplate','<!DOCTYPE html PUBLIC \"-//W3C//DTD XHTML 1.0 Transitional//EN\"\n\"http://www.w3.org/TR/xhtml1/DTD/xhtml1-transitional.dtd\">\n<html xmlns=\"http://www.w3.org/1999/xhtml\" xml:lang=\"en\" lang=\"en\">\n  <head>\n    <title>Printing {title}</title>\n    <meta name=\"robots\" content=\"noindex\"></meta>\n    <base href=\"{$rooturl}\" />\n    <meta name=\"Generator\" content=\"CMS Made Simple - Copyright (C) 2004-6 Ted Kulp. All rights reserved.\" />\n    <meta http-equiv=\"Content-Type\" content=\"text/html; charset=utf-8\" />\n\n    {stylesheet}\n    {if $overridestylesheet!=\'\'}\n    <style type=\"text/css\">\n    {$overridestylesheet}\n    </style>\n    {/if}\n    \n  </head>\n  <body	style=\"background-color: white; color: black; background-image: none; text-align: left;\">	\n    {$content}\n        \n    {$printscript}\n</body>\n</html>\n','2008-11-05 11:06:48','2008-11-05 11:06:48'),('Printing','pdftemplate','<h1>{$title}</h1>\n{$content}\n','2008-11-05 11:06:48','2008-11-05 11:06:48'),('Search','displaysearch','{$startform}\n\n    <label for=\"{$search_actionid}searchinput\">{$searchprompt}</label>:&nbsp;<input type=\"text\" id=\"{$search_actionid}searchinput\" name=\"{$search_actionid}searchinput\" size=\"20\" maxlength=\"50\" value=\"{$searchtext}\" {$hogan}/><input name=\"submit\" value=\"{$submittext}\" type=\"submit\" />\n{if isset($hidden)}{$hidden}{/if}\n\n{$endform}','2008-11-05 11:06:48','2008-11-05 11:06:48'),('Search','displayresult','<h3>{$searchresultsfor} &quot;{$phrase}&quot;</h3>\n{if $itemcount > 0}\n<ul>\n  {foreach from=$results item=entry}\n  <li>{$entry->title} - <a href=\"{$entry->url}\">{$entry->urltxt}</a> ({$entry->weight}%)</li>\n  {* \n     You can also instantiate custom behaviour on a module by module basis by looking at\n     the $entry->module and $entry->modulerecord fields in $entry \n      ie: {if $entry->module == \'News\'}{News action=\'detail\' article_id=$entry->modulerecord detailpage=\'News\'} \n  *}\n  {/foreach}\n</ul>\n\n<p>{$timetaken}: {$timetook}</p>\n{else}\n  <p><strong>{$noresultsfound}</strong></p>\n{/if}','2008-11-05 11:06:48','2008-11-05 11:06:48');

--
-- Table structure for table `modules`
--

CREATE TABLE `modules` (
  `module_name` varchar(255) default NULL,
  `status` varchar(255) default NULL,
  `version` varchar(255) default NULL,
  `admin_only` tinyint(4) default '0',
  `active` tinyint(4) default NULL,
  KEY `index_modules_by_module_name` (`module_name`)
) ENGINE=MyISAM DEFAULT CHARSET=latin1;

--
-- Dumping data for table `modules`
--

INSERT INTO `modules` VALUES ('CMSMailer','installed','1.73.14',0,1),('FileManager','installed','0.4.1',1,1),('MenuManager','installed','1.5.1',0,1),('ModuleManager','installed','1.2.1',1,1),('News','installed','2.8.2',0,1),('nuSOAP','installed','1.0.1',1,1),('Printing','installed','0.2.5',0,1),('Search','installed','1.5.1',0,1),('ThemeManager','installed','1.0.8',1,1),('TinyMCE','installed','2.4.5',0,1);

--
-- Table structure for table `permissions`
--

CREATE TABLE `permissions` (
  `permission_id` int(11) NOT NULL,
  `permission_name` varchar(255) default NULL,
  `permission_text` varchar(255) default NULL,
  `create_date` datetime default NULL,
  `modified_date` datetime default NULL,
  PRIMARY KEY  (`permission_id`)
) ENGINE=MyISAM DEFAULT CHARSET=latin1;

--
-- Dumping data for table `permissions`
--

INSERT INTO `permissions` VALUES (1,'Add Pages','Add Pages','2006-07-25 21:22:33','2006-07-25 21:22:33'),(2,'Add Groups','Add Groups','2006-07-25 21:22:33','2006-07-25 21:22:33'),(4,'Add Templates','Add Templates','2006-07-25 21:22:33','2006-07-25 21:22:33'),(5,'Add Users','Add Users','2006-07-25 21:22:33','2006-07-25 21:22:33'),(6,'Modify Any Page','Modify Any Page','2006-07-25 21:22:33','2006-07-25 21:22:33'),(7,'Modify Groups','Modify Groups','2006-07-25 21:22:33','2006-07-25 21:22:33'),(8,'Modify Group Assignments','Modify Group Assignments','2006-07-25 21:22:33','2006-07-25 21:22:33'),(9,'Modify Permissions','Modify Permissions for Groups','2006-07-25 21:22:33','2006-07-25 21:22:33'),(11,'Modify Templates','Modify Templates','2006-07-25 21:22:33','2006-07-25 21:22:33'),(12,'Modify Users','Modify Users','2006-07-25 21:22:33','2006-07-25 21:22:33'),(13,'Remove Pages','Remove Pages','2006-07-25 21:22:33','2006-07-25 21:22:33'),(14,'Remove Groups','Remove Groups','2006-07-25 21:22:33','2006-07-25 21:22:33'),(16,'Remove Templates','Remove Templates','2006-07-25 21:22:33','2006-07-25 21:22:33'),(17,'Remove Users','Remove Users','2006-07-25 21:22:33','2006-07-25 21:22:33'),(18,'Modify Modules','Modify Modules','2006-07-25 21:22:33','2006-07-25 21:22:33'),(20,'Modify Files','Modify Files','2006-07-25 21:22:33','2006-07-25 21:22:33'),(21,'Modify Site Preferences','Modify Site Preferences','2006-07-25 21:22:33','2006-07-25 21:22:33'),(22,'Modify Stylesheets','Modify Stylesheets','2006-07-25 21:22:33','2006-07-25 21:22:33'),(23,'Add Stylesheets','Add Stylesheets','2006-07-25 21:22:33','2006-07-25 21:22:33'),(24,'Remove Stylesheets','Remove Stylesheets','2006-07-25 21:22:33','2006-07-25 21:22:33'),(25,'Add Stylesheet Assoc','Add Stylesheet Associations','2006-07-25 21:22:33','2006-07-25 21:22:33'),(26,'Modify Stylesheet Assoc','Modify Stylesheet Associations','2006-07-25 21:22:33','2006-07-25 21:22:33'),(27,'Remove Stylesheet Assoc','Remove Stylesheet Associations','2006-07-25 21:22:33','2006-07-25 21:22:33'),(28,'Modify User-defined Tags','Modify User-defined Tags','2006-07-25 21:22:33','2006-07-25 21:22:33'),(29,'Clear Admin Log','Clear Admin Log','2006-07-25 21:22:33','2006-07-25 21:22:33'),(30,'Add Global Content Blocks','Add Global Content Blocks','2006-07-25 21:22:33','2006-07-25 21:22:33'),(31,'Modify Global Content Blocks','Modify Global Content Blocks','2006-07-25 21:22:33','2006-07-25 21:22:33'),(32,'Remove Global Content Blocks','Remove Global Content Blocks','2006-07-25 21:22:33','2006-07-25 21:22:33'),(33,'Modify Page Structure','Modify Page Structure','2006-07-25 21:22:33','2006-07-25 21:22:33'),(35,'Modify Events','Modify Events','2006-01-27 20:06:58','2006-01-27 20:06:58'),(36,'View Tag Help','View Tag Help','2006-01-27 20:06:58','2006-01-27 20:06:58'),(37,'Use FileManager Advanced','Advanced usage of the the File Manager module','2008-11-05 11:06:47','2008-11-05 11:06:47'),(38,'Manage Menu','Manage Menu','2008-11-05 11:06:48','2008-11-05 11:06:48'),(39,'Modify News','Modify News','2008-11-05 11:06:48','2008-11-05 11:06:48'),(40,'Approve News','Approve News For Frontend Display','2008-11-05 11:06:48','2008-11-05 11:06:48'),(41,'Delete News','Delete News Articles','2008-11-05 11:06:48','2008-11-05 11:06:48'),(42,'Manage Themes','Manage Themes','2008-11-05 11:06:50','2008-11-05 11:06:50');

--
-- Table structure for table `permissions_seq`
--

CREATE TABLE `permissions_seq` (
  `id` int(11) NOT NULL
) ENGINE=MyISAM DEFAULT CHARSET=latin1;

--
-- Dumping data for table `permissions_seq`
--

INSERT INTO `permissions_seq` VALUES (42);

--
-- Table structure for table `siteprefs`
--

CREATE TABLE `siteprefs` (
  `sitepref_name` varchar(255) NOT NULL,
  `sitepref_value` text,
  `create_date` datetime default NULL,
  `modified_date` datetime default NULL,
  PRIMARY KEY  (`sitepref_name`)
) ENGINE=MyISAM DEFAULT CHARSET=latin1;

--
-- Dumping data for table `siteprefs`
--

INSERT INTO `siteprefs` VALUES ('enablecustom404','0','2006-07-25 21:22:33','2006-07-25 21:22:33'),('custom404','<p>Page could not be found.</p>','2006-07-25 21:22:33','2006-07-25 21:22:33'),('custom404template','-1','2006-07-25 21:22:33','2006-07-25 21:22:33'),('enablesitedownmessage','0','2006-07-25 21:22:33','2006-07-25 21:22:33'),('sitedownmessage','<p>Site is currently down for maintenance.</p>','2006-07-25 21:22:33','2006-07-25 21:22:33'),('sitedownmessagetemplate','-1','2006-07-25 21:22:33','2006-07-25 21:22:33'),('useadvancedcss','1','2006-07-25 21:22:33','2006-07-25 21:22:33'),('metadata','<meta name=\"Generator\" content=\"CMS Made Simple - Copyright (C) 2004-6 Ted Kulp. All rights reserved.\" />\r\n<meta http-equiv=\"Content-Type\" content=\"text/html; charset=utf-8\" />\r\n<meta name=\"verify-v1\" content=\"dwtLhLa+lblpJ3L8z+oI8iQrAZN5jTRAxKfhg0Wt4Rs=\" />\r\n<link href=\"/lib/jquery/jquery.aslideshow/simple/styles.css\" media=\"screen\" rel=\"stylesheet\" type=\"text/css\" />	\r\n<script type=\"text/javascript\" src=\"/lib/jquery/jquery-1.3.2.min.js\"></script>	\r\n<script type=\"text/javascript\" src=\"/lib/jquery/jquery.aslideshow.js\"></script>	','2006-07-25 21:22:33','2006-07-25 21:22:33'),('xmlmodulerepository','','2006-07-25 21:22:33','2006-07-25 21:22:33'),('logintheme','NCleanGrey','2006-07-25 21:22:33','2006-07-25 21:22:33'),('sitename','Jacques Löfgen Services',NULL,NULL),('CMSMailer_mapi_pref_mailer','sendmail',NULL,NULL),('CMSMailer_mapi_pref_host','localhost',NULL,NULL),('CMSMailer_mapi_pref_port','25',NULL,NULL),('CMSMailer_mapi_pref_from','root@localhost',NULL,NULL),('CMSMailer_mapi_pref_fromuser','CMS Administrator',NULL,NULL),('CMSMailer_mapi_pref_sendmail','/usr/sbin/sendmail',NULL,NULL),('CMSMailer_mapi_pref_timeout','1000',NULL,NULL),('CMSMailer_mapi_pref_smtpauth','0',NULL,NULL),('CMSMailer_mapi_pref_username','',NULL,NULL),('CMSMailer_mapi_pref_password','',NULL,NULL),('FileManager_mapi_pref_iconsize','32px',NULL,NULL),('FileManager_mapi_pref_uploadboxes','5',NULL,NULL),('FileManager_mapi_pref_advancedmode','false',NULL,NULL),('FileManager_mapi_pref_showhiddenfiles','false',NULL,NULL),('ModuleManager_mapi_pref_module_repository','http://modules.cmsmadesimple.org/soap.php?module=ModuleRepository',NULL,NULL),('News_mapi_pref_default_summary_template_contents','<!-- Start News Display Template -->\n{if $pagecount > 1}\n  <p>\n{if $pagenumber > 1}\n{$firstpage}&nbsp;{$prevpage}&nbsp;\n{/if}\n{$pagetext}&nbsp;{$pagenumber}&nbsp;{$oftext}&nbsp;{$pagecount}\n{if $pagenumber < $pagecount}\n&nbsp;{$nextpage}&nbsp;{$lastpage}\n{/if}\n</p>\n{/if}\n{foreach from=$items item=entry}\n<div class=\"NewsSummary\">\n\n{if $entry->formatpostdate}\n	<div class=\"NewsSummaryPostdate\">\n		{$entry->formatpostdate}\n	</div>\n{/if}\n\n<div class=\"NewsSummaryLink\">\n	{$entry->titlelink}\n</div>\n\n<div class=\"NewsSummaryCategory\">\n	{$category_label} {$entry->category}\n</div>\n\n{if $entry->author}\n	<div class=\"NewsSummaryAuthor\">\n		{$author_label} {$entry->author}\n	</div>\n{/if}\n\n{if $entry->summary}\n	<div class=\"NewsSummarySummary\">\n		{eval var=$entry->summary}\n	</div>\n\n	<div class=\"NewsSummaryMorelink\">\n		[{$entry->morelink}]\n	</div>\n\n{else if $entry->content}\n\n	<div class=\"NewsSummaryContent\">\n		{eval var=$entry->content}\n	</div>\n{/if}\n\n{if isset($entry->extra)}\n    <div class=\"NewsSummaryExtra\">\n        {eval var=$entry->extra}\n	{* {cms_module module=\'Uploads\' mode=\'simpleurl\' upload_id=$entry->extravalue} *}\n    </div>\n{/if}\n{if isset($entry->fields)}\n  {foreach from=$entry->fields item=\'field\'}\n     <div class=\"NewsSummaryField\">\n        {if $field->type == \'file\'}\n          <img src=\"{$entry->file_location}/{$field->value}\"/>\n        {else}\n          {$field->name}:&nbsp;{eval var=$field->value}\n        {/if}\n     </div>\n  {/foreach}\n{/if}\n\n</div>\n{/foreach}\n<!-- End News Display Template -->\n',NULL,NULL),('News_mapi_pref_current_summary_template','Sample',NULL,NULL),('News_mapi_pref_default_detail_template_contents','{if $entry->formatpostdate}\n	<div id=\"NewsPostDetailDate\">\n		{$entry->formatpostdate}\n	</div>\n{/if}\n<h3 id=\"NewsPostDetailTitle\">{$entry->title}</h3>\n\n<hr id=\"NewsPostDetailHorizRule\" />\n\n{if $entry->summary}\n	<div id=\"NewsPostDetailSummary\">\n		<strong>\n			{eval var=$entry->summary}\n		</strong>\n	</div>\n{/if}\n\n{if $entry->category}\n	<div id=\"NewsPostDetailCategory\">\n		{$category_label} {$entry->category}\n	</div>\n{/if}\n{if $entry->author}\n	<div id=\"NewsPostDetailAuthor\">\n		{$author_label} {$entry->author}\n	</div>\n{/if}\n\n<div id=\"NewsPostDetailContent\">\n	{eval var=$entry->content}\n</div>\n\n{if $entry->extra}\n	<div id=\"NewsPostDetailExtra\">\n		{$extra_label} {$entry->extra}\n	</div>\n{/if}\n\n<div id=\"NewsPostDetailPrintLink\">\n	{$entry->printlink}\n</div>\n{if $return_url != \"\"}\n<div id=\"NewsPostDetailReturnLink\">{$return_url}</div>\n{/if}\n\n{if isset($entry->fields)}\n  {foreach from=$entry->fields item=\'field\'}\n     <div class=\"NewsDetailField\">\n        {if $field->type == \'file\'}\n	  {* this template assumes that every file uploaded is an image of some sort, because News doesn\'t distinguish *}\n          <img src=\"{$entry->file_location}/{$field->value}\"/>\n        {else}\n          {$field->name}:&nbsp;{eval var=$field->value}\n        {/if}\n     </div>\n  {/foreach}\n{/if}\n',NULL,NULL),('News_mapi_pref_current_detail_template','Sample',NULL,NULL),('News_mapi_pref_default_form_template_contents','{* original form template *}\n{if isset($error)}\n  <h3><font color=\"red\">{$error}</font></h3>\n{else}\n  {if isset($message)}\n    <h3>{$message}</h3>\n  {/if}\n{/if}\n{$startform}\n	<div class=\"pageoverflow\">\n		<p class=\"pagetext\">*{$titletext}:</p>\n		<p class=\"pageinput\">{$inputtitle}</p>\n	</div>\n	<div class=\"pageoverflow\">\n		<p class=\"pagetext\">{$categorytext}:</p>\n		<p class=\"pageinput\">{$inputcategory}</p>\n	</div>\n{if !isset($hide_summary_field) or $hide_summary_field == 0}\n	<div class=\"pageoverflow\">\n		<p class=\"pagetext\">{$summarytext}:</p>\n		<p class=\"pageinput\">{$inputsummary}</p>\n	</div>\n{/if}\n	<div class=\"pageoverflow\">\n		<p class=\"pagetext\">*{$contenttext}:</p>\n		<p class=\"pageinput\">{$inputcontent}</p>\n	</div>\n	<div class=\"pageoverflow\">\n		<p class=\"pagetext\">{$extratext}:</p>\n		<p class=\"pageinput\">{$inputextra}</p>\n	</div>\n	<div class=\"pageoverflow\">\n		<p class=\"pagetext\">{$startdatetext}:</p>\n		<p class=\"pageinput\">{html_select_date prefix=$startdateprefix time=$startdate end_year=\"+15\"} {html_select_time prefix=$startdateprefix time=$startdate}</p>\n	</div>\n	<div class=\"pageoverflow\">\n		<p class=\"pagetext\">{$enddatetext}:</p>\n		<p class=\"pageinput\">{html_select_date prefix=$enddateprefix time=$enddate end_year=\"+15\"} {html_select_time prefix=$enddateprefix time=$enddate}</p>\n	</div>\n	{if isset($customfields)}\n	   {foreach from=$customfields item=\'onefield\'}\n	      <div class=\"pageoverflow\">\n		<p class=\"pagetext\">{$onefield->name}:</p>\n		<p class=\"pageinput\">{$onefield->field}</p>\n	      </div>\n	   {/foreach}\n	{/if}\n	<div class=\"pageoverflow\">\n		<p class=\"pagetext\">&nbsp;</p>\n		<p class=\"pageinput\">{$hidden}{$submit}{$cancel}</p>\n	</div>\n{$endform}\n',NULL,NULL),('News_mapi_pref_current_form_template','Sample',NULL,NULL),('News_mapi_pref_default_browsecat_template_contents','{if $count > 0}\n<ul class=\"list1\">\n{foreach from=$cats item=node}\n{if $node.depth > $node.prevdepth}\n{repeat string=\"<ul>\" times=$node.depth-$node.prevdepth}\n{elseif $node.depth < $node.prevdepth}\n{repeat string=\"</li></ul>\" times=$node.prevdepth-$node.depth}\n</li>\n{elseif $node.index > 0}</li>\n{/if}\n<li class=\"newscategory\">\n{if $node.count > 0}\n	<a href=\"{$node.url}\">{$node.news_category_name}</a> ({$node.count}){else}<span>{$node.news_category_name} (0)</span>{/if}\n{/foreach}\n{repeat string=\"</li></ul>\" times=$node.depth-1}</li>\n</ul>\n{/if}',NULL,NULL),('News_mapi_pref_current_browsecat_template','Sample',NULL,NULL),('News_mapi_pref_email_subject','A new News article has been posted',NULL,NULL),('News_mapi_pref_allowed_upload_types','gif,png,jpeg,jpg',NULL,NULL),('News_mapi_pref_auto_create_thumbnails','gif,png,jpeg,jpg',NULL,NULL),('Printing_mapi_pref_overridestyle','/*\nYou can put css stuff here, which will be inserted in the header after calling the cmsms-stylesheets.\nProvided you don\'t remove the {$overridestylesheet} in PrintTemplate, of course.\n\nAny suggestions for default content in this stylesheet?\n\nHave fun!\n*/',NULL,NULL),('Search_mapi_pref_stopwords','i, me, my, myself, we, our, ours, ourselves, you, your, yours, \nyourself, yourselves, he, him, his, himself, she, her, hers, \nherself, it, its, itself, they, them, their, theirs, themselves, \nwhat, which, who, whom, this, that, these, those, am, is, are, \nwas, were, be, been, being, have, has, had, having, do, does, \ndid, doing, a, an, the, and, but, if, or, because, as, until, \nwhile, of, at, by, for, with, about, against, between, into, \nthrough, during, before, after, above, below, to, from, up, down, \nin, out, on, off, over, under, again, further, then, once, here, \nthere, when, where, why, how, all, any, both, each, few, more, \nmost, other, some, such, no, nor, not, only, own, same, so, \nthan, too, very',NULL,NULL),('Search_mapi_pref_usestemming','false',NULL,NULL),('Search_mapi_pref_searchtext','Enter Search...',NULL,NULL),('TinyMCE_mapi_pref_skin','default',NULL,NULL),('TinyMCE_mapi_pref_source_formatting','1',NULL,NULL),('TinyMCE_mapi_pref_showtogglebutton','1',NULL,NULL),('TinyMCE_mapi_pref_editor_width','800',NULL,NULL),('TinyMCE_mapi_pref_editor_width_auto','1',NULL,NULL),('TinyMCE_mapi_pref_editor_width_unit','px',NULL,NULL),('TinyMCE_mapi_pref_editor_height','400',NULL,NULL),('TinyMCE_mapi_pref_editor_height_auto','1',NULL,NULL),('TinyMCE_mapi_pref_editor_height_unit','px',NULL,NULL),('TinyMCE_mapi_pref_show_path','1',NULL,NULL),('TinyMCE_mapi_pref_striptags','0',NULL,NULL),('TinyMCE_mapi_pref_imagebrowserstyle','both',NULL,NULL),('TinyMCE_mapi_pref_allowupload','0',NULL,NULL),('TinyMCE_mapi_pref_filepickerstyle','both',NULL,NULL),('TinyMCE_mapi_pref_fpwidth','700',NULL,NULL),('TinyMCE_mapi_pref_fpheight','500',NULL,NULL),('TinyMCE_mapi_pref_toolbar1','cut,paste,copy,separator,justifyleft,justifycenter,justifyright,justifyfull,separator,styleselect,formatselect,fontselect,fontsizeselect',NULL,NULL),('TinyMCE_mapi_pref_toolbar2','bold,italic,underline,strikethrough,advhr,separator,bullist,numlist,separator,outdent,indent,separator,undo,redo,separator,customdropdown,cmslinker,link,unlink,anchor,image,charmap,cleanup,separator,forecolor,backcolor,separator,code,fullscreen,help',NULL,NULL),('TinyMCE_mapi_pref_allow_tables','1',NULL,NULL),('TinyMCE_mapi_pref_front_toolbar1','cut,paste,copy,separator,justifyleft,justifycenter,justifyright,justifyfull,separator,styleselect,formatselect,fontselect,fontsizeselect',NULL,NULL),('TinyMCE_mapi_pref_front_toolbar2','bold,italic,underline,strikethrough,advhr,separator,bullist,numlist,separator,outdent,indent,separator,undo,redo,separator,cmslinker,link,unlink,anchor,image,charmap,cleanup,separator,forecolor,backcolor,separator,code,fullscreen,help',NULL,NULL),('TinyMCE_mapi_pref_front_allow_tables','0',NULL,NULL),('TinyMCE_mapi_pref_plugins','advimage,advlink,contextmenu,inlinepopups',NULL,NULL),('TinyMCE_mapi_pref_newlinestyle','p',NULL,NULL),('TinyMCE_mapi_pref_usecompression','0',NULL,NULL),('TinyMCE_mapi_pref_entityencoding','raw',NULL,NULL),('TinyMCE_mapi_pref_bodycss','',NULL,NULL),('TinyMCE_mapi_pref_forcedrootblock','false',NULL,NULL),('TinyMCE_mapi_pref_customdropdown','Start expand/collapse-area|{startExpandCollapse id=\\\'expand1\\\' title=\\\'This is my expandable area\\\'}\nEnd expand/collapse-area|{stopExpandCollapse}\n---|---\nInsert CMS version info|{cms_version} {cms_versionname}',NULL,NULL),('TinyMCE_mapi_pref_extraconfig','',NULL,NULL),('TinyMCE_mapi_pref_forcecleanpaste','1',NULL,NULL),('TinyMCE_mapi_pref_loadcmslinker','1',NULL,NULL),('TinyMCE_mapi_pref_cmslinkerstyle','1',NULL,NULL),('TinyMCE_mapi_pref_dropdownblockformats','p,div,h1,h2,h3,h4,h5,h6,div,blockquote,dt,dd,code,samp',NULL,NULL),('global_umask','022',NULL,NULL),('mail_is_set','1',NULL,NULL),('CMSMailer_mapi_pref_charset','',NULL,NULL),('frontendlang','fr_FR',NULL,NULL),('frontendwysiwyg','',NULL,NULL),('nogcbwysiwyg','0',NULL,NULL),('urlcheckversion','',NULL,NULL),('defaultdateformat','',NULL,NULL),('css_max_age','0',NULL,NULL),('disablesafemodewarning','0',NULL,NULL),('allowparamcheckwarnings','0',NULL,NULL);

--
-- Table structure for table `templates`
--

CREATE TABLE `templates` (
  `template_id` int(11) NOT NULL,
  `template_name` varchar(255) default NULL,
  `template_content` text,
  `stylesheet` text,
  `encoding` varchar(25) default NULL,
  `active` tinyint(4) default NULL,
  `default_template` tinyint(4) default NULL,
  `create_date` datetime default NULL,
  `modified_date` datetime default NULL,
  PRIMARY KEY  (`template_id`),
  KEY `index_templates_by_template_name` (`template_name`)
) ENGINE=MyISAM DEFAULT CHARSET=latin1;

--
-- Dumping data for table `templates`
--

INSERT INTO `templates` VALUES (16,'JLS Template','{process_pagedata}\n<!DOCTYPE html PUBLIC \"-//W3C//DTD XHTML 1.0 Transitional//EN\"\n\"http://www.w3.org/TR/xhtml1/DTD/xhtml1-transitional.dtd\">\n\n<html xmlns=\"http://www.w3.org/1999/xhtml\" xml:lang=\"en\" lang=\"en\">\n{* Change lang=\"en\" to the language of your site *}\n\n<head>\n\n<title>{sitename} - {title}</title>\n{* The sitename is changed in Site Admin/Global settings. {title} is the name of each page *}\n\n{metadata}\n{* Don\'t remove this! Metadata is entered in Site Admin/Global settings. *}\n\n{stylesheet}\n{* This is how all the stylesheets attached to this template are linked to *}\n\n{cms_selflink dir=\"start\" rellink=1}\n{cms_selflink dir=\"prev\" rellink=1}\n{cms_selflink dir=\"next\" rellink=1}\n{* Relational links for interconnections between pages, good for accessibility and Search Engine Optmization *}\n\n\n{literal}\n<script type=\"text/JavaScript\">\n<!--\n//pass min and max -measured against window width\nfunction P7_MinMaxW(a,b){\n	var nw=\"auto\",w=document.documentElement.clientWidth;\n	if(w>=b){nw=b+\"px\";}if(w<=a){nw=a+\"px\";}return nw;\n}\n//-->\n</script>\n<!--[if lte IE 6]>\n<style type=\"text/css\">\n#pagewrapper {width:expression(P7_MinMaxW(720,950));}\n#container {height: 1%;}\n</style>\n<![endif]-->\n{/literal}\n{* The min and max page width for Internet Explorer is set here. For other browsers it\'s in the stylesheet \"Layout: Top menu + 2 columns\" *}\n\n\n<!--[if IE]>\n<script type=\"text/javascript\" src=\"modules/MenuManager/CSSMenu.js\"></script>\n<![endif]-->\n{* The above JavaScript is required for CSSMenu to work in IE *}\n\n</head>\n\n<body onload=\"load();\"> \n\n<div id=\"pagewrapper\">\n\n    {* start accessibility skip links *}\n    <ul class=\"accessibility\">\n      <li>{anchor anchor=\'menu_vert\' title=\'Skip to navigation\' accesskey=\'n\' text=\'Skip to navigation\'}</li>\n      <li>{anchor anchor=\'main\' title=\'Skip to content\' accesskey=\'s\' text=\'Skip to content\'}</li>\n    </ul>\n    {* end accessibility skip links *}\n\n\n    <hr class=\"accessibility\" />\n    {* Horizontal ruler that is hidden for visual browsers by CSS *}\n\n      {* Start Languages *}\n      <div id=\"languages\">\n      \n      <hr class=\"accessibility\" />\n      </div>\n      {* End Languages *}\n\n      {* Start Logo *}\n      <div id=\"logo\">\n      <h1>{cms_selflink dir=\"start\" text=\"$sitename\"}</h1>\n      <hr class=\"accessibility\" />\n      </div>\n      {* End Logo *}\n\n      {* Start Navigation *}\n      <div id=\"menu_vert\">\n         <h2 class=\"accessibility\">Navigation</h2>\n         {menu template=\'cssmenu.tpl\'}\n      <hr class=\"accessibility\" />\n      </div>\n      {* End Navigation *}\n\n   {* Start Header 1, with logo image that links to the default start page. Logo image is changed in the stylesheet  \"For template: Left menu + 1 column\" *}\n   <div id=\"header1\">\n           <!--<h1>{cms_selflink dir=\"start\" text=\"$sitename\"}</h1>-->\n           \n   <hr class=\"accessibility\" />\n   </div>\n   {* End Header *}\n\n   {* Start Header 2, with logo image that links to the default start page. Logo image is changed in the stylesheet  \"For template: Left menu + 1 column\" *}\n   <div id=\"header2\">\n           <!--<h1>{cms_selflink dir=\"start\" text=\"$sitename\"}</h1>-->\n           \n   <hr class=\"accessibility\" />\n   </div>\n   {* End Header *}\n\n\n   {* Start Search *}\n   <div id=\"search\"  class=\"accessibility\">\n          {search}\n   </div>\n   {* End Search *}\n\n\n   {* Start Breadcrumbs *}\n   <div class=\"breadcrumbs\" style=\"display:none;\">\n        {breadcrumbs starttext=\'You are here\' root=\'Home\' delimiter=\'&raquo;\'}\n   <hr class=\"accessibility\" />\n   </div>\n   {* End Breadcrumbs *}\n\n\n   {* Start Content (Navigation and Content columns) *}\n   <div id=\"content\">\n\n      {* Start Content Area *}\n      <div id=\"main\">\n         <!--<div style=\"float: right;\">{print showbutton=true script=true}</div>-->\n         <h2>{title}</h2>\n         {content} <br />\n\n         {* Start relational links *}\n	 <div class=\"hr\" style=\"display:none;\"></div>\n	 <div class=\"right49\" style=\"display:none;\">\n	 	<p>{anchor anchor=\'main\' text=\'^ Top\'}</p>\n	 </div>\n         <div class=\"left49\" style=\"display:none;\">\n            <p>{cms_selflink dir=\"previous\" label=\"Previous page: \"} <br />\n            {cms_selflink dir=\"next\"}</p>\n         </div>\n         {* The label parameter doesn\'t need to be there if you\'re using English, but is here to show how it\'s used if you don\'t want the English text \"Previous page\" *}\n	 {* End relational links *}\n\n      <hr class=\"accessibility\" />\n      </div>\n	  {* End Content Area *}\n\n\n   </div>\n   {* End Content *}\n\n\n   {* Start Footer. Edit the footer in the Global Content Block called \"footer\" *}\n   <div id=\"footer\">\n      {global_content name=\'footer\'}\n   </div>   \n   {* End Footer  *}\n\n\n</div>\n<script type=\"text/javascript\">\nvar gaJsHost = ((\"https:\" == document.location.protocol) ? \"https://ssl.\" : \"http://www.\");\ndocument.write(unescape(\"%3Cscript src=\'\" + gaJsHost + \"google-analytics.com/ga.js\' type=\'text/javascript\'%3E%3C/script%3E\"));\n</script>\n<script type=\"text/javascript\">\nvar pageTracker = _gat._getTracker(\"UA-6202058-1\");\npageTracker._trackPageview();\n</script>\n{* end pagewrapper *}\n</body>\n</html>','','',1,1,'2006-07-25 21:22:33','2009-03-04 11:18:37');

--
-- Table structure for table `templates_seq`
--

CREATE TABLE `templates_seq` (
  `id` int(11) NOT NULL
) ENGINE=MyISAM DEFAULT CHARSET=latin1;

--
-- Dumping data for table `templates_seq`
--

INSERT INTO `templates_seq` VALUES (19);

--
-- Table structure for table `user_groups`
--

CREATE TABLE `user_groups` (
  `group_id` int(11) default NULL,
  `user_id` int(11) default NULL,
  `create_date` datetime default NULL,
  `modified_date` datetime default NULL
) ENGINE=MyISAM DEFAULT CHARSET=latin1;

--
-- Dumping data for table `user_groups`
--

INSERT INTO `user_groups` VALUES (1,1,'2006-07-25 21:22:33','2006-07-25 21:22:33'),(1,2,NULL,NULL),(1,3,NULL,NULL),(2,3,NULL,NULL);

--
-- Table structure for table `userplugins`
--

CREATE TABLE `userplugins` (
  `userplugin_id` int(11) NOT NULL,
  `userplugin_name` varchar(255) default NULL,
  `code` text,
  `create_date` datetime default NULL,
  `modified_date` datetime default NULL,
  PRIMARY KEY  (`userplugin_id`)
) ENGINE=MyISAM DEFAULT CHARSET=latin1;

--
-- Dumping data for table `userplugins`
--

INSERT INTO `userplugins` VALUES (1,'user_agent','//Code to show the user\'s user agent information.\r\necho $_SERVER[\"HTTP_USER_AGENT\"];','2006-07-25 21:22:33','2006-07-25 21:22:33'),(2,'custom_copyright','//set start to date your site was published\r\n$startCopyRight=\'2004\';\r\n\r\n// check if start year is this year\r\nif(date(\'Y\') == $startCopyRight){\r\n// it was, just print this year\r\n    echo $startCopyRight;\r\n}else{\r\n// it wasnt, print startyear and this year delimited with a dash\r\n    echo $startCopyRight.\'-\'. date(\'Y\');\r\n}','2006-07-25 21:22:33','2006-07-25 21:22:33');

--
-- Table structure for table `userplugins_seq`
--

CREATE TABLE `userplugins_seq` (
  `id` int(11) NOT NULL
) ENGINE=MyISAM DEFAULT CHARSET=latin1;

--
-- Dumping data for table `userplugins_seq`
--

INSERT INTO `userplugins_seq` VALUES (2);

--
-- Table structure for table `userprefs`
--

CREATE TABLE `userprefs` (
  `user_id` int(11) default NULL,
  `preference` varchar(50) default NULL,
  `value` text,
  `type` varchar(25) default NULL,
  KEY `index_userprefs_by_user_id` (`user_id`)
) ENGINE=MyISAM DEFAULT CHARSET=latin1;

--
-- Dumping data for table `userprefs`
--

INSERT INTO `userprefs` VALUES (1,'use_wysiwyg','1',NULL),(1,'wysiwyg','TinyMCE',NULL),(1,'default_cms_language','fr_FR',NULL),(1,'date_format_string','%x %X',NULL),(1,'admintheme','NCleanGrey',NULL),(1,'bookmarks','on',NULL),(1,'recent','on',NULL),(1,'indent','on',NULL),(1,'ajax','0',NULL),(1,'paging','0',NULL),(1,'collapse','0=1.54=1.58=1.60=1.59=1.15=1.53=1.57=1.',NULL),(1,'hide_help_links','0',NULL),(2,'wysiwyg','TinyMCE',NULL),(2,'default_cms_language','en_US',NULL),(2,'admintheme','NCleanGrey',NULL),(2,'bookmarks','on',NULL),(2,'recent','on',NULL),(3,'wysiwyg','TinyMCE',NULL),(3,'default_cms_language','fr_FR',NULL),(3,'admintheme','NCleanGrey',NULL),(3,'bookmarks','on',NULL),(3,'recent','on',NULL),(1,'gcb_wysiwyg','1',NULL),(1,'syntaxhighlighter','',NULL),(1,'homepage','',NULL),(3,'gcb_wysiwyg','1',NULL),(3,'syntaxhighlighter','',NULL),(3,'hide_help_links','0',NULL),(3,'indent','on',NULL),(3,'paging','0',NULL),(3,'date_format_string','%x %X',NULL),(3,'homepage','',NULL),(3,'collapse','15=1.53=1.54=1.57=1.58=1.59=1.60=1.55=1.',NULL),(2,'collapse','53=1.',NULL);

--
-- Table structure for table `users`
--

CREATE TABLE `users` (
  `user_id` int(11) NOT NULL,
  `username` varchar(25) default NULL,
  `password` varchar(40) default NULL,
  `admin_access` tinyint(4) default NULL,
  `first_name` varchar(50) default NULL,
  `last_name` varchar(50) default NULL,
  `email` varchar(255) default NULL,
  `active` tinyint(4) default NULL,
  `create_date` datetime default NULL,
  `modified_date` datetime default NULL,
  PRIMARY KEY  (`user_id`)
) ENGINE=MyISAM DEFAULT CHARSET=latin1;

--
-- Dumping data for table `users`
--

INSERT INTO `users` VALUES (1,'Eric','f3f6aafd0fb657bfb7632f4bb593d1c1',1,'Admin','User','ericpesser@gmail.com',1,'2006-07-25 21:22:33','2006-07-25 21:22:33'),(2,'Auns','8ced143cf3a25455b7cfa81082745507',1,'Auns','Ben Amara','auns@skynet.be',1,'2008-11-05 11:08:14','2008-11-05 11:08:14'),(3,'JLS','5dda23fc90ea40e722800a9a8f65c9f7',1,'Jacques','Löfgen','j.l.s@skynet.be',1,'2008-11-06 08:52:33','2009-03-20 09:23:02');

--
-- Table structure for table `users_seq`
--

CREATE TABLE `users_seq` (
  `id` int(11) NOT NULL
) ENGINE=MyISAM DEFAULT CHARSET=latin1;

--
-- Dumping data for table `users_seq`
--

INSERT INTO `users_seq` VALUES (3);

--
-- Table structure for table `version`
--

CREATE TABLE `version` (
  `version` int(11) default NULL
) ENGINE=MyISAM DEFAULT CHARSET=latin1;

--
-- Dumping data for table `version`
--

INSERT INTO `version` VALUES (31);


